208.100.26.243 - - [01/Jan/2023:16:04:20 -0800] "GET / HTTP/1.1" 200 779 "-" "Mozilla/5.0 (Linux; Android 10; Pixel 4 XL) AppleWebKit/537.36 (KHTML, like Gecko) Chrome/80.0.3987.149 Mobile Safari/537.36" "linassoc.com"
208.100.26.243 - - [01/Jan/2023:16:04:20 -0800] "GET / HTTP/1.1" 200 779 "-" "Mozilla/5.0 (Linux; Android 9; SM-G610F) AppleWebKit/537.36 (KHTML, like Gecko) Chrome/84.0.4147.111 Mobile Safari/537.36" "linassoc.com"
118.184.177.23 - - [01/Jan/2023:16:11:00 -0800] "GET / HTTP/1.1" 200 779 "-" "Sogou web spider/4.0(+http://www.sogou.com/docs/help/webmasters.htm#07)" "www.linassoc.com"
216.244.66.245 - - [01/Jan/2023:16:41:40 -0800] "GET /robots.txt HTTP/1.1" 404 73 "-" "Mozilla/5.0 (compatible; DotBot/1.2; +https://opensiteexplorer.org/dotbot; help@moz.com)" "www.linassoc.com"
216.244.66.245 - - [01/Jan/2023:16:41:40 -0800] "GET /robots.txt HTTP/1.1" 404 73 "-" "Mozilla/5.0 (compatible; DotBot/1.2; +https://opensiteexplorer.org/dotbot; help@moz.com)" "linassoc.com"
54.36.148.3 - - [01/Jan/2023:17:13:29 -0800] "GET /robots.txt HTTP/1.1" 404 88 "-" "Mozilla/5.0 (compatible; AhrefsBot/7.0; +http://ahrefs.com/robot/)" "linassoc.com"
51.222.253.10 - - [01/Jan/2023:17:13:29 -0800] "GET /linassoc072205/profile062605_files/?C=S;O=D HTTP/1.1" 200 438 "-" "Mozilla/5.0 (compatible; AhrefsBot/7.0; +http://ahrefs.com/robot/)" "linassoc.com"
114.119.130.92 - - [01/Jan/2023:17:29:11 -0800] "GET /index062605_files/?C=S%3BO%3DA HTTP/1.1" 200 322 "http://linassoc.com/index062605_files/?C=N%3BO%3DD" "Mozilla/5.0 (Linux; Android 7.0;) AppleWebKit/537.36 (KHTML, like Gecko) Mobile Safari/537.36 (compatible; PetalBot;+https://webmaster.petalsearch.com/site/petalbot)" "linassoc.com"
216.244.66.245 - - [01/Jan/2023:17:36:51 -0800] "GET /robots.txt HTTP/1.1" 404 73 "-" "Mozilla/5.0 (compatible; DotBot/1.2; +https://opensiteexplorer.org/dotbot; help@moz.com)" "www.linassoc.com"
216.244.66.245 - - [01/Jan/2023:17:36:51 -0800] "GET /robots.txt HTTP/1.1" 404 73 "-" "Mozilla/5.0 (compatible; DotBot/1.2; +https://opensiteexplorer.org/dotbot; help@moz.com)" "linassoc.com"
114.119.152.71 - - [01/Jan/2023:18:13:39 -0800] "GET /_fpclass/ HTTP/1.1" 200 313 "http://linassoc.com/?C=D%3BO%3DA" "Mozilla/5.0 (Linux; Android 7.0;) AppleWebKit/537.36 (KHTML, like Gecko) Mobile Safari/537.36 (compatible; PetalBot;+https://webmaster.petalsearch.com/site/petalbot)" "linassoc.com"
114.119.132.227 - - [01/Jan/2023:18:24:22 -0800] "GET /robots.txt HTTP/1.1" 404 88 "-" "Mozilla/5.0 (compatible;PetalBot;+https://webmaster.petalsearch.com/site/petalbot)" "linassoc.com"
114.119.136.32 - - [01/Jan/2023:18:25:47 -0800] "GET /robots.txt HTTP/1.1" 404 88 "-" "Mozilla/5.0 (compatible;PetalBot;+https://webmaster.petalsearch.com/site/petalbot)" "linassoc.com"
114.119.135.182 - - [01/Jan/2023:18:27:54 -0800] "GET /?C=S%3BO%3DA HTTP/1.1" 200 779 "http://linassoc.com/?C=D%3BO%3DA" "Mozilla/5.0 (Linux; Android 7.0;) AppleWebKit/537.36 (KHTML, like Gecko) Mobile Safari/537.36 (compatible; PetalBot;+https://webmaster.petalsearch.com/site/petalbot)" "linassoc.com"
61.135.159.147 - - [01/Jan/2023:18:35:21 -0800] "GET / HTTP/1.1" 200 779 "-" "Sogou web spider/4.0(+http://www.sogou.com/docs/help/webmasters.htm#07)" "www.linassoc.com"
123.125.109.54 - - [01/Jan/2023:19:11:01 -0800] "GET / HTTP/1.1" 200 779 "-" "Sogou web spider/4.0(+http://www.sogou.com/docs/help/webmasters.htm#07)" "linassoc.com"
216.244.66.245 - - [01/Jan/2023:19:26:09 -0800] "GET /robots.txt HTTP/1.1" 404 73 "-" "Mozilla/5.0 (compatible; DotBot/1.2; +https://opensiteexplorer.org/dotbot; help@moz.com)" "www.linassoc.com"
216.244.66.245 - - [01/Jan/2023:19:26:09 -0800] "GET /robots.txt HTTP/1.1" 404 73 "-" "Mozilla/5.0 (compatible; DotBot/1.2; +https://opensiteexplorer.org/dotbot; help@moz.com)" "linassoc.com"
114.119.137.103 - - [01/Jan/2023:19:28:53 -0800] "GET /index2_files/ HTTP/1.1" 200 315 "http://linassoc.com/?C=D%3BO%3DA" "Mozilla/5.0 (Linux; Android 7.0;) AppleWebKit/537.36 (KHTML, like Gecko) Mobile Safari/537.36 (compatible; PetalBot;+https://webmaster.petalsearch.com/site/petalbot)" "linassoc.com"
114.119.160.84 - - [01/Jan/2023:19:31:22 -0800] "GET /_themes/_private/ HTTP/1.1" 403 170 "http://linassoc.com/_themes/?C=N%3BO%3DD" "Mozilla/5.0 (Linux; Android 7.0;) AppleWebKit/537.36 (KHTML, like Gecko) Mobile Safari/537.36 (compatible; PetalBot;+https://webmaster.petalsearch.com/site/petalbot)" "linassoc.com"
157.90.209.76 - - [01/Jan/2023:20:22:01 -0800] "GET /robots.txt HTTP/1.1" 404 88 "-" "Mozilla/5.0 (compatible; BLEXBot/1.0; +http://webmeup-crawler.com/)" "linassoc.com"
157.90.209.76 - - [01/Jan/2023:20:22:09 -0800] "GET /sitemap HTTP/1.1" 404 88 "-" "Mozilla/5.0 (compatible; BLEXBot/1.0; +http://webmeup-crawler.com/)" "linassoc.com"
157.90.209.76 - - [01/Jan/2023:20:22:15 -0800] "GET /sitemap.txt HTTP/1.1" 404 88 "-" "Mozilla/5.0 (compatible; BLEXBot/1.0; +http://webmeup-crawler.com/)" "linassoc.com"
157.90.209.76 - - [01/Jan/2023:20:22:19 -0800] "GET /?C=D;O=D HTTP/1.1" 200 780 "-" "Mozilla/5.0 (compatible; BLEXBot/1.0; +http://webmeup-crawler.com/)" "linassoc.com"
157.90.209.76 - - [01/Jan/2023:20:22:23 -0800] "GET /?C=M;O=D HTTP/1.1" 200 778 "-" "Mozilla/5.0 (compatible; BLEXBot/1.0; +http://webmeup-crawler.com/)" "linassoc.com"
157.90.209.76 - - [01/Jan/2023:20:22:26 -0800] "GET /?C=N;O=A HTTP/1.1" 200 779 "-" "Mozilla/5.0 (compatible; BLEXBot/1.0; +http://webmeup-crawler.com/)" "linassoc.com"
157.90.209.76 - - [01/Jan/2023:20:22:29 -0800] "GET /?C=S;O=D HTTP/1.1" 200 776 "-" "Mozilla/5.0 (compatible; BLEXBot/1.0; +http://webmeup-crawler.com/)" "linassoc.com"
157.90.209.76 - - [01/Jan/2023:20:22:32 -0800] "GET /_derived/?C=D;O=A HTTP/1.1" 200 314 "-" "Mozilla/5.0 (compatible; BLEXBot/1.0; +http://webmeup-crawler.com/)" "linassoc.com"
157.90.209.76 - - [01/Jan/2023:20:22:36 -0800] "GET /_derived/?C=M;O=A HTTP/1.1" 200 315 "-" "Mozilla/5.0 (compatible; BLEXBot/1.0; +http://webmeup-crawler.com/)" "linassoc.com"
157.90.209.76 - - [01/Jan/2023:20:22:38 -0800] "GET /_derived/?C=N;O=D HTTP/1.1" 200 313 "-" "Mozilla/5.0 (compatible; BLEXBot/1.0; +http://webmeup-crawler.com/)" "linassoc.com"
157.90.209.76 - - [01/Jan/2023:20:22:41 -0800] "GET /_derived/?C=S;O=A HTTP/1.1" 200 315 "-" "Mozilla/5.0 (compatible; BLEXBot/1.0; +http://webmeup-crawler.com/)" "linassoc.com"
157.90.209.76 - - [01/Jan/2023:20:22:44 -0800] "GET /_fpclass/?C=D;O=A HTTP/1.1" 200 313 "-" "Mozilla/5.0 (compatible; BLEXBot/1.0; +http://webmeup-crawler.com/)" "linassoc.com"
157.90.209.76 - - [01/Jan/2023:20:22:47 -0800] "GET /_fpclass/?C=M;O=A HTTP/1.1" 200 314 "-" "Mozilla/5.0 (compatible; BLEXBot/1.0; +http://webmeup-crawler.com/)" "linassoc.com"
157.90.209.76 - - [01/Jan/2023:20:22:50 -0800] "GET /_fpclass/?C=N;O=D HTTP/1.1" 200 311 "-" "Mozilla/5.0 (compatible; BLEXBot/1.0; +http://webmeup-crawler.com/)" "linassoc.com"
157.90.209.76 - - [01/Jan/2023:20:22:53 -0800] "GET /_fpclass/?C=S;O=A HTTP/1.1" 200 314 "-" "Mozilla/5.0 (compatible; BLEXBot/1.0; +http://webmeup-crawler.com/)" "linassoc.com"
157.90.209.76 - - [01/Jan/2023:20:22:56 -0800] "GET /_overlay/?C=D;O=A HTTP/1.1" 200 525 "-" "Mozilla/5.0 (compatible; BLEXBot/1.0; +http://webmeup-crawler.com/)" "linassoc.com"
157.90.209.76 - - [01/Jan/2023:20:22:59 -0800] "GET /_overlay/?C=M;O=A HTTP/1.1" 200 528 "-" "Mozilla/5.0 (compatible; BLEXBot/1.0; +http://webmeup-crawler.com/)" "linassoc.com"
157.90.209.76 - - [01/Jan/2023:20:23:02 -0800] "GET /_overlay/?C=N;O=D HTTP/1.1" 200 525 "-" "Mozilla/5.0 (compatible; BLEXBot/1.0; +http://webmeup-crawler.com/)" "linassoc.com"
157.90.209.76 - - [01/Jan/2023:20:23:06 -0800] "GET /_overlay/?C=S;O=A HTTP/1.1" 200 523 "-" "Mozilla/5.0 (compatible; BLEXBot/1.0; +http://webmeup-crawler.com/)" "linassoc.com"
157.90.209.76 - - [01/Jan/2023:20:23:09 -0800] "GET /_overlay/_private/ HTTP/1.1" 403 170 "-" "Mozilla/5.0 (compatible; BLEXBot/1.0; +http://webmeup-crawler.com/)" "linassoc.com"
157.90.209.76 - - [01/Jan/2023:20:23:13 -0800] "GET /_overlay/images/ HTTP/1.1" 200 321 "-" "Mozilla/5.0 (compatible; BLEXBot/1.0; +http://webmeup-crawler.com/)" "linassoc.com"
157.90.209.76 - - [01/Jan/2023:20:23:16 -0800] "GET /_private/ HTTP/1.1" 403 170 "-" "Mozilla/5.0 (compatible; BLEXBot/1.0; +http://webmeup-crawler.com/)" "linassoc.com"
157.90.209.76 - - [01/Jan/2023:20:23:22 -0800] "GET /_themes/?C=D;O=A HTTP/1.1" 200 447 "-" "Mozilla/5.0 (compatible; BLEXBot/1.0; +http://webmeup-crawler.com/)" "linassoc.com"
157.90.209.76 - - [01/Jan/2023:20:23:27 -0800] "GET /_themes/?C=M;O=A HTTP/1.1" 200 450 "-" "Mozilla/5.0 (compatible; BLEXBot/1.0; +http://webmeup-crawler.com/)" "linassoc.com"
157.90.209.76 - - [01/Jan/2023:20:23:30 -0800] "GET /_themes/?C=N;O=D HTTP/1.1" 200 447 "-" "Mozilla/5.0 (compatible; BLEXBot/1.0; +http://webmeup-crawler.com/)" "linassoc.com"
157.90.209.76 - - [01/Jan/2023:20:23:33 -0800] "GET /_themes/?C=S;O=A HTTP/1.1" 200 445 "-" "Mozilla/5.0 (compatible; BLEXBot/1.0; +http://webmeup-crawler.com/)" "linassoc.com"
157.90.209.76 - - [01/Jan/2023:20:23:36 -0800] "GET /_themes/_private/ HTTP/1.1" 403 170 "-" "Mozilla/5.0 (compatible; BLEXBot/1.0; +http://webmeup-crawler.com/)" "linassoc.com"
157.90.209.76 - - [01/Jan/2023:20:23:41 -0800] "GET /_themes/blank/ HTTP/1.1" 200 903 "-" "Mozilla/5.0 (compatible; BLEXBot/1.0; +http://webmeup-crawler.com/)" "linassoc.com"
157.90.209.76 - - [01/Jan/2023:20:23:44 -0800] "GET /_themes/images/ HTTP/1.1" 200 319 "-" "Mozilla/5.0 (compatible; BLEXBot/1.0; +http://webmeup-crawler.com/)" "linassoc.com"
157.90.209.76 - - [01/Jan/2023:20:23:48 -0800] "GET /_themes/water/ HTTP/1.1" 200 907 "-" "Mozilla/5.0 (compatible; BLEXBot/1.0; +http://webmeup-crawler.com/)" "linassoc.com"
157.90.209.76 - - [01/Jan/2023:20:23:51 -0800] "GET /contact062605_files/?C=D;O=A HTTP/1.1" 200 457 "-" "Mozilla/5.0 (compatible; BLEXBot/1.0; +http://webmeup-crawler.com/)" "linassoc.com"
157.90.209.76 - - [01/Jan/2023:20:23:56 -0800] "GET /contact062605_files/?C=M;O=A HTTP/1.1" 200 460 "-" "Mozilla/5.0 (compatible; BLEXBot/1.0; +http://webmeup-crawler.com/)" "linassoc.com"
157.90.209.76 - - [01/Jan/2023:20:23:59 -0800] "GET /contact062605_files/?C=N;O=D HTTP/1.1" 200 455 "-" "Mozilla/5.0 (compatible; BLEXBot/1.0; +http://webmeup-crawler.com/)" "linassoc.com"
157.90.209.76 - - [01/Jan/2023:20:24:01 -0800] "GET /contact062605_files/?C=S;O=A HTTP/1.1" 200 455 "-" "Mozilla/5.0 (compatible; BLEXBot/1.0; +http://webmeup-crawler.com/)" "linassoc.com"
157.90.209.76 - - [01/Jan/2023:20:24:06 -0800] "GET /contact062605_files/_private/ HTTP/1.1" 403 170 "-" "Mozilla/5.0 (compatible; BLEXBot/1.0; +http://webmeup-crawler.com/)" "linassoc.com"
157.90.209.76 - - [01/Jan/2023:20:24:12 -0800] "GET /contact062605_files/images/ HTTP/1.1" 200 332 "-" "Mozilla/5.0 (compatible; BLEXBot/1.0; +http://webmeup-crawler.com/)" "linassoc.com"
157.90.209.76 - - [01/Jan/2023:20:24:16 -0800] "GET /contact_files/?C=D;O=A HTTP/1.1" 200 458 "-" "Mozilla/5.0 (compatible; BLEXBot/1.0; +http://webmeup-crawler.com/)" "linassoc.com"
157.90.209.76 - - [01/Jan/2023:20:24:18 -0800] "GET /contact_files/?C=M;O=A HTTP/1.1" 200 459 "-" "Mozilla/5.0 (compatible; BLEXBot/1.0; +http://webmeup-crawler.com/)" "linassoc.com"
157.90.209.76 - - [01/Jan/2023:20:24:21 -0800] "GET /contact_files/?C=N;O=D HTTP/1.1" 200 454 "-" "Mozilla/5.0 (compatible; BLEXBot/1.0; +http://webmeup-crawler.com/)" "linassoc.com"
157.90.209.76 - - [01/Jan/2023:20:24:24 -0800] "GET /contact_files/?C=S;O=A HTTP/1.1" 200 455 "-" "Mozilla/5.0 (compatible; BLEXBot/1.0; +http://webmeup-crawler.com/)" "linassoc.com"
157.90.209.76 - - [01/Jan/2023:20:24:28 -0800] "GET /contact_files/_private/ HTTP/1.1" 403 170 "-" "Mozilla/5.0 (compatible; BLEXBot/1.0; +http://webmeup-crawler.com/)" "linassoc.com"
157.90.209.76 - - [01/Jan/2023:20:24:33 -0800] "GET /contact_files/images/ HTTP/1.1" 200 324 "-" "Mozilla/5.0 (compatible; BLEXBot/1.0; +http://webmeup-crawler.com/)" "linassoc.com"
157.90.209.76 - - [01/Jan/2023:20:24:36 -0800] "GET /images/?C=D;O=A HTTP/1.1" 200 973 "-" "Mozilla/5.0 (compatible; BLEXBot/1.0; +http://webmeup-crawler.com/)" "linassoc.com"
157.90.209.76 - - [01/Jan/2023:20:24:39 -0800] "GET /images/?C=M;O=A HTTP/1.1" 200 969 "-" "Mozilla/5.0 (compatible; BLEXBot/1.0; +http://webmeup-crawler.com/)" "linassoc.com"
157.90.209.76 - - [01/Jan/2023:20:24:42 -0800] "GET /images/?C=N;O=D HTTP/1.1" 200 962 "-" "Mozilla/5.0 (compatible; BLEXBot/1.0; +http://webmeup-crawler.com/)" "linassoc.com"
157.90.209.76 - - [01/Jan/2023:20:24:45 -0800] "GET /images/?C=S;O=A HTTP/1.1" 200 960 "-" "Mozilla/5.0 (compatible; BLEXBot/1.0; +http://webmeup-crawler.com/)" "linassoc.com"
157.90.209.76 - - [01/Jan/2023:20:24:49 -0800] "GET /images/_private/ HTTP/1.1" 403 170 "-" "Mozilla/5.0 (compatible; BLEXBot/1.0; +http://webmeup-crawler.com/)" "linassoc.com"
157.90.209.76 - - [01/Jan/2023:20:24:52 -0800] "GET /images/images/ HTTP/1.1" 200 315 "-" "Mozilla/5.0 (compatible; BLEXBot/1.0; +http://webmeup-crawler.com/)" "linassoc.com"
157.90.209.76 - - [01/Jan/2023:20:24:55 -0800] "GET /index062605_files/?C=D;O=A HTTP/1.1" 200 322 "-" "Mozilla/5.0 (compatible; BLEXBot/1.0; +http://webmeup-crawler.com/)" "linassoc.com"
157.90.209.76 - - [01/Jan/2023:20:25:06 -0800] "GET /index062605_files/?C=M;O=A HTTP/1.1" 200 321 "-" "Mozilla/5.0 (compatible; BLEXBot/1.0; +http://webmeup-crawler.com/)" "linassoc.com"
157.90.209.76 - - [01/Jan/2023:20:25:09 -0800] "GET /index062605_files/?C=N;O=D HTTP/1.1" 200 320 "-" "Mozilla/5.0 (compatible; BLEXBot/1.0; +http://webmeup-crawler.com/)" "linassoc.com"
157.90.209.76 - - [01/Jan/2023:20:25:27 -0800] "GET /index062605_files/?C=S;O=A HTTP/1.1" 200 321 "-" "Mozilla/5.0 (compatible; BLEXBot/1.0; +http://webmeup-crawler.com/)" "linassoc.com"
157.90.209.76 - - [01/Jan/2023:20:25:33 -0800] "GET /index073005_files/?C=D;O=A HTTP/1.1" 200 466 "-" "Mozilla/5.0 (compatible; BLEXBot/1.0; +http://webmeup-crawler.com/)" "linassoc.com"
157.90.209.76 - - [01/Jan/2023:20:25:47 -0800] "GET /index073005_files/?C=M;O=A HTTP/1.1" 200 470 "-" "Mozilla/5.0 (compatible; BLEXBot/1.0; +http://webmeup-crawler.com/)" "linassoc.com"
157.90.209.76 - - [01/Jan/2023:20:25:52 -0800] "GET /index073005_files/?C=N;O=D HTTP/1.1" 200 464 "-" "Mozilla/5.0 (compatible; BLEXBot/1.0; +http://webmeup-crawler.com/)" "linassoc.com"
157.90.209.76 - - [01/Jan/2023:20:26:06 -0800] "GET /index073005_files/?C=S;O=A HTTP/1.1" 200 466 "-" "Mozilla/5.0 (compatible; BLEXBot/1.0; +http://webmeup-crawler.com/)" "linassoc.com"
157.90.209.76 - - [01/Jan/2023:20:26:10 -0800] "GET /index073005_files/_private/ HTTP/1.1" 403 170 "-" "Mozilla/5.0 (compatible; BLEXBot/1.0; +http://webmeup-crawler.com/)" "linassoc.com"
157.90.209.76 - - [01/Jan/2023:20:26:24 -0800] "GET /index073005_files/images/ HTTP/1.1" 200 330 "-" "Mozilla/5.0 (compatible; BLEXBot/1.0; +http://webmeup-crawler.com/)" "linassoc.com"
157.90.209.76 - - [01/Jan/2023:20:26:28 -0800] "GET /index2_files/?C=D;O=A HTTP/1.1" 200 315 "-" "Mozilla/5.0 (compatible; BLEXBot/1.0; +http://webmeup-crawler.com/)" "linassoc.com"
157.90.209.76 - - [01/Jan/2023:20:26:39 -0800] "GET /index2_files/?C=M;O=A HTTP/1.1" 200 314 "-" "Mozilla/5.0 (compatible; BLEXBot/1.0; +http://webmeup-crawler.com/)" "linassoc.com"
157.90.209.76 - - [01/Jan/2023:20:26:42 -0800] "GET /index2_files/?C=N;O=D HTTP/1.1" 200 313 "-" "Mozilla/5.0 (compatible; BLEXBot/1.0; +http://webmeup-crawler.com/)" "linassoc.com"
157.90.209.76 - - [01/Jan/2023:20:26:52 -0800] "GET /index2_files/?C=S;O=A HTTP/1.1" 200 314 "-" "Mozilla/5.0 (compatible; BLEXBot/1.0; +http://webmeup-crawler.com/)" "linassoc.com"
157.90.209.76 - - [01/Jan/2023:20:26:56 -0800] "GET /index_files/?C=D;O=A HTTP/1.1" 200 314 "-" "Mozilla/5.0 (compatible; BLEXBot/1.0; +http://webmeup-crawler.com/)" "linassoc.com"
157.90.209.76 - - [01/Jan/2023:20:27:06 -0800] "GET /index_files/?C=M;O=A HTTP/1.1" 200 314 "-" "Mozilla/5.0 (compatible; BLEXBot/1.0; +http://webmeup-crawler.com/)" "linassoc.com"
157.90.209.76 - - [01/Jan/2023:20:27:10 -0800] "GET /index_files/?C=N;O=D HTTP/1.1" 200 313 "-" "Mozilla/5.0 (compatible; BLEXBot/1.0; +http://webmeup-crawler.com/)" "linassoc.com"
157.90.209.76 - - [01/Jan/2023:20:27:13 -0800] "GET /index_files/?C=S;O=A HTTP/1.1" 200 315 "-" "Mozilla/5.0 (compatible; BLEXBot/1.0; +http://webmeup-crawler.com/)" "linassoc.com"
157.90.209.76 - - [01/Jan/2023:20:27:23 -0800] "GET /linassoc072205/?C=D;O=A HTTP/1.1" 200 381 "-" "Mozilla/5.0 (compatible; BLEXBot/1.0; +http://webmeup-crawler.com/)" "linassoc.com"
157.90.209.76 - - [01/Jan/2023:20:27:28 -0800] "GET /linassoc072205/?C=M;O=A HTTP/1.1" 200 383 "-" "Mozilla/5.0 (compatible; BLEXBot/1.0; +http://webmeup-crawler.com/)" "linassoc.com"
157.90.209.76 - - [01/Jan/2023:20:27:40 -0800] "GET /linassoc072205/?C=N;O=D HTTP/1.1" 200 380 "-" "Mozilla/5.0 (compatible; BLEXBot/1.0; +http://webmeup-crawler.com/)" "linassoc.com"
157.90.209.76 - - [01/Jan/2023:20:27:45 -0800] "GET /linassoc072205/?C=S;O=A HTTP/1.1" 200 382 "-" "Mozilla/5.0 (compatible; BLEXBot/1.0; +http://webmeup-crawler.com/)" "linassoc.com"
157.90.209.76 - - [01/Jan/2023:20:27:53 -0800] "GET /linassoc072205/profile062605_files/ HTTP/1.1" 200 439 "-" "Mozilla/5.0 (compatible; BLEXBot/1.0; +http://webmeup-crawler.com/)" "linassoc.com"
157.90.209.76 - - [01/Jan/2023:20:28:07 -0800] "GET /linassoc072205/profile_files/ HTTP/1.1" 200 446 "-" "Mozilla/5.0 (compatible; BLEXBot/1.0; +http://webmeup-crawler.com/)" "linassoc.com"
157.90.209.76 - - [01/Jan/2023:20:28:11 -0800] "GET /media/?C=D;O=A HTTP/1.1" 200 369 "-" "Mozilla/5.0 (compatible; BLEXBot/1.0; +http://webmeup-crawler.com/)" "linassoc.com"
157.90.209.76 - - [01/Jan/2023:20:28:22 -0800] "GET /media/?C=M;O=A HTTP/1.1" 200 369 "-" "Mozilla/5.0 (compatible; BLEXBot/1.0; +http://webmeup-crawler.com/)" "linassoc.com"
157.90.209.76 - - [01/Jan/2023:20:28:29 -0800] "GET /media/?C=N;O=D HTTP/1.1" 200 366 "-" "Mozilla/5.0 (compatible; BLEXBot/1.0; +http://webmeup-crawler.com/)" "linassoc.com"
157.90.209.76 - - [01/Jan/2023:20:28:33 -0800] "GET /media/?C=S;O=A HTTP/1.1" 200 369 "-" "Mozilla/5.0 (compatible; BLEXBot/1.0; +http://webmeup-crawler.com/)" "linassoc.com"
157.90.209.76 - - [01/Jan/2023:20:28:38 -0800] "GET /navigation_bars/?C=D;O=A HTTP/1.1" 200 370 "-" "Mozilla/5.0 (compatible; BLEXBot/1.0; +http://webmeup-crawler.com/)" "linassoc.com"
157.90.209.76 - - [01/Jan/2023:20:28:42 -0800] "GET /navigation_bars/?C=M;O=A HTTP/1.1" 200 370 "-" "Mozilla/5.0 (compatible; BLEXBot/1.0; +http://webmeup-crawler.com/)" "linassoc.com"
157.90.209.76 - - [01/Jan/2023:20:28:54 -0800] "GET /navigation_bars/?C=N;O=D HTTP/1.1" 200 368 "-" "Mozilla/5.0 (compatible; BLEXBot/1.0; +http://webmeup-crawler.com/)" "linassoc.com"
157.90.209.76 - - [01/Jan/2023:20:28:57 -0800] "GET /navigation_bars/?C=S;O=A HTTP/1.1" 200 370 "-" "Mozilla/5.0 (compatible; BLEXBot/1.0; +http://webmeup-crawler.com/)" "linassoc.com"
157.90.209.76 - - [01/Jan/2023:20:29:07 -0800] "GET /profile062605_files/?C=D;O=A HTTP/1.1" 200 457 "-" "Mozilla/5.0 (compatible; BLEXBot/1.0; +http://webmeup-crawler.com/)" "linassoc.com"
157.90.209.76 - - [01/Jan/2023:20:29:19 -0800] "GET /profile062605_files/?C=M;O=A HTTP/1.1" 200 459 "-" "Mozilla/5.0 (compatible; BLEXBot/1.0; +http://webmeup-crawler.com/)" "linassoc.com"
157.90.209.76 - - [01/Jan/2023:20:29:23 -0800] "GET /profile062605_files/?C=N;O=D HTTP/1.1" 200 455 "-" "Mozilla/5.0 (compatible; BLEXBot/1.0; +http://webmeup-crawler.com/)" "linassoc.com"
157.90.209.76 - - [01/Jan/2023:20:29:59 -0800] "GET /profile062605_files/?C=S;O=A HTTP/1.1" 200 455 "-" "Mozilla/5.0 (compatible; BLEXBot/1.0; +http://webmeup-crawler.com/)" "linassoc.com"
157.90.209.76 - - [01/Jan/2023:20:30:33 -0800] "GET /profile062605_files/_private/ HTTP/1.1" 403 170 "-" "Mozilla/5.0 (compatible; BLEXBot/1.0; +http://webmeup-crawler.com/)" "linassoc.com"
157.90.209.76 - - [01/Jan/2023:20:30:36 -0800] "GET /profile062605_files/images/ HTTP/1.1" 200 332 "-" "Mozilla/5.0 (compatible; BLEXBot/1.0; +http://webmeup-crawler.com/)" "linassoc.com"
157.90.209.76 - - [01/Jan/2023:20:30:58 -0800] "GET /profile_files/?C=D;O=A HTTP/1.1" 200 457 "-" "Mozilla/5.0 (compatible; BLEXBot/1.0; +http://webmeup-crawler.com/)" "linassoc.com"
157.90.209.76 - - [01/Jan/2023:20:31:02 -0800] "GET /profile_files/?C=M;O=A HTTP/1.1" 200 458 "-" "Mozilla/5.0 (compatible; BLEXBot/1.0; +http://webmeup-crawler.com/)" "linassoc.com"
157.90.209.76 - - [01/Jan/2023:20:31:08 -0800] "GET /profile_files/?C=N;O=D HTTP/1.1" 200 453 "-" "Mozilla/5.0 (compatible; BLEXBot/1.0; +http://webmeup-crawler.com/)" "linassoc.com"
157.90.209.76 - - [01/Jan/2023:20:31:12 -0800] "GET /profile_files/?C=S;O=A HTTP/1.1" 200 454 "-" "Mozilla/5.0 (compatible; BLEXBot/1.0; +http://webmeup-crawler.com/)" "linassoc.com"
157.90.209.76 - - [01/Jan/2023:20:31:30 -0800] "GET /profile_files/_private/ HTTP/1.1" 403 170 "-" "Mozilla/5.0 (compatible; BLEXBot/1.0; +http://webmeup-crawler.com/)" "linassoc.com"
157.90.209.76 - - [01/Jan/2023:20:31:36 -0800] "GET /profile_files/images/ HTTP/1.1" 200 323 "-" "Mozilla/5.0 (compatible; BLEXBot/1.0; +http://webmeup-crawler.com/)" "linassoc.com"
51.222.253.8 - - [01/Jan/2023:21:01:22 -0800] "GET /_themes/?C=D;O=A HTTP/1.1" 200 447 "-" "Mozilla/5.0 (compatible; AhrefsBot/7.0; +http://ahrefs.com/robot/)" "linassoc.com"
67.205.176.132 - - [01/Jan/2023:21:03:05 -0800] "GET /index2_files/ HTTP/1.1" 200 315 "-" "Mozilla/5.0 (Macintosh; Intel Mac OS X 10_15_7) AppleWebKit/537.36 (KHTML, like Gecko) Chrome/107.0.0.0 Safari/537.36" "linassoc.com"
216.244.66.245 - - [01/Jan/2023:21:15:43 -0800] "GET /robots.txt HTTP/1.1" 404 73 "-" "Mozilla/5.0 (compatible; DotBot/1.2; +https://opensiteexplorer.org/dotbot; help@moz.com)" "www.linassoc.com"
216.244.66.245 - - [01/Jan/2023:21:15:43 -0800] "GET /robots.txt HTTP/1.1" 404 73 "-" "Mozilla/5.0 (compatible; DotBot/1.2; +https://opensiteexplorer.org/dotbot; help@moz.com)" "linassoc.com"
49.7.20.68 - - [01/Jan/2023:22:06:24 -0800] "GET / HTTP/1.1" 200 779 "-" "Sogou web spider/4.0(+http://www.sogou.com/docs/help/webmasters.htm#07)" "linassoc.com"
216.244.66.245 - - [01/Jan/2023:22:10:55 -0800] "GET /robots.txt HTTP/1.1" 404 73 "-" "Mozilla/5.0 (compatible; DotBot/1.2; +https://opensiteexplorer.org/dotbot; help@moz.com)" "linassoc.com"
216.244.66.245 - - [01/Jan/2023:22:10:55 -0800] "GET /robots.txt HTTP/1.1" 404 73 "-" "Mozilla/5.0 (compatible; DotBot/1.2; +https://opensiteexplorer.org/dotbot; help@moz.com)" "www.linassoc.com"
51.222.253.1 - - [01/Jan/2023:22:34:43 -0800] "GET /linassoc072205/profile062605_files/?C=N;O=D HTTP/1.1" 200 438 "-" "Mozilla/5.0 (compatible; AhrefsBot/7.0; +http://ahrefs.com/robot/)" "linassoc.com"
114.119.154.203 - - [01/Jan/2023:22:51:33 -0800] "GET /linassoc072205/profile_files/?C=D%3BO%3DA HTTP/1.1" 200 446 "http://linassoc.com/linassoc072205/profile_files/?C=S%3BO%3DA" "Mozilla/5.0 (Linux; Android 7.0;) AppleWebKit/537.36 (KHTML, like Gecko) Mobile Safari/537.36 (compatible; PetalBot;+https://webmaster.petalsearch.com/site/petalbot)" "linassoc.com"
114.119.129.211 - - [01/Jan/2023:22:53:17 -0800] "GET /_themes/water/ HTTP/1.1" 200 907 "http://linassoc.com/_themes/?C=N%3BO%3DD" "Mozilla/5.0 (Linux; Android 7.0;) AppleWebKit/537.36 (KHTML, like Gecko) Mobile Safari/537.36 (compatible; PetalBot;+https://webmaster.petalsearch.com/site/petalbot)" "linassoc.com"
114.119.142.28 - - [01/Jan/2023:22:54:45 -0800] "GET /_themes/images/ HTTP/1.1" 200 319 "http://linassoc.com/_themes/?C=N%3BO%3DD" "Mozilla/5.0 (Linux; Android 7.0;) AppleWebKit/537.36 (KHTML, like Gecko) Mobile Safari/537.36 (compatible; PetalBot;+https://webmaster.petalsearch.com/site/petalbot)" "linassoc.com"
114.119.135.107 - - [01/Jan/2023:22:56:21 -0800] "GET /profile_files/?C=M%3BO%3DA HTTP/1.1" 200 457 "http://linassoc.com/profile_files/" "Mozilla/5.0 (Linux; Android 7.0;) AppleWebKit/537.36 (KHTML, like Gecko) Mobile Safari/537.36 (compatible; PetalBot;+https://webmaster.petalsearch.com/site/petalbot)" "linassoc.com"
216.244.66.245 - - [01/Jan/2023:23:05:26 -0800] "GET /robots.txt HTTP/1.1" 404 73 "-" "Mozilla/5.0 (compatible; DotBot/1.2; +https://opensiteexplorer.org/dotbot; help@moz.com)" "www.linassoc.com"
216.244.66.245 - - [01/Jan/2023:23:05:26 -0800] "GET /robots.txt HTTP/1.1" 404 73 "-" "Mozilla/5.0 (compatible; DotBot/1.2; +https://opensiteexplorer.org/dotbot; help@moz.com)" "linassoc.com"
216.244.66.245 - - [02/Jan/2023:00:01:04 -0800] "GET /robots.txt HTTP/1.1" 404 73 "-" "Mozilla/5.0 (compatible; DotBot/1.2; +https://opensiteexplorer.org/dotbot; help@moz.com)" "www.linassoc.com"
216.244.66.245 - - [02/Jan/2023:00:01:04 -0800] "GET /robots.txt HTTP/1.1" 404 73 "-" "Mozilla/5.0 (compatible; DotBot/1.2; +https://opensiteexplorer.org/dotbot; help@moz.com)" "linassoc.com"
51.222.253.20 - - [02/Jan/2023:00:07:53 -0800] "GET /_themes/?C=M;O=A HTTP/1.1" 200 450 "-" "Mozilla/5.0 (compatible; AhrefsBot/7.0; +http://ahrefs.com/robot/)" "linassoc.com"
118.184.177.81 - - [02/Jan/2023:00:10:17 -0800] "GET / HTTP/1.1" 200 779 "-" "Sogou web spider/4.0(+http://www.sogou.com/docs/help/webmasters.htm#07)" "www.linassoc.com"
216.244.66.245 - - [02/Jan/2023:00:55:28 -0800] "GET /robots.txt HTTP/1.1" 404 73 "-" "Mozilla/5.0 (compatible; DotBot/1.2; +https://opensiteexplorer.org/dotbot; help@moz.com)" "linassoc.com"
216.244.66.245 - - [02/Jan/2023:00:55:28 -0800] "GET /robots.txt HTTP/1.1" 404 73 "-" "Mozilla/5.0 (compatible; DotBot/1.2; +https://opensiteexplorer.org/dotbot; help@moz.com)" "www.linassoc.com"
49.7.20.68 - - [02/Jan/2023:01:10:15 -0800] "GET / HTTP/1.1" 200 779 "-" "Sogou web spider/4.0(+http://www.sogou.com/docs/help/webmasters.htm#07)" "www.linassoc.com"
114.119.157.139 - - [02/Jan/2023:01:10:22 -0800] "GET /images/?C=S%3BO%3DA HTTP/1.1" 200 973 "http://linassoc.com/images/" "Mozilla/5.0 (Linux; Android 7.0;) AppleWebKit/537.36 (KHTML, like Gecko) Mobile Safari/537.36 (compatible; PetalBot;+https://webmaster.petalsearch.com/site/petalbot)" "linassoc.com"
61.135.159.147 - - [02/Jan/2023:01:19:32 -0800] "GET / HTTP/1.1" 200 779 "-" "Sogou web spider/4.0(+http://www.sogou.com/docs/help/webmasters.htm#07)" "linassoc.com"
114.119.157.4 - - [02/Jan/2023:01:20:57 -0800] "GET /contact_files/images/ HTTP/1.1" 200 324 "http://linassoc.com/contact_files/?C=N%3BO%3DD" "Mozilla/5.0 (Linux; Android 7.0;) AppleWebKit/537.36 (KHTML, like Gecko) Mobile Safari/537.36 (compatible; PetalBot;+https://webmaster.petalsearch.com/site/petalbot)" "linassoc.com"
114.119.134.217 - - [02/Jan/2023:01:45:04 -0800] "GET /contact062605_files/_private/ HTTP/1.1" 403 170 "http://linassoc.com/contact062605_files/?C=M%3BO%3DA" "Mozilla/5.0 (Linux; Android 7.0;) AppleWebKit/537.36 (KHTML, like Gecko) Mobile Safari/537.36 (compatible; PetalBot;+https://webmaster.petalsearch.com/site/petalbot)" "linassoc.com"
216.244.66.245 - - [02/Jan/2023:01:49:51 -0800] "GET /robots.txt HTTP/1.1" 404 73 "-" "Mozilla/5.0 (compatible; DotBot/1.2; +https://opensiteexplorer.org/dotbot; help@moz.com)" "linassoc.com"
216.244.66.245 - - [02/Jan/2023:01:49:51 -0800] "GET /robots.txt HTTP/1.1" 404 73 "-" "Mozilla/5.0 (compatible; DotBot/1.2; +https://opensiteexplorer.org/dotbot; help@moz.com)" "www.linassoc.com"
51.222.253.5 - - [02/Jan/2023:01:54:25 -0800] "GET /contact062605_files/images/?C=M;O=A HTTP/1.1" 200 332 "-" "Mozilla/5.0 (compatible; AhrefsBot/7.0; +http://ahrefs.com/robot/)" "linassoc.com"
114.119.144.30 - - [02/Jan/2023:01:56:00 -0800] "GET /profile062605_files/images/?C=M%3BO%3DA HTTP/1.1" 200 332 "http://linassoc.com/profile062605_files/images/?C=N%3BO%3DD" "Mozilla/5.0 (Linux; Android 7.0;) AppleWebKit/537.36 (KHTML, like Gecko) Mobile Safari/537.36 (compatible; PetalBot;+https://webmaster.petalsearch.com/site/petalbot)" "linassoc.com"
149.34.244.153 - - [02/Jan/2023:02:23:31 -0800] "GET / HTTP/1.1" 200 3978 "http://linassoc.com/" "Mozilla/5.0 (Windows NT 6.1; ) AppleWebKit/537.36 (KHTML, like Gecko) Chrome/90.0.4430.85 Safari/537.36" "linassoc.com"
149.34.244.153 - - [02/Jan/2023:02:23:32 -0800] "GET /NAV%20Contact.jpg HTTP/1.1" 200 7689 "http://linassoc.com/NAV%20Contact.jpg" "Mozilla/5.0 (Windows NT 6.1; ) AppleWebKit/537.36 (KHTML, like Gecko) Chrome/90.0.4430.85 Safari/537.36" "linassoc.com"
51.222.253.2 - - [02/Jan/2023:02:36:15 -0800] "GET /profile062605_files/images/?C=S;O=A HTTP/1.1" 200 332 "-" "Mozilla/5.0 (compatible; AhrefsBot/7.0; +http://ahrefs.com/robot/)" "linassoc.com"
64.124.8.24 - - [02/Jan/2023:02:53:49 -0800] "GET /_themes/blank/blhome.gif HTTP/1.1" 200 140 "-" "Mozilla/5.0 (Macintosh; Intel Mac OS X 10_15_7) AppleWebKit/537.36 (KHTML, like Gecko) Chrome/107.0.0.0 Safari/537.36" "linassoc.com"
64.124.8.24 - - [02/Jan/2023:02:53:49 -0800] "GET /linassoc072205/profile_files/image002.gif HTTP/1.1" 200 2000 "-" "Mozilla/5.0 (Macintosh; Intel Mac OS X 10_15_7) AppleWebKit/537.36 (KHTML, like Gecko) Chrome/107.0.0.0 Safari/537.36" "linassoc.com"
64.124.8.24 - - [02/Jan/2023:02:54:08 -0800] "GET /_themes/blank/ablbull1.gif HTTP/1.1" 200 74 "-" "Mozilla/5.0 (Macintosh; Intel Mac OS X 10_15_7) AppleWebKit/537.36 (KHTML, like Gecko) Chrome/107.0.0.0 Safari/537.36" "linassoc.com"
64.124.8.24 - - [02/Jan/2023:02:54:18 -0800] "GET /_themes/blank/blhbh.gif HTTP/1.1" 200 333 "-" "Mozilla/5.0 (Macintosh; Intel Mac OS X 10_15_7) AppleWebKit/537.36 (KHTML, like Gecko) Chrome/107.0.0.0 Safari/537.36" "linassoc.com"
64.124.8.24 - - [02/Jan/2023:02:54:24 -0800] "GET /index073005_files/image002.gif HTTP/1.1" 200 1208 "-" "Mozilla/5.0 (Macintosh; Intel Mac OS X 10_15_7) AppleWebKit/537.36 (KHTML, like Gecko) Chrome/107.0.0.0 Safari/537.36" "linassoc.com"
64.124.8.24 - - [02/Jan/2023:02:54:25 -0800] "GET /_themes/blank/blbnr.gif HTTP/1.1" 200 597 "-" "Mozilla/5.0 (Macintosh; Intel Mac OS X 10_15_7) AppleWebKit/537.36 (KHTML, like Gecko) Chrome/107.0.0.0 Safari/537.36" "linassoc.com"
64.124.8.24 - - [02/Jan/2023:02:54:34 -0800] "GET /_themes/blank/dot.gif HTTP/1.1" 200 43 "-" "Mozilla/5.0 (Macintosh; Intel Mac OS X 10_15_7) AppleWebKit/537.36 (KHTML, like Gecko) Chrome/107.0.0.0 Safari/537.36" "linassoc.com"
51.222.253.2 - - [02/Jan/2023:03:13:44 -0800] "GET /contact062605_files/images/?C=S;O=A HTTP/1.1" 200 332 "-" "Mozilla/5.0 (compatible; AhrefsBot/7.0; +http://ahrefs.com/robot/)" "linassoc.com"
216.244.66.245 - - [02/Jan/2023:03:40:23 -0800] "GET /robots.txt HTTP/1.1" 404 73 "-" "Mozilla/5.0 (compatible; DotBot/1.2; +https://opensiteexplorer.org/dotbot; help@moz.com)" "linassoc.com"
216.244.66.245 - - [02/Jan/2023:03:40:23 -0800] "GET /robots.txt HTTP/1.1" 404 73 "-" "Mozilla/5.0 (compatible; DotBot/1.2; +https://opensiteexplorer.org/dotbot; help@moz.com)" "www.linassoc.com"
66.249.64.251 - - [02/Jan/2023:03:40:40 -0800] "GET /robots.txt HTTP/1.1" 404 88 "-" "Mozilla/5.0 (compatible; Googlebot/2.1; +http://www.google.com/bot.html)" "www.linassoc.com"
209.126.86.238 - - [02/Jan/2023:03:44:14 -0800] "HEAD /wordpress HTTP/1.1" 404 - "-" "Mozilla/5.0 (Windows NT 10.0; Win64; x64) AppleWebKit/537.36 (KHTML, like Gecko) Chrome/74.0.3729.169 Safari/537.36" "linassoc.com"
209.126.86.238 - - [02/Jan/2023:03:44:14 -0800] "HEAD / HTTP/1.1" 200 - "-" "Mozilla/5.0 (Windows NT 10.0; Win64; x64) AppleWebKit/537.36 (KHTML, like Gecko) Chrome/74.0.3729.169 Safari/537.36" "linassoc.com"
209.126.86.238 - - [02/Jan/2023:03:44:14 -0800] "HEAD /wp HTTP/1.1" 404 - "-" "Mozilla/5.0 (Windows NT 10.0; Win64; x64) AppleWebKit/537.36 (KHTML, like Gecko) Chrome/74.0.3729.169 Safari/537.36" "linassoc.com"
209.126.86.238 - - [02/Jan/2023:03:44:15 -0800] "HEAD /bc HTTP/1.1" 404 - "-" "Mozilla/5.0 (Windows NT 10.0; Win64; x64) AppleWebKit/537.36 (KHTML, like Gecko) Chrome/74.0.3729.169 Safari/537.36" "linassoc.com"
209.126.86.238 - - [02/Jan/2023:03:44:15 -0800] "HEAD /bk HTTP/1.1" 404 - "-" "Mozilla/5.0 (Windows NT 10.0; Win64; x64) AppleWebKit/537.36 (KHTML, like Gecko) Chrome/74.0.3729.169 Safari/537.36" "linassoc.com"
209.126.86.238 - - [02/Jan/2023:03:44:15 -0800] "HEAD /backup HTTP/1.1" 404 - "-" "Mozilla/5.0 (Windows NT 10.0; Win64; x64) AppleWebKit/537.36 (KHTML, like Gecko) Chrome/74.0.3729.169 Safari/537.36" "linassoc.com"
209.126.86.238 - - [02/Jan/2023:03:44:15 -0800] "HEAD /old HTTP/1.1" 404 - "-" "Mozilla/5.0 (Windows NT 10.0; Win64; x64) AppleWebKit/537.36 (KHTML, like Gecko) Chrome/74.0.3729.169 Safari/537.36" "linassoc.com"
209.126.86.238 - - [02/Jan/2023:03:44:15 -0800] "HEAD /new HTTP/1.1" 404 - "-" "Mozilla/5.0 (Windows NT 10.0; Win64; x64) AppleWebKit/537.36 (KHTML, like Gecko) Chrome/74.0.3729.169 Safari/537.36" "linassoc.com"
209.126.86.238 - - [02/Jan/2023:03:44:15 -0800] "HEAD /main HTTP/1.1" 404 - "-" "Mozilla/5.0 (Windows NT 10.0; Win64; x64) AppleWebKit/537.36 (KHTML, like Gecko) Chrome/74.0.3729.169 Safari/537.36" "linassoc.com"
209.126.86.238 - - [02/Jan/2023:03:44:15 -0800] "HEAD /home HTTP/1.1" 404 - "-" "Mozilla/5.0 (Windows NT 10.0; Win64; x64) AppleWebKit/537.36 (KHTML, like Gecko) Chrome/74.0.3729.169 Safari/537.36" "linassoc.com"
51.222.253.4 - - [02/Jan/2023:03:58:17 -0800] "GET /_overlay/?C=S;O=D HTTP/1.1" 200 526 "-" "Mozilla/5.0 (compatible; AhrefsBot/7.0; +http://ahrefs.com/robot/)" "linassoc.com"
185.255.96.99 - - [02/Jan/2023:04:02:46 -0800] "GET / HTTP/1.1" 200 3978 "-" "Mozilla/5.0 (Windows NT 6.3; Win64; x64) AppleWebKit/537.36 (KHTML, like Gecko) Chrome/75.0.3770.100 Safari/537.36" "linassoc.com"
40.76.233.187 - - [02/Jan/2023:04:11:03 -0800] "GET / HTTP/1.1" 200 779 "-" "python-requests/2.27.1" "linassoc.com"
61.135.159.147 - - [02/Jan/2023:04:35:38 -0800] "GET / HTTP/1.1" 200 779 "-" "Sogou web spider/4.0(+http://www.sogou.com/docs/help/webmasters.htm#07)" "linassoc.com"
147.78.47.249 - - [02/Jan/2023:04:36:38 -0800] "GET /_ignition/health-check/ HTTP/1.1" 404 88 "-" "Mozilla/5.0 (Windows NT 10.0; Win64; x64) AppleWebKit/537.36 (KHTML, like Gecko) Chrome/105.0.0.0 Safari/537.36" "linassoc.com"
147.78.47.249 - - [02/Jan/2023:04:36:40 -0800] "GET /public/_ignition/health-check/ HTTP/1.1" 404 88 "-" "Mozilla/5.0 (Windows NT 10.0; Win64; x64) AppleWebKit/537.36 (KHTML, like Gecko) Chrome/105.0.0.0 Safari/537.36" "linassoc.com"
147.78.47.249 - - [02/Jan/2023:04:36:43 -0800] "GET /wp-includes/wlwmanifest.xml HTTP/1.1" 404 88 "-" "Mozilla/5.0 (Windows NT 10.0; Win64; x64) AppleWebKit/537.36 (KHTML, like Gecko) Chrome/105.0.0.0 Safari/537.36" "linassoc.com"
49.7.20.68 - - [02/Jan/2023:04:41:20 -0800] "GET / HTTP/1.1" 200 779 "-" "Sogou web spider/4.0(+http://www.sogou.com/docs/help/webmasters.htm#07)" "www.linassoc.com"
51.222.253.16 - - [02/Jan/2023:04:43:49 -0800] "GET /contact062605_files/images/?C=D;O=A HTTP/1.1" 200 332 "-" "Mozilla/5.0 (compatible; AhrefsBot/7.0; +http://ahrefs.com/robot/)" "linassoc.com"
54.174.62.152 - - [02/Jan/2023:04:44:10 -0800] "HEAD / HTTP/1.1" 200 - "-" "HubSpot Connect 2.0 (http://dev.hubspot.com/) (namespace: domainValidationHttpClient) - BizOpsCompanies-Tq2-BizCoDomainValidationAudit" "linassoc.com"
114.119.149.92 - - [02/Jan/2023:05:14:34 -0800] "GET /profile_files/?C=D%3BO%3DA HTTP/1.1" 200 457 "http://linassoc.com/profile_files/" "Mozilla/5.0 (Linux; Android 7.0;) AppleWebKit/537.36 (KHTML, like Gecko) Mobile Safari/537.36 (compatible; PetalBot;+https://webmaster.petalsearch.com/site/petalbot)" "linassoc.com"
114.119.144.99 - - [02/Jan/2023:05:15:58 -0800] "GET /media/?C=M%3BO%3DA HTTP/1.1" 200 369 "http://linassoc.com/media/?C=N%3BO%3DD" "Mozilla/5.0 (Linux; Android 7.0;) AppleWebKit/537.36 (KHTML, like Gecko) Mobile Safari/537.36 (compatible; PetalBot;+https://webmaster.petalsearch.com/site/petalbot)" "linassoc.com"
114.119.133.245 - - [02/Jan/2023:05:17:19 -0800] "GET /_fpclass/?C=M%3BO%3DA HTTP/1.1" 200 313 "http://linassoc.com/_fpclass/?C=N%3BO%3DD" "Mozilla/5.0 (Linux; Android 7.0;) AppleWebKit/537.36 (KHTML, like Gecko) Mobile Safari/537.36 (compatible; PetalBot;+https://webmaster.petalsearch.com/site/petalbot)" "linassoc.com"
52.37.239.186 - - [02/Jan/2023:05:21:03 -0800] "GET / HTTP/1.1" 200 779 "-" "Mozilla/5.0 (X11; Linux x86_64) AppleWebKit/537.36 (KHTML, like Gecko) Chrome/83.0.4103.97 Safari/537.36" "linassoc.com"
35.90.213.62 - - [02/Jan/2023:05:21:07 -0800] "GET / HTTP/1.1" 200 779 "-" "Mozilla/5.0 (X11; Linux x86_64) AppleWebKit/537.36 (KHTML, like Gecko) Chrome/83.0.4103.97 Safari/537.36" "linassoc.com"
34.213.181.35 - - [02/Jan/2023:05:21:16 -0800] "GET /favicon.ico HTTP/1.1" 404 88 "-" "Mozilla/5.0 (X11; Linux x86_64) AppleWebKit/537.36 (KHTML, like Gecko) Chrome/83.0.4103.97 Safari/537.36" "linassoc.com"
34.213.181.35 - - [02/Jan/2023:05:21:17 -0800] "GET / HTTP/1.1" 200 779 "-" "Mozilla/5.0 (X11; Linux x86_64) AppleWebKit/537.36 (KHTML, like Gecko) Chrome/83.0.4103.97 Safari/537.36" "linassoc.com"
114.119.151.12 - - [02/Jan/2023:05:25:30 -0800] "GET /contact_files/images/?C=S%3BO%3DA HTTP/1.1" 200 324 "http://linassoc.com/contact_files/images/?C=M%3BO%3DA" "Mozilla/5.0 (Linux; Android 7.0;) AppleWebKit/537.36 (KHTML, like Gecko) Mobile Safari/537.36 (compatible; PetalBot;+https://webmaster.petalsearch.com/site/petalbot)" "linassoc.com"
216.244.66.245 - - [02/Jan/2023:05:29:46 -0800] "GET /robots.txt HTTP/1.1" 404 73 "-" "Mozilla/5.0 (compatible; DotBot/1.2; +https://opensiteexplorer.org/dotbot; help@moz.com)" "www.linassoc.com"
216.244.66.245 - - [02/Jan/2023:05:29:46 -0800] "GET /robots.txt HTTP/1.1" 404 73 "-" "Mozilla/5.0 (compatible; DotBot/1.2; +https://opensiteexplorer.org/dotbot; help@moz.com)" "linassoc.com"
51.222.253.3 - - [02/Jan/2023:05:30:02 -0800] "GET /robots.txt HTTP/1.1" 404 88 "-" "Mozilla/5.0 (compatible; AhrefsBot/7.0; +http://ahrefs.com/robot/)" "linassoc.com"
51.222.253.10 - - [02/Jan/2023:05:30:03 -0800] "GET /profile062605_files/images/?C=S;O=D HTTP/1.1" 200 330 "-" "Mozilla/5.0 (compatible; AhrefsBot/7.0; +http://ahrefs.com/robot/)" "linassoc.com"
114.119.138.249 - - [02/Jan/2023:05:42:12 -0800] "GET /index073005_files/filelist.xml HTTP/1.1" 200 147 "http://linassoc.com/index073005_files/?C=D%3BO%3DA" "Mozilla/5.0 (Linux; Android 7.0;) AppleWebKit/537.36 (KHTML, like Gecko) Mobile Safari/537.36 (compatible; PetalBot;+https://webmaster.petalsearch.com/site/petalbot)" "linassoc.com"
114.119.133.126 - - [02/Jan/2023:05:43:31 -0800] "GET /contact062605_files/filelist.xml HTTP/1.1" 200 145 "http://linassoc.com/contact062605_files/?C=M%3BO%3DA" "Mozilla/5.0 (Linux; Android 7.0;) AppleWebKit/537.36 (KHTML, like Gecko) Mobile Safari/537.36 (compatible; PetalBot;+https://webmaster.petalsearch.com/site/petalbot)" "linassoc.com"
114.119.159.183 - - [02/Jan/2023:05:45:08 -0800] "GET /_overlay/_private/ HTTP/1.1" 403 170 "http://linassoc.com/_overlay/" "Mozilla/5.0 (Linux; Android 7.0;) AppleWebKit/537.36 (KHTML, like Gecko) Mobile Safari/537.36 (compatible; PetalBot;+https://webmaster.petalsearch.com/site/petalbot)" "linassoc.com"
51.222.253.4 - - [02/Jan/2023:06:22:01 -0800] "GET /profile062605_files/ HTTP/1.1" 200 457 "-" "Mozilla/5.0 (compatible; AhrefsBot/7.0; +http://ahrefs.com/robot/)" "linassoc.com"
216.244.66.245 - - [02/Jan/2023:06:24:17 -0800] "GET /robots.txt HTTP/1.1" 404 73 "-" "Mozilla/5.0 (compatible; DotBot/1.2; +https://opensiteexplorer.org/dotbot; help@moz.com)" "www.linassoc.com"
51.222.253.16 - - [02/Jan/2023:07:11:43 -0800] "GET / HTTP/1.1" 200 779 "-" "Mozilla/5.0 (compatible; AhrefsBot/7.0; +http://ahrefs.com/robot/)" "linassoc.com"
64.124.8.48 - - [02/Jan/2023:07:18:52 -0800] "GET /linassoc072205/profile_files/image002.gif HTTP/1.1" 200 2000 "-" "Mozilla/5.0 (Macintosh; Intel Mac OS X 10_15_7) AppleWebKit/537.36 (KHTML, like Gecko) Chrome/107.0.0.0 Safari/537.36" "linassoc.com"
64.124.8.48 - - [02/Jan/2023:07:18:52 -0800] "GET /_themes/blank/blbnr.gif HTTP/1.1" 200 597 "-" "Mozilla/5.0 (Macintosh; Intel Mac OS X 10_15_7) AppleWebKit/537.36 (KHTML, like Gecko) Chrome/107.0.0.0 Safari/537.36" "linassoc.com"
64.124.8.48 - - [02/Jan/2023:07:18:52 -0800] "GET /index073005_files/image002.gif HTTP/1.1" 200 1208 "-" "Mozilla/5.0 (Macintosh; Intel Mac OS X 10_15_7) AppleWebKit/537.36 (KHTML, like Gecko) Chrome/107.0.0.0 Safari/537.36" "linassoc.com"
64.124.8.48 - - [02/Jan/2023:07:18:52 -0800] "GET /_themes/blank/dot.gif HTTP/1.1" 200 43 "-" "Mozilla/5.0 (Macintosh; Intel Mac OS X 10_15_7) AppleWebKit/537.36 (KHTML, like Gecko) Chrome/107.0.0.0 Safari/537.36" "linassoc.com"
64.124.8.48 - - [02/Jan/2023:07:18:52 -0800] "GET /_themes/blank/blhbh.gif HTTP/1.1" 200 333 "-" "Mozilla/5.0 (Macintosh; Intel Mac OS X 10_15_7) AppleWebKit/537.36 (KHTML, like Gecko) Chrome/107.0.0.0 Safari/537.36" "linassoc.com"
64.124.8.48 - - [02/Jan/2023:07:18:52 -0800] "GET /_themes/blank/ablbull1.gif HTTP/1.1" 200 74 "-" "Mozilla/5.0 (Macintosh; Intel Mac OS X 10_15_7) AppleWebKit/537.36 (KHTML, like Gecko) Chrome/107.0.0.0 Safari/537.36" "linassoc.com"
64.124.8.48 - - [02/Jan/2023:07:18:59 -0800] "GET /_themes/blank/blhome.gif HTTP/1.1" 200 140 "-" "Mozilla/5.0 (Macintosh; Intel Mac OS X 10_15_7) AppleWebKit/537.36 (KHTML, like Gecko) Chrome/107.0.0.0 Safari/537.36" "linassoc.com"
216.244.66.245 - - [02/Jan/2023:07:19:40 -0800] "GET /robots.txt HTTP/1.1" 404 73 "-" "Mozilla/5.0 (compatible; DotBot/1.2; +https://opensiteexplorer.org/dotbot; help@moz.com)" "www.linassoc.com"
216.244.66.245 - - [02/Jan/2023:07:19:40 -0800] "GET /robots.txt HTTP/1.1" 404 73 "-" "Mozilla/5.0 (compatible; DotBot/1.2; +https://opensiteexplorer.org/dotbot; help@moz.com)" "linassoc.com"
61.135.159.147 - - [02/Jan/2023:07:27:56 -0800] "GET / HTTP/1.1" 200 779 "-" "Sogou web spider/4.0(+http://www.sogou.com/docs/help/webmasters.htm#07)" "linassoc.com"
49.7.20.68 - - [02/Jan/2023:07:29:14 -0800] "GET / HTTP/1.1" 200 779 "-" "Sogou web spider/4.0(+http://www.sogou.com/docs/help/webmasters.htm#07)" "www.linassoc.com"
51.222.253.1 - - [02/Jan/2023:08:10:21 -0800] "GET /contact_files/ HTTP/1.1" 200 458 "-" "Mozilla/5.0 (compatible; AhrefsBot/7.0; +http://ahrefs.com/robot/)" "linassoc.com"
216.244.66.245 - - [02/Jan/2023:08:15:44 -0800] "GET /robots.txt HTTP/1.1" 404 73 "-" "Mozilla/5.0 (compatible; DotBot/1.2; +https://opensiteexplorer.org/dotbot; help@moz.com)" "www.linassoc.com"
216.244.66.245 - - [02/Jan/2023:08:15:44 -0800] "GET /robots.txt HTTP/1.1" 404 73 "-" "Mozilla/5.0 (compatible; DotBot/1.2; +https://opensiteexplorer.org/dotbot; help@moz.com)" "linassoc.com"
51.222.253.4 - - [02/Jan/2023:09:06:09 -0800] "GET /profile_files/ HTTP/1.1" 200 457 "-" "Mozilla/5.0 (compatible; AhrefsBot/7.0; +http://ahrefs.com/robot/)" "linassoc.com"
216.244.66.245 - - [02/Jan/2023:09:09:36 -0800] "GET /robots.txt HTTP/1.1" 404 73 "-" "Mozilla/5.0 (compatible; DotBot/1.2; +https://opensiteexplorer.org/dotbot; help@moz.com)" "linassoc.com"
216.244.66.245 - - [02/Jan/2023:09:09:36 -0800] "GET /robots.txt HTTP/1.1" 404 73 "-" "Mozilla/5.0 (compatible; DotBot/1.2; +https://opensiteexplorer.org/dotbot; help@moz.com)" "www.linassoc.com"
216.244.66.245 - - [02/Jan/2023:10:04:21 -0800] "GET /robots.txt HTTP/1.1" 404 73 "-" "Mozilla/5.0 (compatible; DotBot/1.2; +https://opensiteexplorer.org/dotbot; help@moz.com)" "www.linassoc.com"
216.244.66.245 - - [02/Jan/2023:10:04:21 -0800] "GET /robots.txt HTTP/1.1" 404 73 "-" "Mozilla/5.0 (compatible; DotBot/1.2; +https://opensiteexplorer.org/dotbot; help@moz.com)" "linassoc.com"
51.222.253.6 - - [02/Jan/2023:10:27:57 -0800] "GET /contact_files/?C=S;O=A HTTP/1.1" 200 455 "-" "Mozilla/5.0 (compatible; AhrefsBot/7.0; +http://ahrefs.com/robot/)" "linassoc.com"
51.222.253.14 - - [02/Jan/2023:10:52:27 -0800] "GET /contact_files/?C=D;O=A HTTP/1.1" 200 458 "-" "Mozilla/5.0 (compatible; AhrefsBot/7.0; +http://ahrefs.com/robot/)" "linassoc.com"
118.184.177.24 - - [02/Jan/2023:11:11:12 -0800] "GET / HTTP/1.1" 200 779 "-" "Sogou web spider/4.0(+http://www.sogou.com/docs/help/webmasters.htm#07)" "linassoc.com"
51.222.253.6 - - [02/Jan/2023:11:16:08 -0800] "GET /profile062605_files/?C=D;O=A HTTP/1.1" 200 457 "-" "Mozilla/5.0 (compatible; AhrefsBot/7.0; +http://ahrefs.com/robot/)" "linassoc.com"
51.222.253.4 - - [02/Jan/2023:11:40:36 -0800] "GET /_derived/ HTTP/1.1" 200 314 "-" "Mozilla/5.0 (compatible; AhrefsBot/7.0; +http://ahrefs.com/robot/)" "linassoc.com"
34.77.72.105 - - [02/Jan/2023:11:47:30 -0800] "GET / HTTP/1.1" 200 3978 "-" "Mozilla/5.0 (Windows NT 10.0; Win64; x64) AppleWebKit/537.36 (KHTML, like Gecko) Chrome/84.0.4147.105 Safari/537.36" "www.linassoc.com"
216.244.66.245 - - [02/Jan/2023:11:52:27 -0800] "GET /robots.txt HTTP/1.1" 404 73 "-" "Mozilla/5.0 (compatible; DotBot/1.2; +https://opensiteexplorer.org/dotbot; help@moz.com)" "www.linassoc.com"
216.244.66.245 - - [02/Jan/2023:11:52:27 -0800] "GET /robots.txt HTTP/1.1" 404 73 "-" "Mozilla/5.0 (compatible; DotBot/1.2; +https://opensiteexplorer.org/dotbot; help@moz.com)" "linassoc.com"
51.222.253.15 - - [02/Jan/2023:12:06:55 -0800] "GET /index062605_files/ HTTP/1.1" 200 322 "-" "Mozilla/5.0 (compatible; AhrefsBot/7.0; +http://ahrefs.com/robot/)" "linassoc.com"
51.222.253.13 - - [02/Jan/2023:12:33:17 -0800] "GET /contact_files/?C=M;O=A HTTP/1.1" 200 459 "-" "Mozilla/5.0 (compatible; AhrefsBot/7.0; +http://ahrefs.com/robot/)" "linassoc.com"
216.244.66.245 - - [02/Jan/2023:12:46:10 -0800] "GET /robots.txt HTTP/1.1" 404 73 "-" "Mozilla/5.0 (compatible; DotBot/1.2; +https://opensiteexplorer.org/dotbot; help@moz.com)" "www.linassoc.com"
216.244.66.245 - - [02/Jan/2023:12:46:10 -0800] "GET /robots.txt HTTP/1.1" 404 73 "-" "Mozilla/5.0 (compatible; DotBot/1.2; +https://opensiteexplorer.org/dotbot; help@moz.com)" "linassoc.com"
114.119.141.116 - - [02/Jan/2023:12:48:33 -0800] "GET /contact_files/images/?C=N%3BO%3DD HTTP/1.1" 200 324 "http://linassoc.com/contact_files/images/?C=S%3BO%3DA" "Mozilla/5.0 (Linux; Android 7.0;) AppleWebKit/537.36 (KHTML, like Gecko) Mobile Safari/537.36 (compatible; PetalBot;+https://webmaster.petalsearch.com/site/petalbot)" "linassoc.com"
114.119.135.78 - - [02/Jan/2023:12:52:23 -0800] "GET /contact_files/_private/ HTTP/1.1" 403 170 "http://linassoc.com/contact_files/?C=N%3BO%3DD" "Mozilla/5.0 (Linux; Android 7.0;) AppleWebKit/537.36 (KHTML, like Gecko) Mobile Safari/537.36 (compatible; PetalBot;+https://webmaster.petalsearch.com/site/petalbot)" "linassoc.com"
114.119.136.224 - - [02/Jan/2023:12:56:07 -0800] "GET /_themes/blank/graph1.css HTTP/1.1" 200 358 "http://linassoc.com/_themes/blank/?C=S%3BO%3DA" "Mozilla/5.0 (Linux; Android 7.0;) AppleWebKit/537.36 (KHTML, like Gecko) Mobile Safari/537.36 (compatible; PetalBot;+https://webmaster.petalsearch.com/site/petalbot)" "linassoc.com"
51.222.253.9 - - [02/Jan/2023:13:00:05 -0800] "GET /contact_files/images/ HTTP/1.1" 200 324 "-" "Mozilla/5.0 (compatible; AhrefsBot/7.0; +http://ahrefs.com/robot/)" "linassoc.com"
51.222.253.9 - - [02/Jan/2023:13:13:13 -0800] "GET /profile062605_files/?C=M;O=A HTTP/1.1" 200 459 "-" "Mozilla/5.0 (compatible; AhrefsBot/7.0; +http://ahrefs.com/robot/)" "linassoc.com"
51.222.253.12 - - [02/Jan/2023:13:26:20 -0800] "GET /profile062605_files/?C=S;O=A HTTP/1.1" 200 455 "-" "Mozilla/5.0 (compatible; AhrefsBot/7.0; +http://ahrefs.com/robot/)" "linassoc.com"
114.119.148.78 - - [02/Jan/2023:13:39:01 -0800] "GET /index_files/?C=S%3BO%3DA HTTP/1.1" 200 314 "http://linassoc.com/index_files/?C=D%3BO%3DA" "Mozilla/5.0 (Linux; Android 7.0;) AppleWebKit/537.36 (KHTML, like Gecko) Mobile Safari/537.36 (compatible; PetalBot;+https://webmaster.petalsearch.com/site/petalbot)" "linassoc.com"
51.222.253.8 - - [02/Jan/2023:13:39:40 -0800] "GET /contact062605_files/ HTTP/1.1" 200 457 "-" "Mozilla/5.0 (compatible; AhrefsBot/7.0; +http://ahrefs.com/robot/)" "linassoc.com"
51.222.253.7 - - [02/Jan/2023:13:53:22 -0800] "GET /index073005_files/?C=M;O=D HTTP/1.1" 200 463 "-" "Mozilla/5.0 (compatible; AhrefsBot/7.0; +http://ahrefs.com/robot/)" "linassoc.com"
114.119.145.163 - - [02/Jan/2023:14:00:45 -0800] "GET /profile_files/?C=S%3BO%3DA HTTP/1.1" 200 457 "http://linassoc.com/profile_files/?C=M%3BO%3DA" "Mozilla/5.0 (Linux; Android 7.0;) AppleWebKit/537.36 (KHTML, like Gecko) Mobile Safari/537.36 (compatible; PetalBot;+https://webmaster.petalsearch.com/site/petalbot)" "linassoc.com"
114.119.156.175 - - [02/Jan/2023:14:02:49 -0800] "GET /index2_files/?C=N%3BO%3DD HTTP/1.1" 200 315 "http://linassoc.com/index2_files/" "Mozilla/5.0 (Linux; Android 7.0;) AppleWebKit/537.36 (KHTML, like Gecko) Mobile Safari/537.36 (compatible; PetalBot;+https://webmaster.petalsearch.com/site/petalbot)" "linassoc.com"
51.222.253.15 - - [02/Jan/2023:14:07:15 -0800] "GET /index2_files/ HTTP/1.1" 200 315 "-" "Mozilla/5.0 (compatible; AhrefsBot/7.0; +http://ahrefs.com/robot/)" "linassoc.com"
114.119.157.183 - - [02/Jan/2023:14:09:56 -0800] "GET /linassoc072205/profile_files/filelist.xml HTTP/1.1" 200 141 "http://linassoc.com/linassoc072205/profile_files/?C=D%3BO%3DA" "Mozilla/5.0 (Linux; Android 7.0;) AppleWebKit/537.36 (KHTML, like Gecko) Mobile Safari/537.36 (compatible; PetalBot;+https://webmaster.petalsearch.com/site/petalbot)" "linassoc.com"
51.222.253.2 - - [02/Jan/2023:14:21:48 -0800] "GET /profile062605_files/images/ HTTP/1.1" 200 332 "-" "Mozilla/5.0 (compatible; AhrefsBot/7.0; +http://ahrefs.com/robot/)" "linassoc.com"
216.244.66.245 - - [02/Jan/2023:14:36:25 -0800] "GET /robots.txt HTTP/1.1" 404 73 "-" "Mozilla/5.0 (compatible; DotBot/1.2; +https://opensiteexplorer.org/dotbot; help@moz.com)" "www.linassoc.com"
216.244.66.245 - - [02/Jan/2023:14:36:25 -0800] "GET /robots.txt HTTP/1.1" 404 73 "-" "Mozilla/5.0 (compatible; DotBot/1.2; +https://opensiteexplorer.org/dotbot; help@moz.com)" "linassoc.com"
66.249.64.165 - - [02/Jan/2023:14:45:00 -0800] "GET /robots.txt HTTP/1.1" 404 88 "-" "Mozilla/5.0 (compatible; Googlebot/2.1; +http://www.google.com/bot.html)" "linassoc.com"
114.119.145.163 - - [02/Jan/2023:14:49:48 -0800] "GET /_themes/blank/color0.css HTTP/1.1" 200 253 "http://linassoc.com/_themes/blank/?C=S%3BO%3DA" "Mozilla/5.0 (Linux; Android 7.0;) AppleWebKit/537.36 (KHTML, like Gecko) Mobile Safari/537.36 (compatible; PetalBot;+https://webmaster.petalsearch.com/site/petalbot)" "linassoc.com"
