51.222.253.10 - - [02/Jan/2023:14:50:52 -0800] "GET /linassoc072205/profile_files/?C=N;O=D HTTP/1.1" 200 444 "-" "Mozilla/5.0 (compatible; AhrefsBot/7.0; +http://ahrefs.com/robot/)" "linassoc.com"
66.94.99.113 - - [02/Jan/2023:15:04:11 -0800] "HEAD /wordpress HTTP/1.1" 404 - "-" "Mozilla/5.0 (Windows NT 10.0; Win64; x64) AppleWebKit/537.36 (KHTML, like Gecko) Chrome/74.0.3729.169 Safari/537.36" "linassoc.com"
66.94.99.113 - - [02/Jan/2023:15:04:12 -0800] "HEAD / HTTP/1.1" 200 - "-" "Mozilla/5.0 (Windows NT 10.0; Win64; x64) AppleWebKit/537.36 (KHTML, like Gecko) Chrome/74.0.3729.169 Safari/537.36" "linassoc.com"
66.94.99.113 - - [02/Jan/2023:15:04:12 -0800] "HEAD /wp HTTP/1.1" 404 - "-" "Mozilla/5.0 (Windows NT 10.0; Win64; x64) AppleWebKit/537.36 (KHTML, like Gecko) Chrome/74.0.3729.169 Safari/537.36" "linassoc.com"
66.94.99.113 - - [02/Jan/2023:15:04:12 -0800] "HEAD /bc HTTP/1.1" 404 - "-" "Mozilla/5.0 (Windows NT 10.0; Win64; x64) AppleWebKit/537.36 (KHTML, like Gecko) Chrome/74.0.3729.169 Safari/537.36" "linassoc.com"
66.94.99.113 - - [02/Jan/2023:15:04:12 -0800] "HEAD /bk HTTP/1.1" 404 - "-" "Mozilla/5.0 (Windows NT 10.0; Win64; x64) AppleWebKit/537.36 (KHTML, like Gecko) Chrome/74.0.3729.169 Safari/537.36" "linassoc.com"
66.94.99.113 - - [02/Jan/2023:15:04:12 -0800] "HEAD /backup HTTP/1.1" 404 - "-" "Mozilla/5.0 (Windows NT 10.0; Win64; x64) AppleWebKit/537.36 (KHTML, like Gecko) Chrome/74.0.3729.169 Safari/537.36" "linassoc.com"
66.94.99.113 - - [02/Jan/2023:15:04:12 -0800] "HEAD /old HTTP/1.1" 404 - "-" "Mozilla/5.0 (Windows NT 10.0; Win64; x64) AppleWebKit/537.36 (KHTML, like Gecko) Chrome/74.0.3729.169 Safari/537.36" "linassoc.com"
66.94.99.113 - - [02/Jan/2023:15:04:12 -0800] "HEAD /new HTTP/1.1" 404 - "-" "Mozilla/5.0 (Windows NT 10.0; Win64; x64) AppleWebKit/537.36 (KHTML, like Gecko) Chrome/74.0.3729.169 Safari/537.36" "linassoc.com"
66.94.99.113 - - [02/Jan/2023:15:04:12 -0800] "HEAD /main HTTP/1.1" 404 - "-" "Mozilla/5.0 (Windows NT 10.0; Win64; x64) AppleWebKit/537.36 (KHTML, like Gecko) Chrome/74.0.3729.169 Safari/537.36" "linassoc.com"
66.94.99.113 - - [02/Jan/2023:15:04:13 -0800] "HEAD /home HTTP/1.1" 404 - "-" "Mozilla/5.0 (Windows NT 10.0; Win64; x64) AppleWebKit/537.36 (KHTML, like Gecko) Chrome/74.0.3729.169 Safari/537.36" "linassoc.com"
51.222.253.13 - - [02/Jan/2023:15:14:49 -0800] "GET /?C=N;O=D HTTP/1.1" 200 780 "-" "Mozilla/5.0 (compatible; AhrefsBot/7.0; +http://ahrefs.com/robot/)" "linassoc.com"
114.119.149.92 - - [02/Jan/2023:15:30:24 -0800] "GET /images/images/ HTTP/1.1" 200 315 "http://linassoc.com/images/?C=S%3BO%3DA" "Mozilla/5.0 (Linux; Android 7.0;) AppleWebKit/537.36 (KHTML, like Gecko) Mobile Safari/537.36 (compatible; PetalBot;+https://webmaster.petalsearch.com/site/petalbot)" "linassoc.com"
64.124.8.25 - - [02/Jan/2023:15:35:31 -0800] "GET /images/bw_grubbs_cropped.jpg HTTP/1.1" 200 105187 "-" "Mozilla/5.0 (Macintosh; Intel Mac OS X 10_15_7) AppleWebKit/537.36 (KHTML, like Gecko) Chrome/107.0.0.0 Safari/537.36" "linassoc.com"
51.222.253.2 - - [02/Jan/2023:15:39:36 -0800] "GET /?C=D;O=A HTTP/1.1" 200 779 "-" "Mozilla/5.0 (compatible; AhrefsBot/7.0; +http://ahrefs.com/robot/)" "linassoc.com"
51.222.253.8 - - [02/Jan/2023:16:05:48 -0800] "GET /?C=S;O=A HTTP/1.1" 200 771 "-" "Mozilla/5.0 (compatible; AhrefsBot/7.0; +http://ahrefs.com/robot/)" "linassoc.com"
58.250.125.115 - - [02/Jan/2023:16:18:25 -0800] "GET / HTTP/1.1" 200 779 "-" "Sogou web spider/4.0(+http://www.sogou.com/docs/help/webmasters.htm#07)" "www.linassoc.com"
216.244.66.245 - - [02/Jan/2023:16:28:15 -0800] "GET /robots.txt HTTP/1.1" 404 73 "-" "Mozilla/5.0 (compatible; DotBot/1.2; +https://opensiteexplorer.org/dotbot; help@moz.com)" "www.linassoc.com"
51.222.253.4 - - [02/Jan/2023:16:29:47 -0800] "GET /contact062605_files/?C=D;O=A HTTP/1.1" 200 457 "-" "Mozilla/5.0 (compatible; AhrefsBot/7.0; +http://ahrefs.com/robot/)" "linassoc.com"
139.59.157.32 - - [02/Jan/2023:16:34:51 -0800] "GET /index_files/ HTTP/1.1" 200 314 "-" "Mozilla/5.0 (Macintosh; Intel Mac OS X 10_15_7) AppleWebKit/537.36 (KHTML, like Gecko) Chrome/107.0.0.0 Safari/537.36" "www.linassoc.com"
51.222.253.1 - - [02/Jan/2023:16:59:24 -0800] "GET /contact062605_files/?C=M;O=A HTTP/1.1" 200 460 "-" "Mozilla/5.0 (compatible; AhrefsBot/7.0; +http://ahrefs.com/robot/)" "linassoc.com"
216.244.66.245 - - [02/Jan/2023:17:24:24 -0800] "GET /robots.txt HTTP/1.1" 404 73 "-" "Mozilla/5.0 (compatible; DotBot/1.2; +https://opensiteexplorer.org/dotbot; help@moz.com)" "www.linassoc.com"
216.244.66.245 - - [02/Jan/2023:17:24:24 -0800] "GET /robots.txt HTTP/1.1" 404 73 "-" "Mozilla/5.0 (compatible; DotBot/1.2; +https://opensiteexplorer.org/dotbot; help@moz.com)" "linassoc.com"
51.222.253.20 - - [02/Jan/2023:17:28:06 -0800] "GET /contact062605_files/?C=S;O=A HTTP/1.1" 200 455 "-" "Mozilla/5.0 (compatible; AhrefsBot/7.0; +http://ahrefs.com/robot/)" "linassoc.com"
54.36.148.76 - - [02/Jan/2023:17:59:12 -0800] "GET /robots.txt HTTP/1.1" 404 88 "-" "Mozilla/5.0 (compatible; AhrefsBot/7.0; +http://ahrefs.com/robot/)" "linassoc.com"
51.222.253.12 - - [02/Jan/2023:17:59:14 -0800] "GET /linassoc072205/profile_files/?C=S;O=A HTTP/1.1" 200 447 "-" "Mozilla/5.0 (compatible; AhrefsBot/7.0; +http://ahrefs.com/robot/)" "linassoc.com"
216.244.66.245 - - [02/Jan/2023:18:19:22 -0800] "GET /robots.txt HTTP/1.1" 404 73 "-" "Mozilla/5.0 (compatible; DotBot/1.2; +https://opensiteexplorer.org/dotbot; help@moz.com)" "linassoc.com"
216.244.66.245 - - [02/Jan/2023:18:19:22 -0800] "GET /robots.txt HTTP/1.1" 404 73 "-" "Mozilla/5.0 (compatible; DotBot/1.2; +https://opensiteexplorer.org/dotbot; help@moz.com)" "www.linassoc.com"
51.222.253.13 - - [02/Jan/2023:18:28:44 -0800] "GET /contact062605_files/images/ HTTP/1.1" 200 332 "-" "Mozilla/5.0 (compatible; AhrefsBot/7.0; +http://ahrefs.com/robot/)" "linassoc.com"
194.38.20.161 - - [02/Jan/2023:18:35:43 -0800] "GET /chart/php-ofc-library/ofc_upload_image.php HTTP/1.1" 404 73 "-" "ALittle Client" "linassoc.com"
49.7.20.68 - - [02/Jan/2023:18:59:25 -0800] "GET / HTTP/1.1" 200 779 "-" "Sogou web spider/4.0(+http://www.sogou.com/docs/help/webmasters.htm#07)" "www.linassoc.com"
51.222.253.6 - - [02/Jan/2023:19:03:00 -0800] "GET /linassoc072205/profile_files/?C=M;O=A HTTP/1.1" 200 446 "-" "Mozilla/5.0 (compatible; AhrefsBot/7.0; +http://ahrefs.com/robot/)" "linassoc.com"
61.135.159.147 - - [02/Jan/2023:19:05:42 -0800] "GET / HTTP/1.1" 200 779 "-" "Sogou web spider/4.0(+http://www.sogou.com/docs/help/webmasters.htm#07)" "linassoc.com"
216.244.66.245 - - [02/Jan/2023:19:14:26 -0800] "GET /robots.txt HTTP/1.1" 404 73 "-" "Mozilla/5.0 (compatible; DotBot/1.2; +https://opensiteexplorer.org/dotbot; help@moz.com)" "linassoc.com"
216.244.66.245 - - [02/Jan/2023:19:14:26 -0800] "GET /robots.txt HTTP/1.1" 404 73 "-" "Mozilla/5.0 (compatible; DotBot/1.2; +https://opensiteexplorer.org/dotbot; help@moz.com)" "www.linassoc.com"
157.245.149.166 - - [02/Jan/2023:19:19:48 -0800] "GET / HTTP/1.1" 200 3978 "-" "Mozilla/5.0 (Windows NT 10.0; Win64; x64) AppleWebKit/537.36 (KHTML, like Gecko) Chrome/78.0.3904.108 Safari/537.36" "linassoc.com"
157.245.149.166 - - [02/Jan/2023:19:19:49 -0800] "GET / HTTP/1.1" 200 3978 "-" "Mozilla/5.0 (Windows NT 10.0; Win64; x64) AppleWebKit/537.36 (KHTML, like Gecko) Chrome/78.0.3904.108 Safari/537.36" "linassoc.com"
157.245.149.166 - - [02/Jan/2023:19:19:50 -0800] "GET /wp-includes/wlwmanifest.xml HTTP/1.1" 404 73 "-" "Mozilla/5.0 (Windows NT 10.0; Win64; x64) AppleWebKit/537.36 (KHTML, like Gecko) Chrome/78.0.3904.108 Safari/537.36" "linassoc.com"
157.245.149.166 - - [02/Jan/2023:19:19:50 -0800] "GET /xmlrpc.php?rsd HTTP/1.1" 404 73 "-" "Mozilla/5.0 (Windows NT 10.0; Win64; x64) AppleWebKit/537.36 (KHTML, like Gecko) Chrome/78.0.3904.108 Safari/537.36" "linassoc.com"
157.245.149.166 - - [02/Jan/2023:19:19:51 -0800] "GET / HTTP/1.1" 200 3978 "-" "Mozilla/5.0 (Windows NT 10.0; Win64; x64) AppleWebKit/537.36 (KHTML, like Gecko) Chrome/78.0.3904.108 Safari/537.36" "linassoc.com"
157.245.149.166 - - [02/Jan/2023:19:19:51 -0800] "GET /blog/wp-includes/wlwmanifest.xml HTTP/1.1" 404 73 "-" "Mozilla/5.0 (Windows NT 10.0; Win64; x64) AppleWebKit/537.36 (KHTML, like Gecko) Chrome/78.0.3904.108 Safari/537.36" "linassoc.com"
157.245.149.166 - - [02/Jan/2023:19:19:52 -0800] "GET /web/wp-includes/wlwmanifest.xml HTTP/1.1" 404 73 "-" "Mozilla/5.0 (Windows NT 10.0; Win64; x64) AppleWebKit/537.36 (KHTML, like Gecko) Chrome/78.0.3904.108 Safari/537.36" "linassoc.com"
157.245.149.166 - - [02/Jan/2023:19:19:53 -0800] "GET /wordpress/wp-includes/wlwmanifest.xml HTTP/1.1" 404 73 "-" "Mozilla/5.0 (Windows NT 10.0; Win64; x64) AppleWebKit/537.36 (KHTML, like Gecko) Chrome/78.0.3904.108 Safari/537.36" "linassoc.com"
157.245.149.166 - - [02/Jan/2023:19:19:53 -0800] "GET /wp/wp-includes/wlwmanifest.xml HTTP/1.1" 404 73 "-" "Mozilla/5.0 (Windows NT 10.0; Win64; x64) AppleWebKit/537.36 (KHTML, like Gecko) Chrome/78.0.3904.108 Safari/537.36" "linassoc.com"
157.245.149.166 - - [02/Jan/2023:19:19:54 -0800] "GET /news/wp-includes/wlwmanifest.xml HTTP/1.1" 404 73 "-" "Mozilla/5.0 (Windows NT 10.0; Win64; x64) AppleWebKit/537.36 (KHTML, like Gecko) Chrome/78.0.3904.108 Safari/537.36" "linassoc.com"
157.245.149.166 - - [02/Jan/2023:19:19:54 -0800] "GET /2018/wp-includes/wlwmanifest.xml HTTP/1.1" 404 73 "-" "Mozilla/5.0 (Windows NT 10.0; Win64; x64) AppleWebKit/537.36 (KHTML, like Gecko) Chrome/78.0.3904.108 Safari/537.36" "linassoc.com"
157.245.149.166 - - [02/Jan/2023:19:19:55 -0800] "GET /2019/wp-includes/wlwmanifest.xml HTTP/1.1" 404 73 "-" "Mozilla/5.0 (Windows NT 10.0; Win64; x64) AppleWebKit/537.36 (KHTML, like Gecko) Chrome/78.0.3904.108 Safari/537.36" "linassoc.com"
157.245.149.166 - - [02/Jan/2023:19:19:58 -0800] "GET /shop/wp-includes/wlwmanifest.xml HTTP/1.1" 404 73 "-" "Mozilla/5.0 (Windows NT 10.0; Win64; x64) AppleWebKit/537.36 (KHTML, like Gecko) Chrome/78.0.3904.108 Safari/537.36" "linassoc.com"
157.245.149.166 - - [02/Jan/2023:19:19:59 -0800] "GET /wp1/wp-includes/wlwmanifest.xml HTTP/1.1" 404 73 "-" "Mozilla/5.0 (Windows NT 10.0; Win64; x64) AppleWebKit/537.36 (KHTML, like Gecko) Chrome/78.0.3904.108 Safari/537.36" "linassoc.com"
157.245.149.166 - - [02/Jan/2023:19:20:00 -0800] "GET /test/wp-includes/wlwmanifest.xml HTTP/1.1" 404 73 "-" "Mozilla/5.0 (Windows NT 10.0; Win64; x64) AppleWebKit/537.36 (KHTML, like Gecko) Chrome/78.0.3904.108 Safari/537.36" "linassoc.com"
157.245.149.166 - - [02/Jan/2023:19:20:00 -0800] "GET /media/wp-includes/wlwmanifest.xml HTTP/1.1" 404 73 "-" "Mozilla/5.0 (Windows NT 10.0; Win64; x64) AppleWebKit/537.36 (KHTML, like Gecko) Chrome/78.0.3904.108 Safari/537.36" "linassoc.com"
157.245.149.166 - - [02/Jan/2023:19:20:01 -0800] "GET /wp2/wp-includes/wlwmanifest.xml HTTP/1.1" 404 73 "-" "Mozilla/5.0 (Windows NT 10.0; Win64; x64) AppleWebKit/537.36 (KHTML, like Gecko) Chrome/78.0.3904.108 Safari/537.36" "linassoc.com"
157.245.149.166 - - [02/Jan/2023:19:20:01 -0800] "GET /site/wp-includes/wlwmanifest.xml HTTP/1.1" 404 73 "-" "Mozilla/5.0 (Windows NT 10.0; Win64; x64) AppleWebKit/537.36 (KHTML, like Gecko) Chrome/78.0.3904.108 Safari/537.36" "linassoc.com"
157.245.149.166 - - [02/Jan/2023:19:20:02 -0800] "GET /cms/wp-includes/wlwmanifest.xml HTTP/1.1" 404 73 "-" "Mozilla/5.0 (Windows NT 10.0; Win64; x64) AppleWebKit/537.36 (KHTML, like Gecko) Chrome/78.0.3904.108 Safari/537.36" "linassoc.com"
157.245.149.166 - - [02/Jan/2023:19:20:02 -0800] "GET /sito/wp-includes/wlwmanifest.xml HTTP/1.1" 404 73 "-" "Mozilla/5.0 (Windows NT 10.0; Win64; x64) AppleWebKit/537.36 (KHTML, like Gecko) Chrome/78.0.3904.108 Safari/537.36" "linassoc.com"
51.222.253.12 - - [02/Jan/2023:19:44:26 -0800] "GET /profile062605_files/images/?C=D;O=A HTTP/1.1" 200 332 "-" "Mozilla/5.0 (compatible; AhrefsBot/7.0; +http://ahrefs.com/robot/)" "linassoc.com"
114.119.159.39 - - [02/Jan/2023:20:02:24 -0800] "GET /index073005_files/images/?C=N%3BO%3DD HTTP/1.1" 200 330 "http://linassoc.com/index073005_files/images/?C=D%3BO%3DA" "Mozilla/5.0 (Linux; Android 7.0;) AppleWebKit/537.36 (KHTML, like Gecko) Mobile Safari/537.36 (compatible; PetalBot;+https://webmaster.petalsearch.com/site/petalbot)" "linassoc.com"
216.244.66.245 - - [02/Jan/2023:20:09:57 -0800] "GET /robots.txt HTTP/1.1" 404 73 "-" "Mozilla/5.0 (compatible; DotBot/1.2; +https://opensiteexplorer.org/dotbot; help@moz.com)" "linassoc.com"
216.244.66.245 - - [02/Jan/2023:20:09:57 -0800] "GET /robots.txt HTTP/1.1" 404 73 "-" "Mozilla/5.0 (compatible; DotBot/1.2; +https://opensiteexplorer.org/dotbot; help@moz.com)" "www.linassoc.com"
114.119.150.155 - - [02/Jan/2023:20:17:43 -0800] "GET /_overlay/images/ HTTP/1.1" 200 321 "http://linassoc.com/_overlay/" "Mozilla/5.0 (Linux; Android 7.0;) AppleWebKit/537.36 (KHTML, like Gecko) Mobile Safari/537.36 (compatible; PetalBot;+https://webmaster.petalsearch.com/site/petalbot)" "linassoc.com"
51.222.253.10 - - [02/Jan/2023:20:19:59 -0800] "GET /profile062605_files/images/?C=M;O=A HTTP/1.1" 200 331 "-" "Mozilla/5.0 (compatible; AhrefsBot/7.0; +http://ahrefs.com/robot/)" "linassoc.com"
114.119.154.189 - - [02/Jan/2023:20:45:56 -0800] "GET /contact062605_files/?C=N%3BO%3DD HTTP/1.1" 200 457 "http://linassoc.com/contact062605_files/?C=M%3BO%3DA" "Mozilla/5.0 (Linux; Android 7.0;) AppleWebKit/537.36 (KHTML, like Gecko) Mobile Safari/537.36 (compatible; PetalBot;+https://webmaster.petalsearch.com/site/petalbot)" "linassoc.com"
51.222.253.4 - - [02/Jan/2023:20:54:09 -0800] "GET /profile062605_files/images/?C=D;O=D HTTP/1.1" 200 330 "-" "Mozilla/5.0 (compatible; AhrefsBot/7.0; +http://ahrefs.com/robot/)" "linassoc.com"
164.92.189.249 - - [02/Jan/2023:20:59:12 -0800] "GET /index2_files/ HTTP/1.1" 200 315 "-" "Mozilla/5.0 (Macintosh; Intel Mac OS X 10_15_7) AppleWebKit/537.36 (KHTML, like Gecko) Chrome/107.0.0.0 Safari/537.36" "www.linassoc.com"
216.244.66.245 - - [02/Jan/2023:21:02:33 -0800] "GET /robots.txt HTTP/1.1" 404 73 "-" "Mozilla/5.0 (compatible; DotBot/1.2; +https://opensiteexplorer.org/dotbot; help@moz.com)" "linassoc.com"
216.244.66.245 - - [02/Jan/2023:21:02:33 -0800] "GET /robots.txt HTTP/1.1" 404 73 "-" "Mozilla/5.0 (compatible; DotBot/1.2; +https://opensiteexplorer.org/dotbot; help@moz.com)" "www.linassoc.com"
64.124.8.29 - - [02/Jan/2023:21:11:29 -0800] "GET /_themes/blank/blbull2.gif HTTP/1.1" 200 62 "-" "Mozilla/5.0 (Macintosh; Intel Mac OS X 10_15_7) AppleWebKit/537.36 (KHTML, like Gecko) Chrome/107.0.0.0 Safari/537.36" "linassoc.com"
64.124.8.29 - - [02/Jan/2023:21:11:32 -0800] "GET /_themes/blank/blvbp.gif HTTP/1.1" 200 329 "-" "Mozilla/5.0 (Macintosh; Intel Mac OS X 10_15_7) AppleWebKit/537.36 (KHTML, like Gecko) Chrome/107.0.0.0 Safari/537.36" "linassoc.com"
64.124.8.29 - - [02/Jan/2023:21:11:32 -0800] "GET /_themes/blank/blbull1.gif HTTP/1.1" 200 77 "-" "Mozilla/5.0 (Macintosh; Intel Mac OS X 10_15_7) AppleWebKit/537.36 (KHTML, like Gecko) Chrome/107.0.0.0 Safari/537.36" "linassoc.com"
64.124.8.29 - - [02/Jan/2023:21:11:32 -0800] "GET /images/linassoc_logo_skinny.jpg HTTP/1.1" 200 25801 "-" "Mozilla/5.0 (Macintosh; Intel Mac OS X 10_15_7) AppleWebKit/537.36 (KHTML, like Gecko) Chrome/107.0.0.0 Safari/537.36" "linassoc.com"
64.124.8.29 - - [02/Jan/2023:21:11:32 -0800] "GET /_themes/blank/blglb.gif HTTP/1.1" 200 132 "-" "Mozilla/5.0 (Macintosh; Intel Mac OS X 10_15_7) AppleWebKit/537.36 (KHTML, like Gecko) Chrome/107.0.0.0 Safari/537.36" "linassoc.com"
64.124.8.29 - - [02/Jan/2023:21:11:37 -0800] "GET /_themes/blank/blprevh.gif HTTP/1.1" 200 164 "-" "Mozilla/5.0 (Macintosh; Intel Mac OS X 10_15_7) AppleWebKit/537.36 (KHTML, like Gecko) Chrome/107.0.0.0 Safari/537.36" "linassoc.com"
64.124.8.29 - - [02/Jan/2023:21:11:51 -0800] "GET /NAV%20resources.jpg HTTP/1.1" 200 7683 "-" "Mozilla/5.0 (Macintosh; Intel Mac OS X 10_15_7) AppleWebKit/537.36 (KHTML, like Gecko) Chrome/107.0.0.0 Safari/537.36" "linassoc.com"
51.222.253.8 - - [02/Jan/2023:21:49:45 -0800] "GET /_themes/?C=M;O=D HTTP/1.1" 200 444 "-" "Mozilla/5.0 (compatible; AhrefsBot/7.0; +http://ahrefs.com/robot/)" "linassoc.com"
216.244.66.245 - - [02/Jan/2023:21:58:25 -0800] "GET /robots.txt HTTP/1.1" 404 73 "-" "Mozilla/5.0 (compatible; DotBot/1.2; +https://opensiteexplorer.org/dotbot; help@moz.com)" "www.linassoc.com"
216.244.66.245 - - [02/Jan/2023:21:58:25 -0800] "GET /robots.txt HTTP/1.1" 404 73 "-" "Mozilla/5.0 (compatible; DotBot/1.2; +https://opensiteexplorer.org/dotbot; help@moz.com)" "linassoc.com"
114.119.133.56 - - [02/Jan/2023:22:06:09 -0800] "GET /media/ HTTP/1.1" 200 369 "http://linassoc.com/?C=S%3BO%3DA" "Mozilla/5.0 (Linux; Android 7.0;) AppleWebKit/537.36 (KHTML, like Gecko) Mobile Safari/537.36 (compatible; PetalBot;+https://webmaster.petalsearch.com/site/petalbot)" "linassoc.com"
49.7.20.68 - - [02/Jan/2023:22:11:09 -0800] "GET / HTTP/1.1" 200 779 "-" "Sogou web spider/4.0(+http://www.sogou.com/docs/help/webmasters.htm#07)" "www.linassoc.com"
114.119.136.12 - - [02/Jan/2023:22:18:15 -0800] "GET /_themes/water/graph0.css HTTP/1.1" 200 332 "http://linassoc.com/_themes/water/" "Mozilla/5.0 (Linux; Android 7.0;) AppleWebKit/537.36 (KHTML, like Gecko) Mobile Safari/537.36 (compatible; PetalBot;+https://webmaster.petalsearch.com/site/petalbot)" "linassoc.com"
114.119.156.110 - - [02/Jan/2023:22:27:34 -0800] "GET /_private/ HTTP/1.1" 403 170 "http://linassoc.com/?C=S%3BO%3DA" "Mozilla/5.0 (Linux; Android 7.0;) AppleWebKit/537.36 (KHTML, like Gecko) Mobile Safari/537.36 (compatible; PetalBot;+https://webmaster.petalsearch.com/site/petalbot)" "linassoc.com"
61.135.159.147 - - [02/Jan/2023:22:31:35 -0800] "GET / HTTP/1.1" 200 779 "-" "Sogou web spider/4.0(+http://www.sogou.com/docs/help/webmasters.htm#07)" "linassoc.com"
216.244.66.245 - - [02/Jan/2023:22:53:48 -0800] "GET /robots.txt HTTP/1.1" 404 73 "-" "Mozilla/5.0 (compatible; DotBot/1.2; +https://opensiteexplorer.org/dotbot; help@moz.com)" "linassoc.com"
216.244.66.245 - - [02/Jan/2023:22:53:48 -0800] "GET /robots.txt HTTP/1.1" 404 73 "-" "Mozilla/5.0 (compatible; DotBot/1.2; +https://opensiteexplorer.org/dotbot; help@moz.com)" "www.linassoc.com"
51.222.253.8 - - [02/Jan/2023:23:43:09 -0800] "GET /profile062605_files/images/?C=M;O=D HTTP/1.1" 200 330 "-" "Mozilla/5.0 (compatible; AhrefsBot/7.0; +http://ahrefs.com/robot/)" "linassoc.com"
216.244.66.245 - - [02/Jan/2023:23:47:52 -0800] "GET /robots.txt HTTP/1.1" 404 73 "-" "Mozilla/5.0 (compatible; DotBot/1.2; +https://opensiteexplorer.org/dotbot; help@moz.com)" "linassoc.com"
216.244.66.245 - - [02/Jan/2023:23:47:54 -0800] "GET /robots.txt HTTP/1.1" 404 73 "-" "Mozilla/5.0 (compatible; DotBot/1.2; +https://opensiteexplorer.org/dotbot; help@moz.com)" "www.linassoc.com"
114.119.135.96 - - [03/Jan/2023:00:06:27 -0800] "GET /linassoc072205/profile062605_files/?C=S%3BO%3DA HTTP/1.1" 200 439 "http://linassoc.com/linassoc072205/profile062605_files/" "Mozilla/5.0 (Linux; Android 7.0;) AppleWebKit/537.36 (KHTML, like Gecko) Mobile Safari/537.36 (compatible; PetalBot;+https://webmaster.petalsearch.com/site/petalbot)" "linassoc.com"
114.119.135.206 - - [03/Jan/2023:00:17:11 -0800] "GET /robots.txt HTTP/1.1" 404 88 "-" "Mozilla/5.0 (compatible;PetalBot;+https://webmaster.petalsearch.com/site/petalbot)" "linassoc.com"
216.244.66.245 - - [03/Jan/2023:00:43:04 -0800] "GET /robots.txt HTTP/1.1" 404 73 "-" "Mozilla/5.0 (compatible; DotBot/1.2; +https://opensiteexplorer.org/dotbot; help@moz.com)" "www.linassoc.com"
216.244.66.245 - - [03/Jan/2023:00:43:04 -0800] "GET /robots.txt HTTP/1.1" 404 73 "-" "Mozilla/5.0 (compatible; DotBot/1.2; +https://opensiteexplorer.org/dotbot; help@moz.com)" "linassoc.com"
123.125.109.54 - - [03/Jan/2023:01:27:04 -0800] "GET / HTTP/1.1" 200 779 "-" "Sogou web spider/4.0(+http://www.sogou.com/docs/help/webmasters.htm#07)" "www.linassoc.com"
216.244.66.245 - - [03/Jan/2023:01:38:28 -0800] "GET /robots.txt HTTP/1.1" 404 73 "-" "Mozilla/5.0 (compatible; DotBot/1.2; +https://opensiteexplorer.org/dotbot; help@moz.com)" "www.linassoc.com"
216.244.66.245 - - [03/Jan/2023:01:38:28 -0800] "GET /robots.txt HTTP/1.1" 404 73 "-" "Mozilla/5.0 (compatible; DotBot/1.2; +https://opensiteexplorer.org/dotbot; help@moz.com)" "linassoc.com"
35.188.53.245 - - [03/Jan/2023:01:58:16 -0800] "GET / HTTP/1.1" 200 779 "http://fbkwriter.com/about-me/" "Mozilla/5.0 (Macintosh; Intel Mac OS X 10_14_5) AppleWebKit/537.36 (KHTML, like Gecko) Chrome/74.0.3729.169 Safari/537.36" "linassoc.com"
35.188.53.245 - - [03/Jan/2023:01:58:16 -0800] "GET / HTTP/1.1" 200 779 "-" "python-requests/2.9.1" "linassoc.com"
35.188.53.245 - - [03/Jan/2023:01:58:16 -0800] "GET / HTTP/1.1" 200 779 "http://fbkwriter.com/about-me/" "Mozilla/5.0 (Macintosh; Intel Mac OS X 10_14_5) AppleWebKit/537.36 (KHTML, like Gecko) Chrome/74.0.3729.169 Safari/537.36" "linassoc.com"
35.188.53.245 - - [03/Jan/2023:01:58:22 -0800] "GET / HTTP/1.1" 200 779 "http://fbkwriter.com/about-me/" "Mozilla/5.0 (Macintosh; Intel Mac OS X 10_14_5) AppleWebKit/537.36 (KHTML, like Gecko) Chrome/74.0.3729.169 Safari/537.36" "linassoc.com"
35.188.53.245 - - [03/Jan/2023:01:58:29 -0800] "GET /?C=N;O=D HTTP/1.1" 200 780 "http://fbkwriter.com/about-me/" "Mozilla/5.0 (Macintosh; Intel Mac OS X 10_14_5) AppleWebKit/537.36 (KHTML, like Gecko) Chrome/74.0.3729.169 Safari/537.36" "linassoc.com"
35.188.53.245 - - [03/Jan/2023:01:58:35 -0800] "GET /?C=M;O=A HTTP/1.1" 200 776 "http://fbkwriter.com/about-me/" "Mozilla/5.0 (Macintosh; Intel Mac OS X 10_14_5) AppleWebKit/537.36 (KHTML, like Gecko) Chrome/74.0.3729.169 Safari/537.36" "linassoc.com"
35.188.53.245 - - [03/Jan/2023:01:58:41 -0800] "GET /?C=S;O=A HTTP/1.1" 200 771 "http://fbkwriter.com/about-me/" "Mozilla/5.0 (Macintosh; Intel Mac OS X 10_14_5) AppleWebKit/537.36 (KHTML, like Gecko) Chrome/74.0.3729.169 Safari/537.36" "linassoc.com"
35.188.53.245 - - [03/Jan/2023:01:58:47 -0800] "GET /?C=D;O=A HTTP/1.1" 200 779 "http://fbkwriter.com/about-me/" "Mozilla/5.0 (Macintosh; Intel Mac OS X 10_14_5) AppleWebKit/537.36 (KHTML, like Gecko) Chrome/74.0.3729.169 Safari/537.36" "linassoc.com"
35.188.53.245 - - [03/Jan/2023:01:58:53 -0800] "GET /_derived/ HTTP/1.1" 200 314 "http://fbkwriter.com/about-me/" "Mozilla/5.0 (Macintosh; Intel Mac OS X 10_14_5) AppleWebKit/537.36 (KHTML, like Gecko) Chrome/74.0.3729.169 Safari/537.36" "linassoc.com"
35.188.53.245 - - [03/Jan/2023:01:59:00 -0800] "GET /_fpclass/ HTTP/1.1" 200 313 "http://fbkwriter.com/about-me/" "Mozilla/5.0 (Macintosh; Intel Mac OS X 10_14_5) AppleWebKit/537.36 (KHTML, like Gecko) Chrome/74.0.3729.169 Safari/537.36" "linassoc.com"
35.188.53.245 - - [03/Jan/2023:01:59:06 -0800] "GET /_overlay/ HTTP/1.1" 200 525 "http://fbkwriter.com/about-me/" "Mozilla/5.0 (Macintosh; Intel Mac OS X 10_14_5) AppleWebKit/537.36 (KHTML, like Gecko) Chrome/74.0.3729.169 Safari/537.36" "linassoc.com"
35.188.53.245 - - [03/Jan/2023:01:59:12 -0800] "GET /_private/ HTTP/1.1" 403 170 "http://fbkwriter.com/about-me/" "Mozilla/5.0 (Macintosh; Intel Mac OS X 10_14_5) AppleWebKit/537.36 (KHTML, like Gecko) Chrome/74.0.3729.169 Safari/537.36" "linassoc.com"
35.188.53.245 - - [03/Jan/2023:01:59:18 -0800] "GET /_themes/ HTTP/1.1" 200 447 "http://fbkwriter.com/about-me/" "Mozilla/5.0 (Macintosh; Intel Mac OS X 10_14_5) AppleWebKit/537.36 (KHTML, like Gecko) Chrome/74.0.3729.169 Safari/537.36" "linassoc.com"
35.188.53.245 - - [03/Jan/2023:01:59:24 -0800] "GET /contact062605_files/ HTTP/1.1" 200 457 "http://fbkwriter.com/about-me/" "Mozilla/5.0 (Macintosh; Intel Mac OS X 10_14_5) AppleWebKit/537.36 (KHTML, like Gecko) Chrome/74.0.3729.169 Safari/537.36" "linassoc.com"
35.188.53.245 - - [03/Jan/2023:01:59:30 -0800] "GET /contact_files/ HTTP/1.1" 200 458 "http://fbkwriter.com/about-me/" "Mozilla/5.0 (Macintosh; Intel Mac OS X 10_14_5) AppleWebKit/537.36 (KHTML, like Gecko) Chrome/74.0.3729.169 Safari/537.36" "linassoc.com"
35.188.53.245 - - [03/Jan/2023:01:59:36 -0800] "GET /images/ HTTP/1.1" 200 973 "http://fbkwriter.com/about-me/" "Mozilla/5.0 (Macintosh; Intel Mac OS X 10_14_5) AppleWebKit/537.36 (KHTML, like Gecko) Chrome/74.0.3729.169 Safari/537.36" "linassoc.com"
35.188.53.245 - - [03/Jan/2023:01:59:43 -0800] "GET /index062605_files/ HTTP/1.1" 200 322 "http://fbkwriter.com/about-me/" "Mozilla/5.0 (Macintosh; Intel Mac OS X 10_14_5) AppleWebKit/537.36 (KHTML, like Gecko) Chrome/74.0.3729.169 Safari/537.36" "linassoc.com"
35.188.53.245 - - [03/Jan/2023:01:59:49 -0800] "GET /index073005_files/ HTTP/1.1" 200 466 "http://fbkwriter.com/about-me/" "Mozilla/5.0 (Macintosh; Intel Mac OS X 10_14_5) AppleWebKit/537.36 (KHTML, like Gecko) Chrome/74.0.3729.169 Safari/537.36" "linassoc.com"
35.188.53.245 - - [03/Jan/2023:01:59:55 -0800] "GET /index2_files/ HTTP/1.1" 200 315 "http://fbkwriter.com/about-me/" "Mozilla/5.0 (Macintosh; Intel Mac OS X 10_14_5) AppleWebKit/537.36 (KHTML, like Gecko) Chrome/74.0.3729.169 Safari/537.36" "linassoc.com"
35.188.53.245 - - [03/Jan/2023:02:00:01 -0800] "GET /index_files/ HTTP/1.1" 200 314 "http://fbkwriter.com/about-me/" "Mozilla/5.0 (Macintosh; Intel Mac OS X 10_14_5) AppleWebKit/537.36 (KHTML, like Gecko) Chrome/74.0.3729.169 Safari/537.36" "linassoc.com"
35.188.53.245 - - [03/Jan/2023:02:00:07 -0800] "GET /linassoc072205/ HTTP/1.1" 200 381 "http://fbkwriter.com/about-me/" "Mozilla/5.0 (Macintosh; Intel Mac OS X 10_14_5) AppleWebKit/537.36 (KHTML, like Gecko) Chrome/74.0.3729.169 Safari/537.36" "linassoc.com"
35.188.53.245 - - [03/Jan/2023:02:00:13 -0800] "GET /media/ HTTP/1.1" 200 369 "http://fbkwriter.com/about-me/" "Mozilla/5.0 (Macintosh; Intel Mac OS X 10_14_5) AppleWebKit/537.36 (KHTML, like Gecko) Chrome/74.0.3729.169 Safari/537.36" "linassoc.com"
35.188.53.245 - - [03/Jan/2023:02:00:19 -0800] "GET /navigation_bars/ HTTP/1.1" 200 370 "http://fbkwriter.com/about-me/" "Mozilla/5.0 (Macintosh; Intel Mac OS X 10_14_5) AppleWebKit/537.36 (KHTML, like Gecko) Chrome/74.0.3729.169 Safari/537.36" "linassoc.com"
35.188.53.245 - - [03/Jan/2023:02:00:26 -0800] "GET /profile062605_files/ HTTP/1.1" 200 457 "http://fbkwriter.com/about-me/" "Mozilla/5.0 (Macintosh; Intel Mac OS X 10_14_5) AppleWebKit/537.36 (KHTML, like Gecko) Chrome/74.0.3729.169 Safari/537.36" "linassoc.com"
35.188.53.245 - - [03/Jan/2023:02:00:32 -0800] "GET /profile_files/ HTTP/1.1" 200 457 "http://fbkwriter.com/about-me/" "Mozilla/5.0 (Macintosh; Intel Mac OS X 10_14_5) AppleWebKit/537.36 (KHTML, like Gecko) Chrome/74.0.3729.169 Safari/537.36" "linassoc.com"
35.188.53.245 - - [03/Jan/2023:02:00:38 -0800] "GET /?C=N;O=A HTTP/1.1" 200 779 "http://fbkwriter.com/about-me/" "Mozilla/5.0 (Macintosh; Intel Mac OS X 10_14_5) AppleWebKit/537.36 (KHTML, like Gecko) Chrome/74.0.3729.169 Safari/537.36" "linassoc.com"
35.188.53.245 - - [03/Jan/2023:02:00:44 -0800] "GET /?C=M;O=D HTTP/1.1" 200 778 "http://fbkwriter.com/about-me/" "Mozilla/5.0 (Macintosh; Intel Mac OS X 10_14_5) AppleWebKit/537.36 (KHTML, like Gecko) Chrome/74.0.3729.169 Safari/537.36" "linassoc.com"
35.188.53.245 - - [03/Jan/2023:02:00:50 -0800] "GET /?C=S;O=D HTTP/1.1" 200 776 "http://fbkwriter.com/about-me/" "Mozilla/5.0 (Macintosh; Intel Mac OS X 10_14_5) AppleWebKit/537.36 (KHTML, like Gecko) Chrome/74.0.3729.169 Safari/537.36" "linassoc.com"
35.188.53.245 - - [03/Jan/2023:02:00:57 -0800] "GET /?C=D;O=D HTTP/1.1" 200 780 "http://fbkwriter.com/about-me/" "Mozilla/5.0 (Macintosh; Intel Mac OS X 10_14_5) AppleWebKit/537.36 (KHTML, like Gecko) Chrome/74.0.3729.169 Safari/537.36" "linassoc.com"
35.188.53.245 - - [03/Jan/2023:02:01:03 -0800] "GET / HTTP/1.1" 200 779 "http://fbkwriter.com/about-me/" "Mozilla/5.0 (Macintosh; Intel Mac OS X 10_14_5) AppleWebKit/537.36 (KHTML, like Gecko) Chrome/74.0.3729.169 Safari/537.36" "linassoc.com"
35.188.53.245 - - [03/Jan/2023:02:01:09 -0800] "GET /contact.htm_nav_blank000_hbtn.gif HTTP/1.1" 404 88 "http://fbkwriter.com/about-me/" "Mozilla/5.0 (Macintosh; Intel Mac OS X 10_14_5) AppleWebKit/537.36 (KHTML, like Gecko) Chrome/74.0.3729.169 Safari/537.36" "linassoc.com"
35.188.53.245 - - [03/Jan/2023:02:01:15 -0800] "GET /contact062605.htm_nav_water010_vbtn.gif HTTP/1.1" 404 88 "http://fbkwriter.com/about-me/" "Mozilla/5.0 (Macintosh; Intel Mac OS X 10_14_5) AppleWebKit/537.36 (KHTML, like Gecko) Chrome/74.0.3729.169 Safari/537.36" "linassoc.com"
35.188.53.245 - - [03/Jan/2023:02:01:21 -0800] "GET /profile.htm_nav_blank000_hbtn.gif HTTP/1.1" 404 88 "http://fbkwriter.com/about-me/" "Mozilla/5.0 (Macintosh; Intel Mac OS X 10_14_5) AppleWebKit/537.36 (KHTML, like Gecko) Chrome/74.0.3729.169 Safari/537.36" "linassoc.com"
35.188.53.245 - - [03/Jan/2023:02:01:27 -0800] "GET /profile062605.htm_nav_water010_vbtn.gif HTTP/1.1" 404 88 "http://fbkwriter.com/about-me/" "Mozilla/5.0 (Macintosh; Intel Mac OS X 10_14_5) AppleWebKit/537.36 (KHTML, like Gecko) Chrome/74.0.3729.169 Safari/537.36" "linassoc.com"
35.188.53.245 - - [03/Jan/2023:02:01:33 -0800] "GET /resources.htm_nav_blank000_hbtn.gif HTTP/1.1" 404 88 "http://fbkwriter.com/about-me/" "Mozilla/5.0 (Macintosh; Intel Mac OS X 10_14_5) AppleWebKit/537.36 (KHTML, like Gecko) Chrome/74.0.3729.169 Safari/537.36" "linassoc.com"
35.188.53.245 - - [03/Jan/2023:02:01:40 -0800] "GET /resources062605.htm_nav_water010_vbtn.gif HTTP/1.1" 404 88 "http://fbkwriter.com/about-me/" "Mozilla/5.0 (Macintosh; Intel Mac OS X 10_14_5) AppleWebKit/537.36 (KHTML, like Gecko) Chrome/74.0.3729.169 Safari/537.36" "linassoc.com"
35.188.53.245 - - [03/Jan/2023:02:01:46 -0800] "GET /blank/ HTTP/1.1" 404 88 "http://fbkwriter.com/about-me/" "Mozilla/5.0 (Macintosh; Intel Mac OS X 10_14_5) AppleWebKit/537.36 (KHTML, like Gecko) Chrome/74.0.3729.169 Safari/537.36" "linassoc.com"
35.188.53.245 - - [03/Jan/2023:02:01:52 -0800] "GET /themes.inf HTTP/1.1" 404 88 "http://fbkwriter.com/about-me/" "Mozilla/5.0 (Macintosh; Intel Mac OS X 10_14_5) AppleWebKit/537.36 (KHTML, like Gecko) Chrome/74.0.3729.169 Safari/537.36" "linassoc.com"
35.188.53.245 - - [03/Jan/2023:02:01:58 -0800] "GET /water/ HTTP/1.1" 404 88 "http://fbkwriter.com/about-me/" "Mozilla/5.0 (Macintosh; Intel Mac OS X 10_14_5) AppleWebKit/537.36 (KHTML, like Gecko) Chrome/74.0.3729.169 Safari/537.36" "linassoc.com"
35.188.53.245 - - [03/Jan/2023:02:02:04 -0800] "GET /filelist.xml HTTP/1.1" 404 88 "http://fbkwriter.com/about-me/" "Mozilla/5.0 (Macintosh; Intel Mac OS X 10_14_5) AppleWebKit/537.36 (KHTML, like Gecko) Chrome/74.0.3729.169 Safari/537.36" "linassoc.com"
35.188.53.245 - - [03/Jan/2023:02:02:10 -0800] "GET /image001.gif HTTP/1.1" 404 88 "http://fbkwriter.com/about-me/" "Mozilla/5.0 (Macintosh; Intel Mac OS X 10_14_5) AppleWebKit/537.36 (KHTML, like Gecko) Chrome/74.0.3729.169 Safari/537.36" "linassoc.com"
35.188.53.245 - - [03/Jan/2023:02:02:16 -0800] "GET /DSC02336.JPG HTTP/1.1" 404 88 "http://fbkwriter.com/about-me/" "Mozilla/5.0 (Macintosh; Intel Mac OS X 10_14_5) AppleWebKit/537.36 (KHTML, like Gecko) Chrome/74.0.3729.169 Safari/537.36" "linassoc.com"
35.188.53.245 - - [03/Jan/2023:02:02:22 -0800] "GET /DSC02349.JPG HTTP/1.1" 404 88 "http://fbkwriter.com/about-me/" "Mozilla/5.0 (Macintosh; Intel Mac OS X 10_14_5) AppleWebKit/537.36 (KHTML, like Gecko) Chrome/74.0.3729.169 Safari/537.36" "linassoc.com"
35.188.53.245 - - [03/Jan/2023:02:02:28 -0800] "GET /Frank_Lin_Black_White.JPG HTTP/1.1" 404 88 "http://fbkwriter.com/about-me/" "Mozilla/5.0 (Macintosh; Intel Mac OS X 10_14_5) AppleWebKit/537.36 (KHTML, like Gecko) Chrome/74.0.3729.169 Safari/537.36" "linassoc.com"
35.188.53.245 - - [03/Jan/2023:02:02:35 -0800] "GET /MsSpacer.gif HTTP/1.1" 404 88 "http://fbkwriter.com/about-me/" "Mozilla/5.0 (Macintosh; Intel Mac OS X 10_14_5) AppleWebKit/537.36 (KHTML, like Gecko) Chrome/74.0.3729.169 Safari/537.36" "linassoc.com"
35.188.53.245 - - [03/Jan/2023:02:02:41 -0800] "GET /New_Lin_Family.JPG HTTP/1.1" 404 88 "http://fbkwriter.com/about-me/" "Mozilla/5.0 (Macintosh; Intel Mac OS X 10_14_5) AppleWebKit/537.36 (KHTML, like Gecko) Chrome/74.0.3729.169 Safari/537.36" "linassoc.com"
35.188.53.245 - - [03/Jan/2023:02:02:47 -0800] "GET /Thumbs.db HTTP/1.1" 404 88 "http://fbkwriter.com/about-me/" "Mozilla/5.0 (Macintosh; Intel Mac OS X 10_14_5) AppleWebKit/537.36 (KHTML, like Gecko) Chrome/74.0.3729.169 Safari/537.36" "linassoc.com"
35.188.53.245 - - [03/Jan/2023:02:02:53 -0800] "GET /bw_robinson.JPG HTTP/1.1" 404 88 "http://fbkwriter.com/about-me/" "Mozilla/5.0 (Macintosh; Intel Mac OS X 10_14_5) AppleWebKit/537.36 (KHTML, like Gecko) Chrome/74.0.3729.169 Safari/537.36" "linassoc.com"
35.188.53.245 - - [03/Jan/2023:02:02:59 -0800] "GET /lorenzo_for_announcemt.JPG HTTP/1.1" 404 88 "http://fbkwriter.com/about-me/" "Mozilla/5.0 (Macintosh; Intel Mac OS X 10_14_5) AppleWebKit/537.36 (KHTML, like Gecko) Chrome/74.0.3729.169 Safari/537.36" "linassoc.com"
35.188.53.245 - - [03/Jan/2023:02:03:05 -0800] "GET /tatiana_headshot_cropped.JPG HTTP/1.1" 404 88 "http://fbkwriter.com/about-me/" "Mozilla/5.0 (Macintosh; Intel Mac OS X 10_14_5) AppleWebKit/537.36 (KHTML, like Gecko) Chrome/74.0.3729.169 Safari/537.36" "linassoc.com"
35.188.53.245 - - [03/Jan/2023:02:03:11 -0800] "GET /twins_together_cropped.JPG HTTP/1.1" 404 88 "http://fbkwriter.com/about-me/" "Mozilla/5.0 (Macintosh; Intel Mac OS X 10_14_5) AppleWebKit/537.36 (KHTML, like Gecko) Chrome/74.0.3729.169 Safari/537.36" "linassoc.com"
35.188.53.245 - - [03/Jan/2023:02:03:17 -0800] "GET /image002.gif HTTP/1.1" 404 88 "http://fbkwriter.com/about-me/" "Mozilla/5.0 (Macintosh; Intel Mac OS X 10_14_5) AppleWebKit/537.36 (KHTML, like Gecko) Chrome/74.0.3729.169 Safari/537.36" "linassoc.com"
35.188.53.245 - - [03/Jan/2023:02:03:23 -0800] "GET /20070505125518.mpg HTTP/1.1" 404 88 "http://fbkwriter.com/about-me/" "Mozilla/5.0 (Macintosh; Intel Mac OS X 10_14_5) AppleWebKit/537.36 (KHTML, like Gecko) Chrome/74.0.3729.169 Safari/537.36" "linassoc.com"
35.188.53.245 - - [03/Jan/2023:02:03:30 -0800] "GET /navbar.nav HTTP/1.1" 404 88 "http://fbkwriter.com/about-me/" "Mozilla/5.0 (Macintosh; Intel Mac OS X 10_14_5) AppleWebKit/537.36 (KHTML, like Gecko) Chrome/74.0.3729.169 Safari/537.36" "linassoc.com"
51.222.253.1 - - [03/Jan/2023:02:14:16 -0800] "GET /_fpclass/ HTTP/1.1" 200 313 "-" "Mozilla/5.0 (compatible; AhrefsBot/7.0; +http://ahrefs.com/robot/)" "linassoc.com"
216.244.66.245 - - [03/Jan/2023:02:33:11 -0800] "GET /robots.txt HTTP/1.1" 404 73 "-" "Mozilla/5.0 (compatible; DotBot/1.2; +https://opensiteexplorer.org/dotbot; help@moz.com)" "linassoc.com"
216.244.66.245 - - [03/Jan/2023:02:33:11 -0800] "GET /robots.txt HTTP/1.1" 404 73 "-" "Mozilla/5.0 (compatible; DotBot/1.2; +https://opensiteexplorer.org/dotbot; help@moz.com)" "www.linassoc.com"
199.244.88.232 - - [03/Jan/2023:02:52:14 -0800] "GET / HTTP/1.1" 200 779 "-" "Mozilla/5.0 (X11; Linux x86_64) AppleWebKit/537.36 (KHTML, like Gecko) Chrome/105.0.0.0 Safari/537.36" "linassoc.com"
216.244.66.245 - - [03/Jan/2023:03:27:40 -0800] "GET /robots.txt HTTP/1.1" 404 73 "-" "Mozilla/5.0 (compatible; DotBot/1.2; +https://opensiteexplorer.org/dotbot; help@moz.com)" "linassoc.com"
114.119.135.182 - - [03/Jan/2023:03:29:24 -0800] "GET /profile_files/_private/ HTTP/1.1" 403 170 "http://linassoc.com/profile_files/?C=S%3BO%3DA" "Mozilla/5.0 (Linux; Android 7.0;) AppleWebKit/537.36 (KHTML, like Gecko) Mobile Safari/537.36 (compatible; PetalBot;+https://webmaster.petalsearch.com/site/petalbot)" "linassoc.com"
123.125.109.54 - - [03/Jan/2023:03:59:31 -0800] "GET / HTTP/1.1" 200 779 "-" "Sogou web spider/4.0(+http://www.sogou.com/docs/help/webmasters.htm#07)" "www.linassoc.com"
143.198.51.227 - - [03/Jan/2023:04:12:18 -0800] "GET /?C=M;O=A HTTP/1.1" 200 776 "-" "Mozilla/5.0 (Macintosh; Intel Mac OS X 10_15_7) AppleWebKit/537.36 (KHTML, like Gecko) Chrome/107.0.0.0 Safari/537.36" "linassoc.com"
216.244.66.245 - - [03/Jan/2023:04:21:26 -0800] "GET /robots.txt HTTP/1.1" 404 73 "-" "Mozilla/5.0 (compatible; DotBot/1.2; +https://opensiteexplorer.org/dotbot; help@moz.com)" "linassoc.com"
216.244.66.245 - - [03/Jan/2023:04:21:27 -0800] "GET /robots.txt HTTP/1.1" 404 73 "-" "Mozilla/5.0 (compatible; DotBot/1.2; +https://opensiteexplorer.org/dotbot; help@moz.com)" "www.linassoc.com"
193.169.253.80 - - [03/Jan/2023:04:55:16 -0800] "GET / HTTP/1.1" 200 3978 "-" "Mozilla/5.0 (Windows NT 10.0; Win64; x64) AppleWebKit/537.36 (KHTML, like Gecko) Chrome/79.0 Safari/537.36" "linassoc.com"
193.169.253.80 - - [03/Jan/2023:04:55:16 -0800] "GET /wp-includes/wlwmanifest.xml HTTP/1.1" 404 73 "-" "Mozilla/5.0 (Windows NT 10.0; Win64; x64) AppleWebKit/537.36 (KHTML, like Gecko) Chrome/79.0 Safari/537.36" "linassoc.com"
193.169.253.80 - - [03/Jan/2023:04:55:17 -0800] "GET /xmlrpc.php?rsd HTTP/1.1" 404 73 "-" "Mozilla/5.0 (Windows NT 10.0; Win64; x64) AppleWebKit/537.36 (KHTML, like Gecko) Chrome/79.0 Safari/537.36" "linassoc.com"
193.169.253.80 - - [03/Jan/2023:04:55:17 -0800] "GET / HTTP/1.1" 200 3978 "-" "Mozilla/5.0 (Windows NT 10.0; Win64; x64) AppleWebKit/537.36 (KHTML, like Gecko) Chrome/79.0 Safari/537.36" "linassoc.com"
193.169.253.80 - - [03/Jan/2023:04:55:17 -0800] "GET /web/wp-includes/wlwmanifest.xml HTTP/1.1" 404 73 "-" "Mozilla/5.0 (Windows NT 10.0; Win64; x64) AppleWebKit/537.36 (KHTML, like Gecko) Chrome/79.0 Safari/537.36" "linassoc.com"
193.169.253.80 - - [03/Jan/2023:04:55:18 -0800] "GET /wordpress/wp-includes/wlwmanifest.xml HTTP/1.1" 404 73 "-" "Mozilla/5.0 (Windows NT 10.0; Win64; x64) AppleWebKit/537.36 (KHTML, like Gecko) Chrome/79.0 Safari/537.36" "linassoc.com"
193.169.253.80 - - [03/Jan/2023:04:55:18 -0800] "GET /website/wp-includes/wlwmanifest.xml HTTP/1.1" 404 73 "-" "Mozilla/5.0 (Windows NT 10.0; Win64; x64) AppleWebKit/537.36 (KHTML, like Gecko) Chrome/79.0 Safari/537.36" "linassoc.com"
193.169.253.80 - - [03/Jan/2023:04:55:18 -0800] "GET /wp/wp-includes/wlwmanifest.xml HTTP/1.1" 404 73 "-" "Mozilla/5.0 (Windows NT 10.0; Win64; x64) AppleWebKit/537.36 (KHTML, like Gecko) Chrome/79.0 Safari/537.36" "linassoc.com"
193.169.253.80 - - [03/Jan/2023:04:55:19 -0800] "GET /news/wp-includes/wlwmanifest.xml HTTP/1.1" 404 73 "-" "Mozilla/5.0 (Windows NT 10.0; Win64; x64) AppleWebKit/537.36 (KHTML, like Gecko) Chrome/79.0 Safari/537.36" "linassoc.com"
193.169.253.80 - - [03/Jan/2023:04:55:19 -0800] "GET /wp1/wp-includes/wlwmanifest.xml HTTP/1.1" 404 73 "-" "Mozilla/5.0 (Windows NT 10.0; Win64; x64) AppleWebKit/537.36 (KHTML, like Gecko) Chrome/79.0 Safari/537.36" "linassoc.com"
193.169.253.80 - - [03/Jan/2023:04:55:19 -0800] "GET /test/wp-includes/wlwmanifest.xml HTTP/1.1" 404 73 "-" "Mozilla/5.0 (Windows NT 10.0; Win64; x64) AppleWebKit/537.36 (KHTML, like Gecko) Chrome/79.0 Safari/537.36" "linassoc.com"
193.169.253.80 - - [03/Jan/2023:04:55:19 -0800] "GET /wp2/wp-includes/wlwmanifest.xml HTTP/1.1" 404 73 "-" "Mozilla/5.0 (Windows NT 10.0; Win64; x64) AppleWebKit/537.36 (KHTML, like Gecko) Chrome/79.0 Safari/537.36" "linassoc.com"
193.169.253.80 - - [03/Jan/2023:04:55:20 -0800] "GET /site/wp-includes/wlwmanifest.xml HTTP/1.1" 404 73 "-" "Mozilla/5.0 (Windows NT 10.0; Win64; x64) AppleWebKit/537.36 (KHTML, like Gecko) Chrome/79.0 Safari/537.36" "linassoc.com"
193.169.253.80 - - [03/Jan/2023:04:55:20 -0800] "GET /cms/wp-includes/wlwmanifest.xml HTTP/1.1" 404 73 "-" "Mozilla/5.0 (Windows NT 10.0; Win64; x64) AppleWebKit/537.36 (KHTML, like Gecko) Chrome/79.0 Safari/537.36" "linassoc.com"
216.244.66.245 - - [03/Jan/2023:05:14:15 -0800] "GET /robots.txt HTTP/1.1" 404 73 "-" "Mozilla/5.0 (compatible; DotBot/1.2; +https://opensiteexplorer.org/dotbot; help@moz.com)" "www.linassoc.com"
216.244.66.245 - - [03/Jan/2023:05:14:15 -0800] "GET /robots.txt HTTP/1.1" 404 73 "-" "Mozilla/5.0 (compatible; DotBot/1.2; +https://opensiteexplorer.org/dotbot; help@moz.com)" "linassoc.com"
52.26.2.245 - - [03/Jan/2023:05:16:44 -0800] "GET / HTTP/1.1" 200 779 "-" "Mozilla/5.0 (X11; Linux x86_64) AppleWebKit/537.36 (KHTML, like Gecko) Chrome/83.0.4103.97 Safari/537.36" "linassoc.com"
52.36.93.91 - - [03/Jan/2023:05:17:18 -0800] "GET / HTTP/1.1" 200 779 "-" "Mozilla/5.0 (X11; Linux x86_64) AppleWebKit/537.36 (KHTML, like Gecko) Chrome/83.0.4103.97 Safari/537.36" "linassoc.com"
34.213.176.14 - - [03/Jan/2023:05:20:09 -0800] "GET / HTTP/1.1" 200 779 "-" "Mozilla/5.0 (X11; Linux x86_64) AppleWebKit/537.36 (KHTML, like Gecko) Chrome/83.0.4103.97 Safari/537.36" "linassoc.com"
54.148.210.113 - - [03/Jan/2023:05:20:53 -0800] "GET / HTTP/1.1" 200 779 "-" "Mozilla/5.0 (X11; Linux x86_64) AppleWebKit/537.36 (KHTML, like Gecko) Chrome/83.0.4103.97 Safari/537.36" "linassoc.com"
35.165.120.76 - - [03/Jan/2023:05:21:12 -0800] "GET /favicon.ico HTTP/1.1" 404 88 "-" "Mozilla/5.0 (X11; Linux x86_64) AppleWebKit/537.36 (KHTML, like Gecko) Chrome/83.0.4103.97 Safari/537.36" "linassoc.com"
35.165.120.76 - - [03/Jan/2023:05:21:13 -0800] "GET / HTTP/1.1" 200 779 "-" "Mozilla/5.0 (X11; Linux x86_64) AppleWebKit/537.36 (KHTML, like Gecko) Chrome/83.0.4103.97 Safari/537.36" "linassoc.com"
157.55.39.210 - - [03/Jan/2023:05:42:04 -0800] "GET /robots.txt HTTP/1.1" 404 88 "-" "Mozilla/5.0 AppleWebKit/537.36 (KHTML, like Gecko; compatible; bingbot/2.0; +http://www.bing.com/bingbot.htm) Chrome/103.0.5060.134 Safari/537.36" "www.linassoc.com"
157.55.39.210 - - [03/Jan/2023:05:42:04 -0800] "GET /robots.txt HTTP/1.1" 404 88 "-" "Mozilla/5.0 AppleWebKit/537.36 (KHTML, like Gecko; compatible; bingbot/2.0; +http://www.bing.com/bingbot.htm) Chrome/103.0.5060.134 Safari/537.36" "www.linassoc.com"
157.55.39.132 - - [03/Jan/2023:05:42:09 -0800] "GET /contact_files/ HTTP/1.1" 200 458 "-" "Mozilla/5.0 (compatible; bingbot/2.0; +http://www.bing.com/bingbot.htm)" "www.linassoc.com"
51.222.253.13 - - [03/Jan/2023:05:46:48 -0800] "GET /images/ HTTP/1.1" 200 973 "-" "Mozilla/5.0 (compatible; AhrefsBot/7.0; +http://ahrefs.com/robot/)" "linassoc.com"
64.124.8.24 - - [03/Jan/2023:06:00:49 -0800] "GET /NAV%20attorney%20profile.jpg HTTP/1.1" 200 8689 "-" "Mozilla/5.0 (Macintosh; Intel Mac OS X 10_15_7) AppleWebKit/537.36 (KHTML, like Gecko) Chrome/107.0.0.0 Safari/537.36" "linassoc.com"
64.124.8.24 - - [03/Jan/2023:06:00:49 -0800] "GET /_themes/blank/blhomeh.gif HTTP/1.1" 200 161 "-" "Mozilla/5.0 (Macintosh; Intel Mac OS X 10_15_7) AppleWebKit/537.36 (KHTML, like Gecko) Chrome/107.0.0.0 Safari/537.36" "linassoc.com"
64.124.8.24 - - [03/Jan/2023:06:00:49 -0800] "GET /_overlay/resources062605.htm_nav_water010_vbtn.gif HTTP/1.1" 200 213 "-" "Mozilla/5.0 (Macintosh; Intel Mac OS X 10_15_7) AppleWebKit/537.36 (KHTML, like Gecko) Chrome/107.0.0.0 Safari/537.36" "linassoc.com"
64.124.8.24 - - [03/Jan/2023:06:00:54 -0800] "GET /_themes/blank/blhbs.gif HTTP/1.1" 200 333 "-" "Mozilla/5.0 (Macintosh; Intel Mac OS X 10_15_7) AppleWebKit/537.36 (KHTML, like Gecko) Chrome/107.0.0.0 Safari/537.36" "linassoc.com"
64.124.8.24 - - [03/Jan/2023:06:01:05 -0800] "GET /_themes/blank/blphb.gif HTTP/1.1" 200 292 "-" "Mozilla/5.0 (Macintosh; Intel Mac OS X 10_15_7) AppleWebKit/537.36 (KHTML, like Gecko) Chrome/107.0.0.0 Safari/537.36" "linassoc.com"
49.7.20.68 - - [03/Jan/2023:06:58:02 -0800] "GET / HTTP/1.1" 200 779 "-" "Sogou web spider/4.0(+http://www.sogou.com/docs/help/webmasters.htm#07)" "linassoc.com"
120.76.135.15 - - [03/Jan/2023:07:06:02 -0800] "GET /wp-login.php HTTP/1.1" 404 88 "-" "Mozilla/5.0 (Windows NT 10; Win64; x64; rv:75.0) Gecko/20100101 Firefox/75.0" "linassoc.com"
51.222.253.17 - - [03/Jan/2023:07:56:54 -0800] "GET /robots.txt HTTP/1.1" 404 88 "-" "Mozilla/5.0 (compatible; AhrefsBot/7.0; +http://ahrefs.com/robot/)" "linassoc.com"
51.222.253.5 - - [03/Jan/2023:07:56:57 -0800] "GET / HTTP/1.1" 200 779 "-" "Mozilla/5.0 (compatible; AhrefsBot/7.0; +http://ahrefs.com/robot/)" "linassoc.com"
66.249.64.160 - - [03/Jan/2023:08:19:21 -0800] "GET /robots.txt HTTP/1.1" 404 88 "-" "Mozilla/5.0 (compatible; Googlebot/2.1; +http://www.google.com/bot.html)" "linassoc.com"
66.249.64.251 - - [03/Jan/2023:08:40:09 -0800] "GET /robots.txt HTTP/1.1" 404 88 "-" "Mozilla/5.0 (compatible; Googlebot/2.1; +http://www.google.com/bot.html)" "www.linassoc.com"
216.244.66.245 - - [03/Jan/2023:08:50:04 -0800] "GET /robots.txt HTTP/1.1" 404 73 "-" "Mozilla/5.0 (compatible; DotBot/1.2; +https://opensiteexplorer.org/dotbot; help@moz.com)" "www.linassoc.com"
216.244.66.245 - - [03/Jan/2023:08:50:04 -0800] "GET /robots.txt HTTP/1.1" 404 73 "-" "Mozilla/5.0 (compatible; DotBot/1.2; +https://opensiteexplorer.org/dotbot; help@moz.com)" "linassoc.com"
114.119.159.135 - - [03/Jan/2023:09:26:44 -0800] "GET /_themes/water/graph1.css HTTP/1.1" 200 376 "http://linassoc.com/_themes/water/" "Mozilla/5.0 (Linux; Android 7.0;) AppleWebKit/537.36 (KHTML, like Gecko) Mobile Safari/537.36 (compatible; PetalBot;+https://webmaster.petalsearch.com/site/petalbot)" "linassoc.com"
114.119.156.77 - - [03/Jan/2023:09:28:18 -0800] "GET /_derived/ HTTP/1.1" 200 314 "http://linassoc.com/?C=S%3BO%3DA" "Mozilla/5.0 (Linux; Android 7.0;) AppleWebKit/537.36 (KHTML, like Gecko) Mobile Safari/537.36 (compatible; PetalBot;+https://webmaster.petalsearch.com/site/petalbot)" "linassoc.com"
216.244.66.245 - - [03/Jan/2023:09:42:59 -0800] "GET /robots.txt HTTP/1.1" 404 73 "-" "Mozilla/5.0 (compatible; DotBot/1.2; +https://opensiteexplorer.org/dotbot; help@moz.com)" "linassoc.com"
216.244.66.245 - - [03/Jan/2023:09:42:59 -0800] "GET /robots.txt HTTP/1.1" 404 73 "-" "Mozilla/5.0 (compatible; DotBot/1.2; +https://opensiteexplorer.org/dotbot; help@moz.com)" "www.linassoc.com"
68.69.184.202 - - [03/Jan/2023:10:27:07 -0800] "GET /robots.txt HTTP/1.1" 404 88 "-" "test" "linassoc.com"
68.69.184.202 - - [03/Jan/2023:10:27:08 -0800] "GET / HTTP/1.1" 200 779 "-" "test" "linassoc.com"
216.244.66.245 - - [03/Jan/2023:10:37:33 -0800] "GET /robots.txt HTTP/1.1" 404 73 "-" "Mozilla/5.0 (compatible; DotBot/1.2; +https://opensiteexplorer.org/dotbot; help@moz.com)" "www.linassoc.com"
123.125.109.84 - - [03/Jan/2023:11:14:52 -0800] "GET / HTTP/1.1" 200 779 "-" "Sogou web spider/4.0(+http://www.sogou.com/docs/help/webmasters.htm#07)" "linassoc.com"
216.244.66.245 - - [03/Jan/2023:12:23:13 -0800] "GET /robots.txt HTTP/1.1" 404 73 "-" "Mozilla/5.0 (compatible; DotBot/1.2; +https://opensiteexplorer.org/dotbot; help@moz.com)" "linassoc.com"
216.244.66.245 - - [03/Jan/2023:12:23:13 -0800] "GET /robots.txt HTTP/1.1" 404 73 "-" "Mozilla/5.0 (compatible; DotBot/1.2; +https://opensiteexplorer.org/dotbot; help@moz.com)" "www.linassoc.com"
104.248.242.243 - - [03/Jan/2023:12:36:02 -0800] "GET /_private/ HTTP/1.1" 403 170 "-" "Mozilla/5.0 (Macintosh; Intel Mac OS X 10_15_7) AppleWebKit/537.36 (KHTML, like Gecko) Chrome/107.0.0.0 Safari/537.36" "www.linassoc.com"
114.119.149.91 - - [03/Jan/2023:12:41:33 -0800] "GET /robots.txt HTTP/1.1" 404 88 "-" "Mozilla/5.0 (compatible;PetalBot;+https://webmaster.petalsearch.com/site/petalbot)" "linassoc.com"
216.244.66.245 - - [03/Jan/2023:13:16:25 -0800] "GET /robots.txt HTTP/1.1" 404 73 "-" "Mozilla/5.0 (compatible; DotBot/1.2; +https://opensiteexplorer.org/dotbot; help@moz.com)" "www.linassoc.com"
216.244.66.245 - - [03/Jan/2023:13:16:25 -0800] "GET /robots.txt HTTP/1.1" 404 73 "-" "Mozilla/5.0 (compatible; DotBot/1.2; +https://opensiteexplorer.org/dotbot; help@moz.com)" "linassoc.com"
65.19.141.115 - - [03/Jan/2023:13:45:13 -0800] "GET / HTTP/1.1" 200 3978 "-" "Mozilla/4.0 (compatible; MSIE 6.0; Windows NT 5.1; .NET CLR 1.0.3705; .NET CLR 1.1.4322; .NET CLR 1.2.30703)" "linassoc.com"
51.222.253.6 - - [03/Jan/2023:14:08:43 -0800] "GET /profile062605_files/?C=S;O=D HTTP/1.1" 200 457 "-" "Mozilla/5.0 (compatible; AhrefsBot/7.0; +http://ahrefs.com/robot/)" "linassoc.com"
216.244.66.245 - - [03/Jan/2023:14:09:44 -0800] "GET /robots.txt HTTP/1.1" 404 73 "-" "Mozilla/5.0 (compatible; DotBot/1.2; +https://opensiteexplorer.org/dotbot; help@moz.com)" "linassoc.com"
216.244.66.245 - - [03/Jan/2023:14:09:44 -0800] "GET /robots.txt HTTP/1.1" 404 73 "-" "Mozilla/5.0 (compatible; DotBot/1.2; +https://opensiteexplorer.org/dotbot; help@moz.com)" "www.linassoc.com"
64.124.8.30 - - [03/Jan/2023:14:15:14 -0800] "GET /FLin%20BW.jpg HTTP/1.1" 200 783652 "-" "Mozilla/5.0 (Macintosh; Intel Mac OS X 10_15_7) AppleWebKit/537.36 (KHTML, like Gecko) Chrome/107.0.0.0 Safari/537.36" "linassoc.com"
64.124.8.30 - - [03/Jan/2023:14:15:14 -0800] "GET /NAV%20co%20profile.jpg HTTP/1.1" 200 8312 "-" "Mozilla/5.0 (Macintosh; Intel Mac OS X 10_15_7) AppleWebKit/537.36 (KHTML, like Gecko) Chrome/107.0.0.0 Safari/537.36" "linassoc.com"
64.124.8.30 - - [03/Jan/2023:14:15:28 -0800] "GET /_themes/blank/toolgrad.gif HTTP/1.1" 200 151 "-" "Mozilla/5.0 (Macintosh; Intel Mac OS X 10_15_7) AppleWebKit/537.36 (KHTML, like Gecko) Chrome/107.0.0.0 Safari/537.36" "linassoc.com"
27.115.124.45 - - [03/Jan/2023:15:35:55 -0800] "GET / HTTP/1.1" 200 779 "-" "Mozilla/5.0 (Linux; Android 8.0; Pixel 2 Build/OPD3.170816.012) AppleWebKit/537.36 (KHTML, like Gecko) Chrome/87.0.4280.88 Mobile Safari/537.36" "linassoc.com"
27.115.124.45 - - [03/Jan/2023:15:36:01 -0800] "GET / HTTP/1.1" 200 779 "http://baidu.com/" "Mozilla/5.0 (Linux; Android 8.0; Pixel 2 Build/OPD3.170816.012) AppleWebKit/537.36 (KHTML, like Gecko) Chrome/87.0.4280.88 Mobile Safari/537.36" "linassoc.com"
216.244.66.245 - - [03/Jan/2023:15:56:00 -0800] "GET /robots.txt HTTP/1.1" 404 73 "-" "Mozilla/5.0 (compatible; DotBot/1.2; +https://opensiteexplorer.org/dotbot; help@moz.com)" "linassoc.com"
216.244.66.245 - - [03/Jan/2023:15:56:00 -0800] "GET /robots.txt HTTP/1.1" 404 73 "-" "Mozilla/5.0 (compatible; DotBot/1.2; +https://opensiteexplorer.org/dotbot; help@moz.com)" "www.linassoc.com"
49.7.20.159 - - [03/Jan/2023:16:11:54 -0800] "GET / HTTP/1.1" 200 779 "-" "Sogou web spider/4.0(+http://www.sogou.com/docs/help/webmasters.htm#07)" "www.linassoc.com"
51.222.253.14 - - [03/Jan/2023:16:12:00 -0800] "GET /contact_files/?C=M;O=D HTTP/1.1" 200 453 "-" "Mozilla/5.0 (compatible; AhrefsBot/7.0; +http://ahrefs.com/robot/)" "linassoc.com"
162.0.235.142 - - [03/Jan/2023:16:19:31 -0800] "GET /style.php?sig=rename HTTP/1.1" 404 73 "-" "Mozilla/5.0 (Linux; Android 10; SM-A505FN) AppleWebKit/537.36 (KHTML, like Gecko) Chrome/86.0.4240.99 Mobile Safari/537.36" "linassoc.com"
