162.0.235.142 - - [03/Jan/2023:16:19:31 -0800] "GET /wp-admin/style.php?sig=rename HTTP/1.1" 404 73 "-" "Mozilla/5.0 (Linux; Android 7.1.1; Nokia 2) AppleWebKit/537.36 (KHTML, like Gecko) Chrome/71.0.3578.83 Mobile Safari/537.36" "linassoc.com"
216.244.66.245 - - [03/Jan/2023:16:49:38 -0800] "GET /robots.txt HTTP/1.1" 404 73 "-" "Mozilla/5.0 (compatible; DotBot/1.2; +https://opensiteexplorer.org/dotbot; help@moz.com)" "linassoc.com"
216.244.66.245 - - [03/Jan/2023:16:49:38 -0800] "GET /robots.txt HTTP/1.1" 404 73 "-" "Mozilla/5.0 (compatible; DotBot/1.2; +https://opensiteexplorer.org/dotbot; help@moz.com)" "www.linassoc.com"
206.189.121.156 - - [03/Jan/2023:17:01:06 -0800] "GET /media/ HTTP/1.1" 200 369 "-" "Mozilla/5.0 (Macintosh; Intel Mac OS X 10_15_7) AppleWebKit/537.36 (KHTML, like Gecko) Chrome/107.0.0.0 Safari/537.36" "www.linassoc.com"
51.222.253.5 - - [03/Jan/2023:17:57:11 -0800] "GET /profile062605_files/?C=M;O=D HTTP/1.1" 200 453 "-" "Mozilla/5.0 (compatible; AhrefsBot/7.0; +http://ahrefs.com/robot/)" "linassoc.com"
114.119.149.200 - - [03/Jan/2023:18:19:45 -0800] "GET /linassoc072205/profile062605_files/?C=N%3BO%3DD HTTP/1.1" 200 439 "http://linassoc.com/linassoc072205/profile062605_files/?C=S%3BO%3DA" "Mozilla/5.0 (Linux; Android 7.0;) AppleWebKit/537.36 (KHTML, like Gecko) Mobile Safari/537.36 (compatible; PetalBot;+https://webmaster.petalsearch.com/site/petalbot)" "linassoc.com"
157.90.209.76 - - [03/Jan/2023:18:26:35 -0800] "GET /robots.txt HTTP/1.1" 404 88 "-" "Mozilla/5.0 (compatible; BLEXBot/1.0; +http://webmeup-crawler.com/)" "linassoc.com"
157.90.209.76 - - [03/Jan/2023:18:26:42 -0800] "GET /sitemap HTTP/1.1" 404 88 "-" "Mozilla/5.0 (compatible; BLEXBot/1.0; +http://webmeup-crawler.com/)" "linassoc.com"
157.90.209.76 - - [03/Jan/2023:18:26:47 -0800] "GET /sitemap.txt HTTP/1.1" 404 88 "-" "Mozilla/5.0 (compatible; BLEXBot/1.0; +http://webmeup-crawler.com/)" "linassoc.com"
157.90.209.76 - - [03/Jan/2023:18:26:52 -0800] "GET /_derived/?C=D;O=D HTTP/1.1" 200 313 "-" "Mozilla/5.0 (compatible; BLEXBot/1.0; +http://webmeup-crawler.com/)" "linassoc.com"
157.90.209.76 - - [03/Jan/2023:18:26:57 -0800] "GET /_derived/?C=M;O=D HTTP/1.1" 200 313 "-" "Mozilla/5.0 (compatible; BLEXBot/1.0; +http://webmeup-crawler.com/)" "linassoc.com"
157.90.209.76 - - [03/Jan/2023:18:27:00 -0800] "GET /_derived/?C=N;O=A HTTP/1.1" 200 314 "-" "Mozilla/5.0 (compatible; BLEXBot/1.0; +http://webmeup-crawler.com/)" "linassoc.com"
157.90.209.76 - - [03/Jan/2023:18:27:05 -0800] "GET /_derived/?C=S;O=D HTTP/1.1" 200 313 "-" "Mozilla/5.0 (compatible; BLEXBot/1.0; +http://webmeup-crawler.com/)" "linassoc.com"
157.90.209.76 - - [03/Jan/2023:18:27:08 -0800] "GET /_fpclass/?C=D;O=D HTTP/1.1" 200 311 "-" "Mozilla/5.0 (compatible; BLEXBot/1.0; +http://webmeup-crawler.com/)" "linassoc.com"
157.90.209.76 - - [03/Jan/2023:18:27:14 -0800] "GET /_fpclass/?C=M;O=D HTTP/1.1" 200 311 "-" "Mozilla/5.0 (compatible; BLEXBot/1.0; +http://webmeup-crawler.com/)" "linassoc.com"
157.90.209.76 - - [03/Jan/2023:18:27:17 -0800] "GET /_fpclass/?C=N;O=A HTTP/1.1" 200 313 "-" "Mozilla/5.0 (compatible; BLEXBot/1.0; +http://webmeup-crawler.com/)" "linassoc.com"
157.90.209.76 - - [03/Jan/2023:18:27:22 -0800] "GET /_fpclass/?C=S;O=D HTTP/1.1" 200 311 "-" "Mozilla/5.0 (compatible; BLEXBot/1.0; +http://webmeup-crawler.com/)" "linassoc.com"
157.90.209.76 - - [03/Jan/2023:18:27:25 -0800] "GET /_overlay/?C=D;O=D HTTP/1.1" 200 525 "-" "Mozilla/5.0 (compatible; BLEXBot/1.0; +http://webmeup-crawler.com/)" "linassoc.com"
157.90.209.76 - - [03/Jan/2023:18:27:30 -0800] "GET /_overlay/?C=M;O=D HTTP/1.1" 200 524 "-" "Mozilla/5.0 (compatible; BLEXBot/1.0; +http://webmeup-crawler.com/)" "linassoc.com"
157.90.209.76 - - [03/Jan/2023:18:27:33 -0800] "GET /_overlay/?C=N;O=A HTTP/1.1" 200 525 "-" "Mozilla/5.0 (compatible; BLEXBot/1.0; +http://webmeup-crawler.com/)" "linassoc.com"
157.90.209.76 - - [03/Jan/2023:18:27:39 -0800] "GET /_overlay/?C=S;O=D HTTP/1.1" 200 526 "-" "Mozilla/5.0 (compatible; BLEXBot/1.0; +http://webmeup-crawler.com/)" "linassoc.com"
157.90.209.76 - - [03/Jan/2023:18:27:42 -0800] "GET /_overlay/_private/ HTTP/1.1" 403 170 "-" "Mozilla/5.0 (compatible; BLEXBot/1.0; +http://webmeup-crawler.com/)" "linassoc.com"
157.90.209.76 - - [03/Jan/2023:18:27:51 -0800] "GET /_overlay/images/?C=D;O=A HTTP/1.1" 200 321 "-" "Mozilla/5.0 (compatible; BLEXBot/1.0; +http://webmeup-crawler.com/)" "linassoc.com"
157.90.209.76 - - [03/Jan/2023:18:27:56 -0800] "GET /_overlay/images/?C=M;O=A HTTP/1.1" 200 320 "-" "Mozilla/5.0 (compatible; BLEXBot/1.0; +http://webmeup-crawler.com/)" "linassoc.com"
157.90.209.76 - - [03/Jan/2023:18:27:59 -0800] "GET /_overlay/images/?C=N;O=D HTTP/1.1" 200 319 "-" "Mozilla/5.0 (compatible; BLEXBot/1.0; +http://webmeup-crawler.com/)" "linassoc.com"
157.90.209.76 - - [03/Jan/2023:18:28:05 -0800] "GET /_overlay/images/?C=S;O=A HTTP/1.1" 200 321 "-" "Mozilla/5.0 (compatible; BLEXBot/1.0; +http://webmeup-crawler.com/)" "linassoc.com"
157.90.209.76 - - [03/Jan/2023:18:28:08 -0800] "GET /_private/ HTTP/1.1" 403 170 "-" "Mozilla/5.0 (compatible; BLEXBot/1.0; +http://webmeup-crawler.com/)" "linassoc.com"
157.90.209.76 - - [03/Jan/2023:18:28:15 -0800] "GET /_themes/?C=D;O=D HTTP/1.1" 200 447 "-" "Mozilla/5.0 (compatible; BLEXBot/1.0; +http://webmeup-crawler.com/)" "linassoc.com"
157.90.209.76 - - [03/Jan/2023:18:28:18 -0800] "GET /_themes/?C=M;O=D HTTP/1.1" 200 444 "-" "Mozilla/5.0 (compatible; BLEXBot/1.0; +http://webmeup-crawler.com/)" "linassoc.com"
157.90.209.76 - - [03/Jan/2023:18:28:23 -0800] "GET /_themes/?C=N;O=A HTTP/1.1" 200 447 "-" "Mozilla/5.0 (compatible; BLEXBot/1.0; +http://webmeup-crawler.com/)" "linassoc.com"
157.90.209.76 - - [03/Jan/2023:18:28:26 -0800] "GET /_themes/?C=S;O=D HTTP/1.1" 200 448 "-" "Mozilla/5.0 (compatible; BLEXBot/1.0; +http://webmeup-crawler.com/)" "linassoc.com"
157.90.209.76 - - [03/Jan/2023:18:28:31 -0800] "GET /_themes/_private/ HTTP/1.1" 403 170 "-" "Mozilla/5.0 (compatible; BLEXBot/1.0; +http://webmeup-crawler.com/)" "linassoc.com"
157.90.209.76 - - [03/Jan/2023:18:28:36 -0800] "GET /_themes/blank/?C=D;O=A HTTP/1.1" 200 903 "-" "Mozilla/5.0 (compatible; BLEXBot/1.0; +http://webmeup-crawler.com/)" "linassoc.com"
157.90.209.76 - - [03/Jan/2023:18:28:41 -0800] "GET /_themes/blank/?C=M;O=A HTTP/1.1" 200 903 "-" "Mozilla/5.0 (compatible; BLEXBot/1.0; +http://webmeup-crawler.com/)" "linassoc.com"
157.90.209.76 - - [03/Jan/2023:18:28:44 -0800] "GET /_themes/blank/?C=N;O=D HTTP/1.1" 200 899 "-" "Mozilla/5.0 (compatible; BLEXBot/1.0; +http://webmeup-crawler.com/)" "linassoc.com"
157.90.209.76 - - [03/Jan/2023:18:28:48 -0800] "GET /_themes/blank/?C=S;O=A HTTP/1.1" 200 916 "-" "Mozilla/5.0 (compatible; BLEXBot/1.0; +http://webmeup-crawler.com/)" "linassoc.com"
157.90.209.76 - - [03/Jan/2023:18:28:51 -0800] "GET /_themes/images/?C=D;O=A HTTP/1.1" 200 319 "-" "Mozilla/5.0 (compatible; BLEXBot/1.0; +http://webmeup-crawler.com/)" "linassoc.com"
157.90.209.76 - - [03/Jan/2023:18:28:55 -0800] "GET /_themes/images/?C=M;O=A HTTP/1.1" 200 318 "-" "Mozilla/5.0 (compatible; BLEXBot/1.0; +http://webmeup-crawler.com/)" "linassoc.com"
157.90.209.76 - - [03/Jan/2023:18:29:00 -0800] "GET /_themes/images/?C=N;O=D HTTP/1.1" 200 317 "-" "Mozilla/5.0 (compatible; BLEXBot/1.0; +http://webmeup-crawler.com/)" "linassoc.com"
157.90.209.76 - - [03/Jan/2023:18:29:02 -0800] "GET /_themes/images/?C=S;O=A HTTP/1.1" 200 318 "-" "Mozilla/5.0 (compatible; BLEXBot/1.0; +http://webmeup-crawler.com/)" "linassoc.com"
157.90.209.76 - - [03/Jan/2023:18:29:08 -0800] "GET /_themes/water/?C=D;O=A HTTP/1.1" 200 907 "-" "Mozilla/5.0 (compatible; BLEXBot/1.0; +http://webmeup-crawler.com/)" "linassoc.com"
157.90.209.76 - - [03/Jan/2023:18:29:11 -0800] "GET /_themes/water/?C=M;O=A HTTP/1.1" 200 909 "-" "Mozilla/5.0 (compatible; BLEXBot/1.0; +http://webmeup-crawler.com/)" "linassoc.com"
157.90.209.76 - - [03/Jan/2023:18:29:17 -0800] "GET /_themes/water/?C=N;O=D HTTP/1.1" 200 927 "-" "Mozilla/5.0 (compatible; BLEXBot/1.0; +http://webmeup-crawler.com/)" "linassoc.com"
157.90.209.76 - - [03/Jan/2023:18:29:20 -0800] "GET /_themes/water/?C=S;O=A HTTP/1.1" 200 915 "-" "Mozilla/5.0 (compatible; BLEXBot/1.0; +http://webmeup-crawler.com/)" "linassoc.com"
157.90.209.76 - - [03/Jan/2023:18:29:25 -0800] "GET /contact062605_files/?C=D;O=D HTTP/1.1" 200 455 "-" "Mozilla/5.0 (compatible; BLEXBot/1.0; +http://webmeup-crawler.com/)" "linassoc.com"
157.90.209.76 - - [03/Jan/2023:18:29:30 -0800] "GET /contact062605_files/?C=M;O=D HTTP/1.1" 200 454 "-" "Mozilla/5.0 (compatible; BLEXBot/1.0; +http://webmeup-crawler.com/)" "linassoc.com"
157.90.209.76 - - [03/Jan/2023:18:29:34 -0800] "GET /contact062605_files/?C=N;O=A HTTP/1.1" 200 457 "-" "Mozilla/5.0 (compatible; BLEXBot/1.0; +http://webmeup-crawler.com/)" "linassoc.com"
157.90.209.76 - - [03/Jan/2023:18:29:57 -0800] "GET /contact062605_files/?C=S;O=D HTTP/1.1" 200 457 "-" "Mozilla/5.0 (compatible; BLEXBot/1.0; +http://webmeup-crawler.com/)" "linassoc.com"
157.90.209.76 - - [03/Jan/2023:18:30:05 -0800] "GET /contact062605_files/_private/ HTTP/1.1" 403 170 "-" "Mozilla/5.0 (compatible; BLEXBot/1.0; +http://webmeup-crawler.com/)" "linassoc.com"
157.90.209.76 - - [03/Jan/2023:18:30:18 -0800] "GET /contact062605_files/images/?C=D;O=A HTTP/1.1" 200 332 "-" "Mozilla/5.0 (compatible; BLEXBot/1.0; +http://webmeup-crawler.com/)" "linassoc.com"
157.90.209.76 - - [03/Jan/2023:18:30:26 -0800] "GET /contact062605_files/images/?C=M;O=A HTTP/1.1" 200 332 "-" "Mozilla/5.0 (compatible; BLEXBot/1.0; +http://webmeup-crawler.com/)" "linassoc.com"
157.90.209.76 - - [03/Jan/2023:18:30:29 -0800] "GET /contact062605_files/images/?C=N;O=D HTTP/1.1" 200 331 "-" "Mozilla/5.0 (compatible; BLEXBot/1.0; +http://webmeup-crawler.com/)" "linassoc.com"
157.90.209.76 - - [03/Jan/2023:18:30:34 -0800] "GET /contact062605_files/images/?C=S;O=A HTTP/1.1" 200 332 "-" "Mozilla/5.0 (compatible; BLEXBot/1.0; +http://webmeup-crawler.com/)" "linassoc.com"
157.90.209.76 - - [03/Jan/2023:18:30:37 -0800] "GET /contact_files/?C=D;O=D HTTP/1.1" 200 454 "-" "Mozilla/5.0 (compatible; BLEXBot/1.0; +http://webmeup-crawler.com/)" "linassoc.com"
157.90.209.76 - - [03/Jan/2023:18:30:42 -0800] "GET /contact_files/?C=M;O=D HTTP/1.1" 200 453 "-" "Mozilla/5.0 (compatible; BLEXBot/1.0; +http://webmeup-crawler.com/)" "linassoc.com"
157.90.209.76 - - [03/Jan/2023:18:30:46 -0800] "GET /contact_files/?C=N;O=A HTTP/1.1" 200 458 "-" "Mozilla/5.0 (compatible; BLEXBot/1.0; +http://webmeup-crawler.com/)" "linassoc.com"
114.119.152.73 - - [03/Jan/2023:18:30:46 -0800] "GET /_themes/blank/blank.utf8 HTTP/1.1" 200 483 "http://linassoc.com/_themes/blank/?C=S%3BO%3DA" "Mozilla/5.0 (Linux; Android 7.0;) AppleWebKit/537.36 (KHTML, like Gecko) Mobile Safari/537.36 (compatible; PetalBot;+https://webmaster.petalsearch.com/site/petalbot)" "linassoc.com"
157.90.209.76 - - [03/Jan/2023:18:30:51 -0800] "GET /contact_files/?C=S;O=D HTTP/1.1" 200 457 "-" "Mozilla/5.0 (compatible; BLEXBot/1.0; +http://webmeup-crawler.com/)" "linassoc.com"
157.90.209.76 - - [03/Jan/2023:18:30:55 -0800] "GET /contact_files/_private/ HTTP/1.1" 403 170 "-" "Mozilla/5.0 (compatible; BLEXBot/1.0; +http://webmeup-crawler.com/)" "linassoc.com"
157.90.209.76 - - [03/Jan/2023:18:31:02 -0800] "GET /contact_files/images/?C=D;O=A HTTP/1.1" 200 324 "-" "Mozilla/5.0 (compatible; BLEXBot/1.0; +http://webmeup-crawler.com/)" "linassoc.com"
157.90.209.76 - - [03/Jan/2023:18:31:06 -0800] "GET /contact_files/images/?C=M;O=A HTTP/1.1" 200 323 "-" "Mozilla/5.0 (compatible; BLEXBot/1.0; +http://webmeup-crawler.com/)" "linassoc.com"
157.90.209.76 - - [03/Jan/2023:18:31:11 -0800] "GET /contact_files/images/?C=N;O=D HTTP/1.1" 200 322 "-" "Mozilla/5.0 (compatible; BLEXBot/1.0; +http://webmeup-crawler.com/)" "linassoc.com"
157.90.209.76 - - [03/Jan/2023:18:31:15 -0800] "GET /contact_files/images/?C=S;O=A HTTP/1.1" 200 324 "-" "Mozilla/5.0 (compatible; BLEXBot/1.0; +http://webmeup-crawler.com/)" "linassoc.com"
157.90.209.76 - - [03/Jan/2023:18:31:20 -0800] "GET /images/?C=D;O=D HTTP/1.1" 200 962 "-" "Mozilla/5.0 (compatible; BLEXBot/1.0; +http://webmeup-crawler.com/)" "linassoc.com"
157.90.209.76 - - [03/Jan/2023:18:31:23 -0800] "GET /images/?C=M;O=D HTTP/1.1" 200 961 "-" "Mozilla/5.0 (compatible; BLEXBot/1.0; +http://webmeup-crawler.com/)" "linassoc.com"
157.90.209.76 - - [03/Jan/2023:18:31:28 -0800] "GET /images/?C=N;O=A HTTP/1.1" 200 973 "-" "Mozilla/5.0 (compatible; BLEXBot/1.0; +http://webmeup-crawler.com/)" "linassoc.com"
157.90.209.76 - - [03/Jan/2023:18:31:31 -0800] "GET /images/?C=S;O=D HTTP/1.1" 200 968 "-" "Mozilla/5.0 (compatible; BLEXBot/1.0; +http://webmeup-crawler.com/)" "linassoc.com"
157.90.209.76 - - [03/Jan/2023:18:31:37 -0800] "GET /images/_private/ HTTP/1.1" 403 170 "-" "Mozilla/5.0 (compatible; BLEXBot/1.0; +http://webmeup-crawler.com/)" "linassoc.com"
157.90.209.76 - - [03/Jan/2023:18:31:43 -0800] "GET /images/images/?C=D;O=A HTTP/1.1" 200 315 "-" "Mozilla/5.0 (compatible; BLEXBot/1.0; +http://webmeup-crawler.com/)" "linassoc.com"
157.90.209.76 - - [03/Jan/2023:18:31:49 -0800] "GET /images/images/?C=M;O=A HTTP/1.1" 200 315 "-" "Mozilla/5.0 (compatible; BLEXBot/1.0; +http://webmeup-crawler.com/)" "linassoc.com"
157.90.209.76 - - [03/Jan/2023:18:31:55 -0800] "GET /images/images/?C=N;O=D HTTP/1.1" 200 313 "-" "Mozilla/5.0 (compatible; BLEXBot/1.0; +http://webmeup-crawler.com/)" "linassoc.com"
157.90.209.76 - - [03/Jan/2023:18:31:58 -0800] "GET /images/images/?C=S;O=A HTTP/1.1" 200 315 "-" "Mozilla/5.0 (compatible; BLEXBot/1.0; +http://webmeup-crawler.com/)" "linassoc.com"
157.90.209.76 - - [03/Jan/2023:18:32:03 -0800] "GET /index062605_files/?C=D;O=D HTTP/1.1" 200 320 "-" "Mozilla/5.0 (compatible; BLEXBot/1.0; +http://webmeup-crawler.com/)" "linassoc.com"
157.90.209.76 - - [03/Jan/2023:18:32:07 -0800] "GET /index062605_files/?C=M;O=D HTTP/1.1" 200 320 "-" "Mozilla/5.0 (compatible; BLEXBot/1.0; +http://webmeup-crawler.com/)" "linassoc.com"
157.90.209.76 - - [03/Jan/2023:18:32:13 -0800] "GET /index062605_files/?C=N;O=A HTTP/1.1" 200 322 "-" "Mozilla/5.0 (compatible; BLEXBot/1.0; +http://webmeup-crawler.com/)" "linassoc.com"
157.90.209.76 - - [03/Jan/2023:18:32:16 -0800] "GET /index062605_files/?C=S;O=D HTTP/1.1" 200 320 "-" "Mozilla/5.0 (compatible; BLEXBot/1.0; +http://webmeup-crawler.com/)" "linassoc.com"
157.90.209.76 - - [03/Jan/2023:18:32:19 -0800] "GET /index073005_files/?C=D;O=D HTTP/1.1" 200 464 "-" "Mozilla/5.0 (compatible; BLEXBot/1.0; +http://webmeup-crawler.com/)" "linassoc.com"
157.90.209.76 - - [03/Jan/2023:18:32:24 -0800] "GET /index073005_files/?C=M;O=D HTTP/1.1" 200 463 "-" "Mozilla/5.0 (compatible; BLEXBot/1.0; +http://webmeup-crawler.com/)" "linassoc.com"
157.90.209.76 - - [03/Jan/2023:18:32:27 -0800] "GET /index073005_files/?C=N;O=A HTTP/1.1" 200 466 "-" "Mozilla/5.0 (compatible; BLEXBot/1.0; +http://webmeup-crawler.com/)" "linassoc.com"
157.90.209.76 - - [03/Jan/2023:18:32:33 -0800] "GET /index073005_files/?C=S;O=D HTTP/1.1" 200 468 "-" "Mozilla/5.0 (compatible; BLEXBot/1.0; +http://webmeup-crawler.com/)" "linassoc.com"
157.90.209.76 - - [03/Jan/2023:18:32:38 -0800] "GET /index073005_files/_private/ HTTP/1.1" 403 170 "-" "Mozilla/5.0 (compatible; BLEXBot/1.0; +http://webmeup-crawler.com/)" "linassoc.com"
157.90.209.76 - - [03/Jan/2023:18:32:43 -0800] "GET /index073005_files/images/?C=D;O=A HTTP/1.1" 200 330 "-" "Mozilla/5.0 (compatible; BLEXBot/1.0; +http://webmeup-crawler.com/)" "linassoc.com"
157.90.209.76 - - [03/Jan/2023:18:32:48 -0800] "GET /index073005_files/images/?C=M;O=A HTTP/1.1" 200 328 "-" "Mozilla/5.0 (compatible; BLEXBot/1.0; +http://webmeup-crawler.com/)" "linassoc.com"
157.90.209.76 - - [03/Jan/2023:18:32:52 -0800] "GET /index073005_files/images/?C=N;O=D HTTP/1.1" 200 328 "-" "Mozilla/5.0 (compatible; BLEXBot/1.0; +http://webmeup-crawler.com/)" "linassoc.com"
157.90.209.76 - - [03/Jan/2023:18:32:58 -0800] "GET /index073005_files/images/?C=S;O=A HTTP/1.1" 200 330 "-" "Mozilla/5.0 (compatible; BLEXBot/1.0; +http://webmeup-crawler.com/)" "linassoc.com"
157.90.209.76 - - [03/Jan/2023:18:33:01 -0800] "GET /index2_files/?C=D;O=D HTTP/1.1" 200 313 "-" "Mozilla/5.0 (compatible; BLEXBot/1.0; +http://webmeup-crawler.com/)" "linassoc.com"
157.90.209.76 - - [03/Jan/2023:18:33:07 -0800] "GET /index2_files/?C=M;O=D HTTP/1.1" 200 313 "-" "Mozilla/5.0 (compatible; BLEXBot/1.0; +http://webmeup-crawler.com/)" "linassoc.com"
157.90.209.76 - - [03/Jan/2023:18:33:10 -0800] "GET /index2_files/?C=N;O=A HTTP/1.1" 200 315 "-" "Mozilla/5.0 (compatible; BLEXBot/1.0; +http://webmeup-crawler.com/)" "linassoc.com"
157.90.209.76 - - [03/Jan/2023:18:33:16 -0800] "GET /index2_files/?C=S;O=D HTTP/1.1" 200 313 "-" "Mozilla/5.0 (compatible; BLEXBot/1.0; +http://webmeup-crawler.com/)" "linassoc.com"
157.90.209.76 - - [03/Jan/2023:18:33:20 -0800] "GET /index_files/?C=D;O=D HTTP/1.1" 200 313 "-" "Mozilla/5.0 (compatible; BLEXBot/1.0; +http://webmeup-crawler.com/)" "linassoc.com"
157.90.209.76 - - [03/Jan/2023:18:33:25 -0800] "GET /index_files/?C=M;O=D HTTP/1.1" 200 313 "-" "Mozilla/5.0 (compatible; BLEXBot/1.0; +http://webmeup-crawler.com/)" "linassoc.com"
157.90.209.76 - - [03/Jan/2023:18:33:28 -0800] "GET /index_files/?C=N;O=A HTTP/1.1" 200 314 "-" "Mozilla/5.0 (compatible; BLEXBot/1.0; +http://webmeup-crawler.com/)" "linassoc.com"
157.90.209.76 - - [03/Jan/2023:18:33:33 -0800] "GET /index_files/?C=S;O=D HTTP/1.1" 200 313 "-" "Mozilla/5.0 (compatible; BLEXBot/1.0; +http://webmeup-crawler.com/)" "linassoc.com"
157.90.209.76 - - [03/Jan/2023:18:33:36 -0800] "GET /linassoc072205/?C=D;O=D HTTP/1.1" 200 380 "-" "Mozilla/5.0 (compatible; BLEXBot/1.0; +http://webmeup-crawler.com/)" "linassoc.com"
157.90.209.76 - - [03/Jan/2023:18:33:41 -0800] "GET /linassoc072205/?C=M;O=D HTTP/1.1" 200 379 "-" "Mozilla/5.0 (compatible; BLEXBot/1.0; +http://webmeup-crawler.com/)" "linassoc.com"
157.90.209.76 - - [03/Jan/2023:18:33:44 -0800] "GET /linassoc072205/?C=N;O=A HTTP/1.1" 200 381 "-" "Mozilla/5.0 (compatible; BLEXBot/1.0; +http://webmeup-crawler.com/)" "linassoc.com"
157.90.209.76 - - [03/Jan/2023:18:33:50 -0800] "GET /linassoc072205/?C=S;O=D HTTP/1.1" 200 380 "-" "Mozilla/5.0 (compatible; BLEXBot/1.0; +http://webmeup-crawler.com/)" "linassoc.com"
157.90.209.76 - - [03/Jan/2023:18:34:01 -0800] "GET /linassoc072205/profile062605_files/?C=D;O=A HTTP/1.1" 200 439 "-" "Mozilla/5.0 (compatible; BLEXBot/1.0; +http://webmeup-crawler.com/)" "linassoc.com"
157.90.209.76 - - [03/Jan/2023:18:34:04 -0800] "GET /linassoc072205/profile062605_files/?C=M;O=A HTTP/1.1" 200 440 "-" "Mozilla/5.0 (compatible; BLEXBot/1.0; +http://webmeup-crawler.com/)" "linassoc.com"
157.90.209.76 - - [03/Jan/2023:18:34:17 -0800] "GET /linassoc072205/profile062605_files/?C=N;O=D HTTP/1.1" 200 438 "-" "Mozilla/5.0 (compatible; BLEXBot/1.0; +http://webmeup-crawler.com/)" "linassoc.com"
157.90.209.76 - - [03/Jan/2023:18:34:21 -0800] "GET /linassoc072205/profile062605_files/?C=S;O=A HTTP/1.1" 200 440 "-" "Mozilla/5.0 (compatible; BLEXBot/1.0; +http://webmeup-crawler.com/)" "linassoc.com"
157.90.209.76 - - [03/Jan/2023:18:34:26 -0800] "GET /linassoc072205/profile_files/?C=D;O=A HTTP/1.1" 200 446 "-" "Mozilla/5.0 (compatible; BLEXBot/1.0; +http://webmeup-crawler.com/)" "linassoc.com"
157.90.209.76 - - [03/Jan/2023:18:34:29 -0800] "GET /linassoc072205/profile_files/?C=M;O=A HTTP/1.1" 200 446 "-" "Mozilla/5.0 (compatible; BLEXBot/1.0; +http://webmeup-crawler.com/)" "linassoc.com"
157.90.209.76 - - [03/Jan/2023:18:34:34 -0800] "GET /linassoc072205/profile_files/?C=N;O=D HTTP/1.1" 200 444 "-" "Mozilla/5.0 (compatible; BLEXBot/1.0; +http://webmeup-crawler.com/)" "linassoc.com"
157.90.209.76 - - [03/Jan/2023:18:34:37 -0800] "GET /linassoc072205/profile_files/?C=S;O=A HTTP/1.1" 200 447 "-" "Mozilla/5.0 (compatible; BLEXBot/1.0; +http://webmeup-crawler.com/)" "linassoc.com"
157.90.209.76 - - [03/Jan/2023:18:34:42 -0800] "GET /media/?C=D;O=D HTTP/1.1" 200 366 "-" "Mozilla/5.0 (compatible; BLEXBot/1.0; +http://webmeup-crawler.com/)" "linassoc.com"
157.90.209.76 - - [03/Jan/2023:18:34:45 -0800] "GET /media/?C=M;O=D HTTP/1.1" 200 366 "-" "Mozilla/5.0 (compatible; BLEXBot/1.0; +http://webmeup-crawler.com/)" "linassoc.com"
157.90.209.76 - - [03/Jan/2023:18:34:50 -0800] "GET /media/?C=N;O=A HTTP/1.1" 200 369 "-" "Mozilla/5.0 (compatible; BLEXBot/1.0; +http://webmeup-crawler.com/)" "linassoc.com"
157.90.209.76 - - [03/Jan/2023:18:34:54 -0800] "GET /media/?C=S;O=D HTTP/1.1" 200 366 "-" "Mozilla/5.0 (compatible; BLEXBot/1.0; +http://webmeup-crawler.com/)" "linassoc.com"
157.90.209.76 - - [03/Jan/2023:18:35:00 -0800] "GET /navigation_bars/?C=D;O=D HTTP/1.1" 200 368 "-" "Mozilla/5.0 (compatible; BLEXBot/1.0; +http://webmeup-crawler.com/)" "linassoc.com"
157.90.209.76 - - [03/Jan/2023:18:35:03 -0800] "GET /navigation_bars/?C=M;O=D HTTP/1.1" 200 368 "-" "Mozilla/5.0 (compatible; BLEXBot/1.0; +http://webmeup-crawler.com/)" "linassoc.com"
157.90.209.76 - - [03/Jan/2023:18:35:07 -0800] "GET /navigation_bars/?C=N;O=A HTTP/1.1" 200 370 "-" "Mozilla/5.0 (compatible; BLEXBot/1.0; +http://webmeup-crawler.com/)" "linassoc.com"
157.90.209.76 - - [03/Jan/2023:18:35:10 -0800] "GET /navigation_bars/?C=S;O=D HTTP/1.1" 200 368 "-" "Mozilla/5.0 (compatible; BLEXBot/1.0; +http://webmeup-crawler.com/)" "linassoc.com"
157.90.209.76 - - [03/Jan/2023:18:35:15 -0800] "GET /profile062605_files/?C=D;O=D HTTP/1.1" 200 455 "-" "Mozilla/5.0 (compatible; BLEXBot/1.0; +http://webmeup-crawler.com/)" "linassoc.com"
157.90.209.76 - - [03/Jan/2023:18:35:18 -0800] "GET /profile062605_files/?C=M;O=D HTTP/1.1" 200 453 "-" "Mozilla/5.0 (compatible; BLEXBot/1.0; +http://webmeup-crawler.com/)" "linassoc.com"
157.90.209.76 - - [03/Jan/2023:18:35:23 -0800] "GET /profile062605_files/?C=N;O=A HTTP/1.1" 200 457 "-" "Mozilla/5.0 (compatible; BLEXBot/1.0; +http://webmeup-crawler.com/)" "linassoc.com"
157.90.209.76 - - [03/Jan/2023:18:35:30 -0800] "GET /profile062605_files/?C=S;O=D HTTP/1.1" 200 457 "-" "Mozilla/5.0 (compatible; BLEXBot/1.0; +http://webmeup-crawler.com/)" "linassoc.com"
157.90.209.76 - - [03/Jan/2023:18:35:33 -0800] "GET /profile062605_files/_private/ HTTP/1.1" 403 170 "-" "Mozilla/5.0 (compatible; BLEXBot/1.0; +http://webmeup-crawler.com/)" "linassoc.com"
157.90.209.76 - - [03/Jan/2023:18:35:39 -0800] "GET /profile062605_files/images/?C=D;O=A HTTP/1.1" 200 332 "-" "Mozilla/5.0 (compatible; BLEXBot/1.0; +http://webmeup-crawler.com/)" "linassoc.com"
157.90.209.76 - - [03/Jan/2023:18:35:43 -0800] "GET /profile062605_files/images/?C=M;O=A HTTP/1.1" 200 331 "-" "Mozilla/5.0 (compatible; BLEXBot/1.0; +http://webmeup-crawler.com/)" "linassoc.com"
157.90.209.76 - - [03/Jan/2023:18:35:49 -0800] "GET /profile062605_files/images/?C=N;O=D HTTP/1.1" 200 330 "-" "Mozilla/5.0 (compatible; BLEXBot/1.0; +http://webmeup-crawler.com/)" "linassoc.com"
157.90.209.76 - - [03/Jan/2023:18:36:01 -0800] "GET /profile062605_files/images/?C=S;O=A HTTP/1.1" 200 332 "-" "Mozilla/5.0 (compatible; BLEXBot/1.0; +http://webmeup-crawler.com/)" "linassoc.com"
157.90.209.76 - - [03/Jan/2023:18:36:09 -0800] "GET /profile_files/?C=D;O=D HTTP/1.1" 200 453 "-" "Mozilla/5.0 (compatible; BLEXBot/1.0; +http://webmeup-crawler.com/)" "linassoc.com"
157.90.209.76 - - [03/Jan/2023:18:36:14 -0800] "GET /profile_files/?C=M;O=D HTTP/1.1" 200 452 "-" "Mozilla/5.0 (compatible; BLEXBot/1.0; +http://webmeup-crawler.com/)" "linassoc.com"
157.90.209.76 - - [03/Jan/2023:18:36:17 -0800] "GET /profile_files/?C=N;O=A HTTP/1.1" 200 457 "-" "Mozilla/5.0 (compatible; BLEXBot/1.0; +http://webmeup-crawler.com/)" "linassoc.com"
157.90.209.76 - - [03/Jan/2023:18:36:22 -0800] "GET /profile_files/?C=S;O=D HTTP/1.1" 200 456 "-" "Mozilla/5.0 (compatible; BLEXBot/1.0; +http://webmeup-crawler.com/)" "linassoc.com"
157.90.209.76 - - [03/Jan/2023:18:36:25 -0800] "GET /profile_files/_private/ HTTP/1.1" 403 170 "-" "Mozilla/5.0 (compatible; BLEXBot/1.0; +http://webmeup-crawler.com/)" "linassoc.com"
157.90.209.76 - - [03/Jan/2023:18:36:33 -0800] "GET /profile_files/images/?C=D;O=A HTTP/1.1" 200 323 "-" "Mozilla/5.0 (compatible; BLEXBot/1.0; +http://webmeup-crawler.com/)" "linassoc.com"
157.90.209.76 - - [03/Jan/2023:18:36:38 -0800] "GET /profile_files/images/?C=M;O=A HTTP/1.1" 200 322 "-" "Mozilla/5.0 (compatible; BLEXBot/1.0; +http://webmeup-crawler.com/)" "linassoc.com"
157.90.209.76 - - [03/Jan/2023:18:36:41 -0800] "GET /profile_files/images/?C=N;O=D HTTP/1.1" 200 321 "-" "Mozilla/5.0 (compatible; BLEXBot/1.0; +http://webmeup-crawler.com/)" "linassoc.com"
157.90.209.76 - - [03/Jan/2023:18:36:46 -0800] "GET /profile_files/images/?C=S;O=A HTTP/1.1" 200 323 "-" "Mozilla/5.0 (compatible; BLEXBot/1.0; +http://webmeup-crawler.com/)" "linassoc.com"
61.135.159.147 - - [03/Jan/2023:19:01:24 -0800] "GET / HTTP/1.1" 200 779 "-" "Sogou web spider/4.0(+http://www.sogou.com/docs/help/webmasters.htm#07)" "www.linassoc.com"
216.244.66.245 - - [03/Jan/2023:19:31:33 -0800] "GET /robots.txt HTTP/1.1" 404 73 "-" "Mozilla/5.0 (compatible; DotBot/1.2; +https://opensiteexplorer.org/dotbot; help@moz.com)" "www.linassoc.com"
216.244.66.245 - - [03/Jan/2023:19:31:33 -0800] "GET /robots.txt HTTP/1.1" 404 73 "-" "Mozilla/5.0 (compatible; DotBot/1.2; +https://opensiteexplorer.org/dotbot; help@moz.com)" "linassoc.com"
51.222.253.5 - - [03/Jan/2023:19:39:29 -0800] "GET /linassoc072205/?C=M;O=D HTTP/1.1" 200 379 "-" "Mozilla/5.0 (compatible; AhrefsBot/7.0; +http://ahrefs.com/robot/)" "linassoc.com"
64.124.8.49 - - [03/Jan/2023:20:39:32 -0800] "GET /_themes/blank/blbkgnd.gif HTTP/1.1" 200 145 "-" "Mozilla/5.0 (Macintosh; Intel Mac OS X 10_15_7) AppleWebKit/537.36 (KHTML, like Gecko) Chrome/107.0.0.0 Safari/537.36" "linassoc.com"
114.119.158.156 - - [03/Jan/2023:20:51:35 -0800] "GET /index073005_files/images/?C=D%3BO%3DA HTTP/1.1" 200 330 "http://linassoc.com/index073005_files/images/?C=N%3BO%3DD" "Mozilla/5.0 (Linux; Android 7.0;) AppleWebKit/537.36 (KHTML, like Gecko) Mobile Safari/537.36 (compatible; PetalBot;+https://webmaster.petalsearch.com/site/petalbot)" "linassoc.com"
216.244.66.245 - - [03/Jan/2023:22:12:41 -0800] "GET /robots.txt HTTP/1.1" 404 73 "-" "Mozilla/5.0 (compatible; DotBot/1.2; +https://opensiteexplorer.org/dotbot; help@moz.com)" "www.linassoc.com"
216.244.66.245 - - [03/Jan/2023:22:12:41 -0800] "GET /robots.txt HTTP/1.1" 404 73 "-" "Mozilla/5.0 (compatible; DotBot/1.2; +https://opensiteexplorer.org/dotbot; help@moz.com)" "linassoc.com"
61.135.159.147 - - [03/Jan/2023:22:18:03 -0800] "GET / HTTP/1.1" 200 779 "-" "Sogou web spider/4.0(+http://www.sogou.com/docs/help/webmasters.htm#07)" "linassoc.com"
54.36.148.238 - - [03/Jan/2023:22:19:04 -0800] "GET /robots.txt HTTP/1.1" 404 88 "-" "Mozilla/5.0 (compatible; AhrefsBot/7.0; +http://ahrefs.com/robot/)" "linassoc.com"
51.222.253.8 - - [03/Jan/2023:22:19:05 -0800] "GET /contact_files/?C=S;O=D HTTP/1.1" 200 457 "-" "Mozilla/5.0 (compatible; AhrefsBot/7.0; +http://ahrefs.com/robot/)" "linassoc.com"
49.7.20.68 - - [03/Jan/2023:22:26:19 -0800] "GET / HTTP/1.1" 200 779 "-" "Sogou web spider/4.0(+http://www.sogou.com/docs/help/webmasters.htm#07)" "www.linassoc.com"
104.244.75.243 - - [03/Jan/2023:23:41:22 -0800] "GET ///wp-login.php HTTP/1.1" 404 88 "http://www.google.com.hk" "Mozilla/5.0 (Windows NT 6.1; WOW64) AppleWebKit/537.36 (KHTML, like Gecko) Chrome/42.0.2311.90 Safari/537.36" "linassoc.com"
216.244.66.245 - - [04/Jan/2023:00:01:39 -0800] "GET /robots.txt HTTP/1.1" 404 73 "-" "Mozilla/5.0 (compatible; DotBot/1.2; +https://opensiteexplorer.org/dotbot; help@moz.com)" "linassoc.com"
216.244.66.245 - - [04/Jan/2023:00:01:39 -0800] "GET /robots.txt HTTP/1.1" 404 73 "-" "Mozilla/5.0 (compatible; DotBot/1.2; +https://opensiteexplorer.org/dotbot; help@moz.com)" "www.linassoc.com"
51.222.253.1 - - [04/Jan/2023:00:02:26 -0800] "GET /contact062605_files/?C=M;O=D HTTP/1.1" 200 454 "-" "Mozilla/5.0 (compatible; AhrefsBot/7.0; +http://ahrefs.com/robot/)" "linassoc.com"
123.125.109.105 - - [04/Jan/2023:00:32:50 -0800] "GET / HTTP/1.1" 200 779 "-" "Sogou web spider/4.0(+http://www.sogou.com/docs/help/webmasters.htm#07)" "linassoc.com"
114.119.136.174 - - [04/Jan/2023:00:36:08 -0800] "GET /index073005_files/_private/ HTTP/1.1" 403 170 "http://linassoc.com/index073005_files/?C=D%3BO%3DA" "Mozilla/5.0 (Linux; Android 7.0;) AppleWebKit/537.36 (KHTML, like Gecko) Mobile Safari/537.36 (compatible; PetalBot;+https://webmaster.petalsearch.com/site/petalbot)" "linassoc.com"
114.119.136.139 - - [04/Jan/2023:00:37:45 -0800] "GET /contact062605_files/images/ HTTP/1.1" 200 332 "http://linassoc.com/contact062605_files/?C=N%3BO%3DD" "Mozilla/5.0 (Linux; Android 7.0;) AppleWebKit/537.36 (KHTML, like Gecko) Mobile Safari/537.36 (compatible; PetalBot;+https://webmaster.petalsearch.com/site/petalbot)" "linassoc.com"
51.222.253.8 - - [04/Jan/2023:00:54:40 -0800] "GET /contact062605_files/?C=S;O=D HTTP/1.1" 200 457 "-" "Mozilla/5.0 (compatible; AhrefsBot/7.0; +http://ahrefs.com/robot/)" "linassoc.com"
216.244.66.245 - - [04/Jan/2023:00:54:51 -0800] "GET /robots.txt HTTP/1.1" 404 73 "-" "Mozilla/5.0 (compatible; DotBot/1.2; +https://opensiteexplorer.org/dotbot; help@moz.com)" "www.linassoc.com"
216.244.66.245 - - [04/Jan/2023:00:54:51 -0800] "GET /robots.txt HTTP/1.1" 404 73 "-" "Mozilla/5.0 (compatible; DotBot/1.2; +https://opensiteexplorer.org/dotbot; help@moz.com)" "linassoc.com"
61.135.159.147 - - [04/Jan/2023:01:41:04 -0800] "GET / HTTP/1.1" 200 779 "-" "Sogou web spider/4.0(+http://www.sogou.com/docs/help/webmasters.htm#07)" "www.linassoc.com"
216.244.66.245 - - [04/Jan/2023:01:49:09 -0800] "GET /robots.txt HTTP/1.1" 404 73 "-" "Mozilla/5.0 (compatible; DotBot/1.2; +https://opensiteexplorer.org/dotbot; help@moz.com)" "www.linassoc.com"
216.244.66.245 - - [04/Jan/2023:01:49:09 -0800] "GET /robots.txt HTTP/1.1" 404 73 "-" "Mozilla/5.0 (compatible; DotBot/1.2; +https://opensiteexplorer.org/dotbot; help@moz.com)" "linassoc.com"
51.222.253.20 - - [04/Jan/2023:01:52:40 -0800] "GET /profile_files/?C=M;O=D HTTP/1.1" 200 452 "-" "Mozilla/5.0 (compatible; AhrefsBot/7.0; +http://ahrefs.com/robot/)" "linassoc.com"
51.222.253.19 - - [04/Jan/2023:02:21:13 -0800] "GET /contact062605_files/_private/ HTTP/1.1" 403 170 "-" "Mozilla/5.0 (compatible; AhrefsBot/7.0; +http://ahrefs.com/robot/)" "linassoc.com"
40.114.122.214 - - [04/Jan/2023:02:22:43 -0800] "HEAD /xmlrpc.php HTTP/1.1" 500 - "-" "Mozilla/5.0 (Windows NT 10.0; Win64; x64) AppleWebKit/537.36 (KHTML, like Gecko) Chrome/70.0.3538.110 Safari/537.36" "linassoc.com"
40.114.122.214 - - [04/Jan/2023:02:22:49 -0800] "GET /wp-login.php HTTP/1.1" 404 88 "-" "Mozilla/5.0 (Windows NT 10.0; Win64; x64; rv:76.0) Gecko/20100101 Firefox/76.0" "linassoc.com"
40.114.122.214 - - [04/Jan/2023:02:22:52 -0800] "HEAD /wp/xmlrpc.php HTTP/1.1" 500 - "-" "Mozilla/5.0 (Windows NT 10.0; Win64; x64) AppleWebKit/537.36 (KHTML, like Gecko) Chrome/79.0.3945.130 Safari/537.36" "linassoc.com"
40.114.122.214 - - [04/Jan/2023:02:22:57 -0800] "HEAD /wordpress/xmlrpc.php HTTP/1.1" 500 - "-" "Mozilla/5.0 (Windows NT 10.0; Win64; x64; rv:76.0) Gecko/20100101 Firefox/76.0" "linassoc.com"
40.114.122.214 - - [04/Jan/2023:02:23:02 -0800] "HEAD /old/xmlrpc.php HTTP/1.1" 500 - "-" "Mozilla/5.0 (Windows NT 10.0; Win64; x64; rv:71.0) Gecko/20100101 Firefox/71.0" "linassoc.com"
40.114.122.214 - - [04/Jan/2023:02:23:05 -0800] "HEAD /new/xmlrpc.php HTTP/1.1" 500 - "-" "Mozilla/5.0 (Windows NT 10.0; Win64; x64) AppleWebKit/537.36 (KHTML, like Gecko) Chrome/84.0.4147.105 Safari/537.36" "linassoc.com"
40.114.122.214 - - [04/Jan/2023:02:23:09 -0800] "HEAD /blog/xmlrpc.php HTTP/1.1" 500 - "-" "Mozilla/5.0 (Windows NT 10.0) AppleWebKit/537.36 (KHTML, like Gecko) Chrome/72.0.3626.121 Safari/537.36" "linassoc.com"
64.124.8.52 - - [04/Jan/2023:02:24:46 -0800] "GET /_themes/blank/ablbull2.gif HTTP/1.1" 200 62 "-" "Mozilla/5.0 (Macintosh; Intel Mac OS X 10_15_7) AppleWebKit/537.36 (KHTML, like Gecko) Chrome/107.0.0.0 Safari/537.36" "linassoc.com"
216.244.66.245 - - [04/Jan/2023:02:44:11 -0800] "GET /robots.txt HTTP/1.1" 404 73 "-" "Mozilla/5.0 (compatible; DotBot/1.2; +https://opensiteexplorer.org/dotbot; help@moz.com)" "www.linassoc.com"
216.244.66.245 - - [04/Jan/2023:02:44:11 -0800] "GET /robots.txt HTTP/1.1" 404 73 "-" "Mozilla/5.0 (compatible; DotBot/1.2; +https://opensiteexplorer.org/dotbot; help@moz.com)" "linassoc.com"
51.222.253.15 - - [04/Jan/2023:02:52:45 -0800] "GET /index073005_files/images/?C=D;O=A HTTP/1.1" 200 330 "-" "Mozilla/5.0 (compatible; AhrefsBot/7.0; +http://ahrefs.com/robot/)" "linassoc.com"
42.83.147.34 - - [04/Jan/2023:02:54:16 -0800] "GET / HTTP/1.1" 200 779 "-" "Mozilla/5.0 (Windows NT 6.1; Win64; x64) AppleWebKit/537.36 (KHTML, like Gecko)Chrome/74.0.3729.169 Safari/537.36" "linassoc.com"
216.244.66.245 - - [04/Jan/2023:03:07:05 -0800] "GET /images/ HTTP/1.1" 200 5015 "-" "Mozilla/5.0 (compatible; DotBot/1.2; +https://opensiteexplorer.org/dotbot; help@moz.com)" "linassoc.com"
51.222.253.11 - - [04/Jan/2023:04:01:23 -0800] "GET /index073005_files/images/?C=M;O=A HTTP/1.1" 200 328 "-" "Mozilla/5.0 (compatible; AhrefsBot/7.0; +http://ahrefs.com/robot/)" "linassoc.com"
114.119.143.55 - - [04/Jan/2023:04:14:29 -0800] "GET /robots.txt HTTP/1.1" 404 88 "-" "Mozilla/5.0 (compatible;PetalBot;+https://webmaster.petalsearch.com/site/petalbot)" "linassoc.com"
49.7.20.68 - - [04/Jan/2023:04:18:27 -0800] "GET / HTTP/1.1" 200 779 "-" "Sogou web spider/4.0(+http://www.sogou.com/docs/help/webmasters.htm#07)" "linassoc.com"
216.244.66.245 - - [04/Jan/2023:04:32:51 -0800] "GET /robots.txt HTTP/1.1" 404 73 "-" "Mozilla/5.0 (compatible; DotBot/1.2; +https://opensiteexplorer.org/dotbot; help@moz.com)" "www.linassoc.com"
51.222.253.3 - - [04/Jan/2023:05:03:39 -0800] "GET /_themes/images/?C=N;O=D HTTP/1.1" 200 317 "-" "Mozilla/5.0 (compatible; AhrefsBot/7.0; +http://ahrefs.com/robot/)" "linassoc.com"
93.159.230.89 - - [04/Jan/2023:05:27:27 -0800] "GET / HTTP/1.1" 200 779 "-" "Mozilla/5.0 (Windows NT 10.0; Win64; x64) AppleWebKit/537.36 (KHTML, like Gecko) Chrome/71.0.3578.98 Safari/537.36" "linassoc.com"
34.222.147.78 - - [04/Jan/2023:05:33:01 -0800] "GET / HTTP/1.1" 200 779 "-" "Mozilla/5.0 (X11; Linux x86_64) AppleWebKit/537.36 (KHTML, like Gecko) Chrome/83.0.4103.97 Safari/537.36" "linassoc.com"
54.201.117.219 - - [04/Jan/2023:05:38:50 -0800] "GET / HTTP/1.1" 200 779 "-" "Mozilla/5.0 (X11; Linux x86_64) AppleWebKit/537.36 (KHTML, like Gecko) Chrome/83.0.4103.97 Safari/537.36" "linassoc.com"
54.213.64.155 - - [04/Jan/2023:05:39:18 -0800] "GET /favicon.ico HTTP/1.1" 404 88 "-" "Mozilla/5.0 (X11; Linux x86_64) AppleWebKit/537.36 (KHTML, like Gecko) Chrome/83.0.4103.97 Safari/537.36" "linassoc.com"
35.85.218.135 - - [04/Jan/2023:05:41:01 -0800] "GET / HTTP/1.1" 200 779 "-" "Mozilla/5.0 (X11; Linux x86_64) AppleWebKit/537.36 (KHTML, like Gecko) Chrome/83.0.4103.97 Safari/537.36" "linassoc.com"
36.40.72.66 - - [04/Jan/2023:06:02:43 -0800] "GET / HTTP/1.1" 200 779 "-" "Mozilla/5.0 (iPhone; CPU iPhone OS 13_2_3 like Mac OS X) AppleWebKit/605.1.15 (KHTML, like Gecko) Version/13.0.3 Mobile/15E148 Safari/604.1" "linassoc.com"
216.244.66.245 - - [04/Jan/2023:06:20:57 -0800] "GET /robots.txt HTTP/1.1" 404 73 "-" "Mozilla/5.0 (compatible; DotBot/1.2; +https://opensiteexplorer.org/dotbot; help@moz.com)" "www.linassoc.com"
216.244.66.245 - - [04/Jan/2023:06:20:57 -0800] "GET /robots.txt HTTP/1.1" 404 73 "-" "Mozilla/5.0 (compatible; DotBot/1.2; +https://opensiteexplorer.org/dotbot; help@moz.com)" "linassoc.com"
51.222.253.2 - - [04/Jan/2023:06:31:43 -0800] "GET /index073005_files/images/?C=N;O=D HTTP/1.1" 200 328 "-" "Mozilla/5.0 (compatible; AhrefsBot/7.0; +http://ahrefs.com/robot/)" "linassoc.com"
194.38.20.161 - - [04/Jan/2023:06:51:52 -0800] "GET /ofc/php-ofc-library/ofc_upload_image.php HTTP/1.1" 404 73 "-" "ALittle Client" "linassoc.com"
123.183.224.80 - - [04/Jan/2023:07:08:11 -0800] "GET / HTTP/1.1" 200 779 "-" "Sogou web spider/4.0(+http://www.sogou.com/docs/help/webmasters.htm#07)" "linassoc.com"
61.135.159.147 - - [04/Jan/2023:07:12:56 -0800] "GET / HTTP/1.1" 200 779 "-" "Sogou web spider/4.0(+http://www.sogou.com/docs/help/webmasters.htm#07)" "linassoc.com"
216.244.66.245 - - [04/Jan/2023:07:15:07 -0800] "GET /robots.txt HTTP/1.1" 404 73 "-" "Mozilla/5.0 (compatible; DotBot/1.2; +https://opensiteexplorer.org/dotbot; help@moz.com)" "www.linassoc.com"
216.244.66.245 - - [04/Jan/2023:07:15:07 -0800] "GET /robots.txt HTTP/1.1" 404 73 "-" "Mozilla/5.0 (compatible; DotBot/1.2; +https://opensiteexplorer.org/dotbot; help@moz.com)" "linassoc.com"
114.119.157.132 - - [04/Jan/2023:07:17:29 -0800] "GET /index073005_files/?C=N%3BO%3DD HTTP/1.1" 200 466 "http://linassoc.com/index073005_files/?C=D%3BO%3DA" "Mozilla/5.0 (Linux; Android 7.0;) AppleWebKit/537.36 (KHTML, like Gecko) Mobile Safari/537.36 (compatible; PetalBot;+https://webmaster.petalsearch.com/site/petalbot)" "linassoc.com"
114.119.131.202 - - [04/Jan/2023:07:18:47 -0800] "GET /index073005_files/?C=M%3BO%3DA HTTP/1.1" 200 466 "http://linassoc.com/index073005_files/?C=D%3BO%3DA" "Mozilla/5.0 (Linux; Android 7.0;) AppleWebKit/537.36 (KHTML, like Gecko) Mobile Safari/537.36 (compatible; PetalBot;+https://webmaster.petalsearch.com/site/petalbot)" "linassoc.com"
49.7.20.68 - - [04/Jan/2023:07:18:58 -0800] "GET / HTTP/1.1" 200 779 "-" "Sogou web spider/4.0(+http://www.sogou.com/docs/help/webmasters.htm#07)" "www.linassoc.com"
77.74.177.119 - - [04/Jan/2023:07:27:41 -0800] "GET / HTTP/1.1" 200 779 "-" "Mozilla/5.0 (Windows NT 10.0; Win64; x64) AppleWebKit/537.36 (KHTML, like Gecko) Chrome/71.0.3578.98 Safari/537.36" "linassoc.com"
216.244.66.245 - - [04/Jan/2023:08:09:02 -0800] "GET /robots.txt HTTP/1.1" 404 73 "-" "Mozilla/5.0 (compatible; DotBot/1.2; +https://opensiteexplorer.org/dotbot; help@moz.com)" "linassoc.com"
216.244.66.245 - - [04/Jan/2023:08:09:02 -0800] "GET /robots.txt HTTP/1.1" 404 73 "-" "Mozilla/5.0 (compatible; DotBot/1.2; +https://opensiteexplorer.org/dotbot; help@moz.com)" "www.linassoc.com"
114.119.136.59 - - [04/Jan/2023:08:49:03 -0800] "GET /_themes/blank/color1.css HTTP/1.1" 200 268 "http://linassoc.com/_themes/blank/?C=S%3BO%3DA" "Mozilla/5.0 (Linux; Android 7.0;) AppleWebKit/537.36 (KHTML, like Gecko) Mobile Safari/537.36 (compatible; PetalBot;+https://webmaster.petalsearch.com/site/petalbot)" "linassoc.com"
51.222.253.9 - - [04/Jan/2023:08:54:53 -0800] "GET /contact062605_files/images/?C=N;O=D HTTP/1.1" 200 331 "-" "Mozilla/5.0 (compatible; AhrefsBot/7.0; +http://ahrefs.com/robot/)" "linassoc.com"
114.119.133.83 - - [04/Jan/2023:08:57:10 -0800] "GET /profile062605_files/?C=M%3BO%3DA HTTP/1.1" 200 457 "http://linassoc.com/profile062605_files/?C=S%3BO%3DA" "Mozilla/5.0 (Linux; Android 7.0;) AppleWebKit/537.36 (KHTML, like Gecko) Mobile Safari/537.36 (compatible; PetalBot;+https://webmaster.petalsearch.com/site/petalbot)" "linassoc.com"
64.124.8.51 - - [04/Jan/2023:09:00:21 -0800] "GET /_themes/blank/blprev.gif HTTP/1.1" 200 141 "-" "Mozilla/5.0 (Macintosh; Intel Mac OS X 10_15_7) AppleWebKit/537.36 (KHTML, like Gecko) Chrome/107.0.0.0 Safari/537.36" "linassoc.com"
64.124.8.51 - - [04/Jan/2023:09:00:21 -0800] "GET /_themes/blank/blvbh.gif HTTP/1.1" 200 329 "-" "Mozilla/5.0 (Macintosh; Intel Mac OS X 10_15_7) AppleWebKit/537.36 (KHTML, like Gecko) Chrome/107.0.0.0 Safari/537.36" "linassoc.com"
64.124.8.51 - - [04/Jan/2023:09:00:22 -0800] "GET /images/linassoc_header.jpg HTTP/1.1" 200 186332 "-" "Mozilla/5.0 (Macintosh; Intel Mac OS X 10_15_7) AppleWebKit/537.36 (KHTML, like Gecko) Chrome/107.0.0.0 Safari/537.36" "linassoc.com"
64.124.8.51 - - [04/Jan/2023:09:00:31 -0800] "GET /_themes/blank/blank.gif HTTP/1.1" 200 807 "-" "Mozilla/5.0 (Macintosh; Intel Mac OS X 10_15_7) AppleWebKit/537.36 (KHTML, like Gecko) Chrome/107.0.0.0 Safari/537.36" "linassoc.com"
216.244.66.245 - - [04/Jan/2023:09:56:51 -0800] "GET /robots.txt HTTP/1.1" 404 73 "-" "Mozilla/5.0 (compatible; DotBot/1.2; +https://opensiteexplorer.org/dotbot; help@moz.com)" "www.linassoc.com"
97.92.108.222 - - [04/Jan/2023:10:01:42 -0800] "GET / HTTP/1.1" 200 779 "-" "Mozilla/5.0 (Macintosh; Intel Mac OS X 10_15_7) AppleWebKit/605.1.15 (KHTML, like Gecko) Version/15.5 Safari/605.1.15" "linassoc.com"
104.248.160.119 - - [04/Jan/2023:10:34:39 -0800] "GET /profile_files/ HTTP/1.1" 200 457 "-" "Mozilla/5.0 (Macintosh; Intel Mac OS X 10_15_7) AppleWebKit/537.36 (KHTML, like Gecko) Chrome/107.0.0.0 Safari/537.36" "www.linassoc.com"
216.244.66.245 - - [04/Jan/2023:10:53:03 -0800] "GET /robots.txt HTTP/1.1" 404 73 "-" "Mozilla/5.0 (compatible; DotBot/1.2; +https://opensiteexplorer.org/dotbot; help@moz.com)" "linassoc.com"
216.244.66.245 - - [04/Jan/2023:10:53:03 -0800] "GET /robots.txt HTTP/1.1" 404 73 "-" "Mozilla/5.0 (compatible; DotBot/1.2; +https://opensiteexplorer.org/dotbot; help@moz.com)" "www.linassoc.com"
49.7.21.127 - - [04/Jan/2023:11:09:32 -0800] "GET / HTTP/1.1" 200 779 "-" "Sogou web spider/4.0(+http://www.sogou.com/docs/help/webmasters.htm#07)" "linassoc.com"
51.222.253.19 - - [04/Jan/2023:11:29:46 -0800] "GET /robots.txt HTTP/1.1" 404 88 "-" "Mozilla/5.0 (compatible; AhrefsBot/7.0; +http://ahrefs.com/robot/)" "linassoc.com"
51.222.253.16 - - [04/Jan/2023:11:29:47 -0800] "GET / HTTP/1.1" 200 779 "-" "Mozilla/5.0 (compatible; AhrefsBot/7.0; +http://ahrefs.com/robot/)" "linassoc.com"
216.244.66.245 - - [04/Jan/2023:11:50:55 -0800] "GET /robots.txt HTTP/1.1" 404 73 "-" "Mozilla/5.0 (compatible; DotBot/1.2; +https://opensiteexplorer.org/dotbot; help@moz.com)" "linassoc.com"
216.244.66.245 - - [04/Jan/2023:11:50:55 -0800] "GET /robots.txt HTTP/1.1" 404 73 "-" "Mozilla/5.0 (compatible; DotBot/1.2; +https://opensiteexplorer.org/dotbot; help@moz.com)" "www.linassoc.com"
216.244.66.245 - - [04/Jan/2023:12:47:19 -0800] "GET /robots.txt HTTP/1.1" 404 73 "-" "Mozilla/5.0 (compatible; DotBot/1.2; +https://opensiteexplorer.org/dotbot; help@moz.com)" "linassoc.com"
216.244.66.245 - - [04/Jan/2023:12:47:19 -0800] "GET /robots.txt HTTP/1.1" 404 73 "-" "Mozilla/5.0 (compatible; DotBot/1.2; +https://opensiteexplorer.org/dotbot; help@moz.com)" "www.linassoc.com"
95.163.255.76 - - [04/Jan/2023:13:03:05 -0800] "GET /robots.txt HTTP/1.1" 404 73 "-" "Mozilla/5.0 (compatible; Linux x86_64; Mail.RU_Bot/2.0; +https://help.mail.ru/webmaster/indexing/robots)" "www.linassoc.com"
95.163.255.78 - - [04/Jan/2023:13:03:07 -0800] "GET / HTTP/1.1" 200 779 "-" "Mozilla/5.0 (compatible; Linux x86_64; Mail.RU_Bot/2.0; +https://help.mail.ru/webmaster/indexing/robots)" "www.linassoc.com"
51.222.253.19 - - [04/Jan/2023:13:20:40 -0800] "GET /profile_files/images/?C=N;O=D HTTP/1.1" 200 321 "-" "Mozilla/5.0 (compatible; AhrefsBot/7.0; +http://ahrefs.com/robot/)" "linassoc.com"
45.86.202.65 - - [04/Jan/2023:14:09:38 -0800] "POST / HTTP/1.1" 404 88 "-" "Mozilla/5.0 (Macintosh; Intel Mac OS X 10_10_3) AppleWebKit/537.36 (KHTML, like Gecko) Chrome/45.0.2454.85 Safari/537.36" "linassoc.com"
114.119.146.55 - - [04/Jan/2023:14:13:12 -0800] "GET /_themes/blank/?C=D%3BO%3DA HTTP/1.1" 200 903 "http://linassoc.com/_themes/blank/?C=S%3BO%3DA" "Mozilla/5.0 (Linux; Android 7.0;) AppleWebKit/537.36 (KHTML, like Gecko) Mobile Safari/537.36 (compatible; PetalBot;+https://webmaster.petalsearch.com/site/petalbot)" "linassoc.com"
216.244.66.245 - - [04/Jan/2023:14:39:04 -0800] "GET /robots.txt HTTP/1.1" 404 73 "-" "Mozilla/5.0 (compatible; DotBot/1.2; +https://opensiteexplorer.org/dotbot; help@moz.com)" "www.linassoc.com"
172.176.116.118 - - [04/Jan/2023:15:24:09 -0800] "GET / HTTP/1.1" 200 779 "-" "Mozilla/5.0 (Windows NT 10.0; Win64; x64) AppleWebKit/537.36 (KHTML, like Gecko) Chrome/105.0.0.0 Safari/537.36" "linassoc.com"
137.226.113.44 - - [04/Jan/2023:15:25:28 -0800] "GET / HTTP/1.1" 200 779 "-" "Mozilla/5.0 zgrab/0.x (compatible; Researchscan/http; +http://researchscan.comsys.rwth-aachen.de)" "www.linassoc.com"
172.176.116.237 - - [04/Jan/2023:15:27:10 -0800] "GET / HTTP/1.1" 200 779 "-" "Mozilla/5.0 (Windows NT 10.0; Win64; x64) AppleWebKit/537.36 (KHTML, like Gecko) Chrome/105.0.0.0 Safari/537.36" "linassoc.com"
172.176.113.135 - - [04/Jan/2023:15:31:22 -0800] "GET / HTTP/1.1" 200 779 "-" "Mozilla/5.0 (Windows NT 10.0; Win64; x64) AppleWebKit/537.36 (KHTML, like Gecko) Chrome/105.0.0.0 Safari/537.36" "www.linassoc.com"
172.176.113.135 - - [04/Jan/2023:15:34:08 -0800] "GET / HTTP/1.1" 200 779 "-" "Mozilla/5.0 (Windows NT 10.0; Win64; x64) AppleWebKit/537.36 (KHTML, like Gecko) Chrome/105.0.0.0 Safari/537.36" "www.linassoc.com"
216.244.66.245 - - [04/Jan/2023:15:35:27 -0800] "GET /robots.txt HTTP/1.1" 404 73 "-" "Mozilla/5.0 (compatible; DotBot/1.2; +https://opensiteexplorer.org/dotbot; help@moz.com)" "www.linassoc.com"
216.244.66.245 - - [04/Jan/2023:15:35:27 -0800] "GET /robots.txt HTTP/1.1" 404 73 "-" "Mozilla/5.0 (compatible; DotBot/1.2; +https://opensiteexplorer.org/dotbot; help@moz.com)" "linassoc.com"
123.125.109.37 - - [04/Jan/2023:16:11:12 -0800] "GET / HTTP/1.1" 200 779 "-" "Sogou web spider/4.0(+http://www.sogou.com/docs/help/webmasters.htm#07)" "www.linassoc.com"
216.244.66.245 - - [04/Jan/2023:17:27:15 -0800] "GET /robots.txt HTTP/1.1" 404 73 "-" "Mozilla/5.0 (compatible; DotBot/1.2; +https://opensiteexplorer.org/dotbot; help@moz.com)" "linassoc.com"
216.244.66.245 - - [04/Jan/2023:17:27:15 -0800] "GET /robots.txt HTTP/1.1" 404 73 "-" "Mozilla/5.0 (compatible; DotBot/1.2; +https://opensiteexplorer.org/dotbot; help@moz.com)" "www.linassoc.com"
216.244.66.245 - - [04/Jan/2023:18:22:56 -0800] "GET /robots.txt HTTP/1.1" 404 73 "-" "Mozilla/5.0 (compatible; DotBot/1.2; +https://opensiteexplorer.org/dotbot; help@moz.com)" "linassoc.com"
216.244.66.245 - - [04/Jan/2023:18:22:56 -0800] "GET /robots.txt HTTP/1.1" 404 73 "-" "Mozilla/5.0 (compatible; DotBot/1.2; +https://opensiteexplorer.org/dotbot; help@moz.com)" "www.linassoc.com"
51.222.253.2 - - [04/Jan/2023:18:57:35 -0800] "GET /media/?C=N;O=D HTTP/1.1" 200 366 "-" "Mozilla/5.0 (compatible; AhrefsBot/7.0; +http://ahrefs.com/robot/)" "linassoc.com"
67.205.176.132 - - [04/Jan/2023:19:08:53 -0800] "GET /?C=M;O=A HTTP/1.1" 200 776 "-" "Mozilla/5.0 (Macintosh; Intel Mac OS X 10_15_7) AppleWebKit/537.36 (KHTML, like Gecko) Chrome/107.0.0.0 Safari/537.36" "www.linassoc.com"
216.244.66.245 - - [04/Jan/2023:19:18:46 -0800] "GET /robots.txt HTTP/1.1" 404 73 "-" "Mozilla/5.0 (compatible; DotBot/1.2; +https://opensiteexplorer.org/dotbot; help@moz.com)" "www.linassoc.com"
216.244.66.245 - - [04/Jan/2023:19:18:46 -0800] "GET /robots.txt HTTP/1.1" 404 73 "-" "Mozilla/5.0 (compatible; DotBot/1.2; +https://opensiteexplorer.org/dotbot; help@moz.com)" "linassoc.com"
123.125.109.54 - - [04/Jan/2023:19:25:57 -0800] "GET / HTTP/1.1" 200 779 "-" "Sogou web spider/4.0(+http://www.sogou.com/docs/help/webmasters.htm#07)" "www.linassoc.com"
216.244.66.245 - - [04/Jan/2023:20:15:28 -0800] "GET /robots.txt HTTP/1.1" 404 73 "-" "Mozilla/5.0 (compatible; DotBot/1.2; +https://opensiteexplorer.org/dotbot; help@moz.com)" "www.linassoc.com"
216.244.66.245 - - [04/Jan/2023:20:15:28 -0800] "GET /robots.txt HTTP/1.1" 404 73 "-" "Mozilla/5.0 (compatible; DotBot/1.2; +https://opensiteexplorer.org/dotbot; help@moz.com)" "linassoc.com"
34.76.146.130 - - [04/Jan/2023:20:28:43 -0800] "GET / HTTP/1.1" 200 3978 "-" "Mozilla/5.0 (Windows NT 10.0; Win64; x64) AppleWebKit/537.36 (KHTML, like Gecko) Chrome/84.0.4147.105 Safari/537.36" "www.linassoc.com"
54.241.206.35 - - [04/Jan/2023:20:34:15 -0800] "GET / HTTP/1.1" 200 3978 "-" "Mozilla/5.0 (Macintosh; Intel Mac OS X 10_10_1) AppleWebKit/537.36 (KHTML, like Gecko) Chrome/40.0.2214.93 Safari/537.36" "linassoc.com"
202.40.181.218 - - [04/Jan/2023:20:38:56 -0800] "GET / HTTP/1.1" 200 779 "-" "Mozilla/5.0 (Windows NT 10.0; Win64; x64) AppleWebKit/537.36 (KHTML, like Gecko) Chrome/85.0.4183.121 Safari/537.36" "linassoc.com"
202.40.181.218 - - [04/Jan/2023:20:39:08 -0800] "GET /NAV%20attorney%20profile.jpg HTTP/1.1" 200 8689 "-" "Mozilla/5.0 (Windows NT 10.0; Win64; x64) AppleWebKit/537.36 (KHTML, like Gecko) Chrome/85.0.4183.121 Safari/537.36" "linassoc.com"
202.40.181.218 - - [04/Jan/2023:20:39:15 -0800] "GET /NAV%20co%20profile.jpg HTTP/1.1" 200 8312 "-" "Mozilla/5.0 (Windows NT 10.0; Win64; x64) AppleWebKit/537.36 (KHTML, like Gecko) Chrome/85.0.4183.121 Safari/537.36" "linassoc.com"
202.40.181.218 - - [04/Jan/2023:20:39:19 -0800] "GET /contact062605_files/ HTTP/1.1" 200 457 "-" "Mozilla/5.0 (Windows NT 10.0; Win64; x64) AppleWebKit/537.36 (KHTML, like Gecko) Chrome/85.0.4183.121 Safari/537.36" "linassoc.com"
202.40.181.218 - - [04/Jan/2023:20:39:20 -0800] "GET /contact_files/ HTTP/1.1" 200 458 "-" "Mozilla/5.0 (Windows NT 10.0; Win64; x64) AppleWebKit/537.36 (KHTML, like Gecko) Chrome/85.0.4183.121 Safari/537.36" "linassoc.com"
202.40.181.218 - - [04/Jan/2023:20:39:21 -0800] "GET /profile062605_files/ HTTP/1.1" 200 457 "-" "Mozilla/5.0 (Windows NT 10.0; Win64; x64) AppleWebKit/537.36 (KHTML, like Gecko) Chrome/85.0.4183.121 Safari/537.36" "linassoc.com"
202.40.181.218 - - [04/Jan/2023:20:39:22 -0800] "GET /profile_files/ HTTP/1.1" 200 457 "-" "Mozilla/5.0 (Windows NT 10.0; Win64; x64) AppleWebKit/537.36 (KHTML, like Gecko) Chrome/85.0.4183.121 Safari/537.36" "linassoc.com"
143.198.51.227 - - [04/Jan/2023:20:39:52 -0800] "GET /navigation_bars/ HTTP/1.1" 200 370 "-" "Mozilla/5.0 (Macintosh; Intel Mac OS X 10_15_7) AppleWebKit/537.36 (KHTML, like Gecko) Chrome/107.0.0.0 Safari/537.36" "linassoc.com"
51.222.253.18 - - [04/Jan/2023:21:03:45 -0800] "GET /linassoc072205/profile_files/?C=D;O=A HTTP/1.1" 200 446 "-" "Mozilla/5.0 (compatible; AhrefsBot/7.0; +http://ahrefs.com/robot/)" "linassoc.com"
114.119.143.110 - - [04/Jan/2023:21:05:17 -0800] "GET /robots.txt HTTP/1.1" 404 88 "-" "Mozilla/5.0 (compatible;PetalBot;+https://webmaster.petalsearch.com/site/petalbot)" "linassoc.com"
