216.244.66.245 - - [11/Dec/2022:15:59:59 -0800] "GET /robots.txt HTTP/1.1" 404 73 "-" "Mozilla/5.0 (compatible; DotBot/1.2; +https://opensiteexplorer.org/dotbot; help@moz.com)" "www.linassoc.com"
216.244.66.245 - - [11/Dec/2022:16:00:01 -0800] "GET /robots.txt HTTP/1.1" 404 73 "-" "Mozilla/5.0 (compatible; DotBot/1.2; +https://opensiteexplorer.org/dotbot; help@moz.com)" "linassoc.com"
51.222.253.13 - - [11/Dec/2022:16:25:40 -0800] "GET /contact_files/?C=M;O=A HTTP/1.1" 200 459 "-" "Mozilla/5.0 (compatible; AhrefsBot/7.0; +http://ahrefs.com/robot/)" "linassoc.com"
208.100.26.236 - - [11/Dec/2022:16:43:10 -0800] "HEAD /core/misc/drupal.js HTTP/1.1" 404 - "-" "Mozilla/5.0 (Windows NT 6.3; WOW64; Trident/7.0; MDDCJS; rv:11.0) like Gecko" "linassoc.com"
208.100.26.236 - - [11/Dec/2022:16:43:10 -0800] "HEAD /misc/drupal.js HTTP/1.1" 404 - "-" "Mozilla/5.0 (Windows NT 6.3; WOW64; Trident/7.0; MDDCJS; rv:11.0) like Gecko" "linassoc.com"
216.244.66.245 - - [11/Dec/2022:16:48:55 -0800] "GET /robots.txt HTTP/1.1" 404 73 "-" "Mozilla/5.0 (compatible; DotBot/1.2; +https://opensiteexplorer.org/dotbot; help@moz.com)" "www.linassoc.com"
216.244.66.245 - - [11/Dec/2022:16:48:55 -0800] "GET /robots.txt HTTP/1.1" 404 73 "-" "Mozilla/5.0 (compatible; DotBot/1.2; +https://opensiteexplorer.org/dotbot; help@moz.com)" "linassoc.com"
114.119.153.56 - - [11/Dec/2022:17:00:23 -0800] "GET /index2_files/?C=D%3BO%3DA HTTP/1.1" 200 315 "http://linassoc.com/index2_files/" "Mozilla/5.0 (Linux; Android 7.0;) AppleWebKit/537.36 (KHTML, like Gecko) Mobile Safari/537.36 (compatible; PetalBot;+https://webmaster.petalsearch.com/site/petalbot)" "linassoc.com"
114.119.144.88 - - [11/Dec/2022:17:06:34 -0800] "GET /_overlay/?C=S%3BO%3DA HTTP/1.1" 200 525 "http://linassoc.com/_overlay/" "Mozilla/5.0 (Linux; Android 7.0;) AppleWebKit/537.36 (KHTML, like Gecko) Mobile Safari/537.36 (compatible; PetalBot;+https://webmaster.petalsearch.com/site/petalbot)" "linassoc.com"
51.222.253.18 - - [11/Dec/2022:17:28:19 -0800] "GET /profile062605_files/images/?C=D;O=A HTTP/1.1" 200 332 "-" "Mozilla/5.0 (compatible; AhrefsBot/7.0; +http://ahrefs.com/robot/)" "linassoc.com"
216.244.66.245 - - [11/Dec/2022:18:02:29 -0800] "GET /robots.txt HTTP/1.1" 404 73 "-" "Mozilla/5.0 (compatible; DotBot/1.2; +https://opensiteexplorer.org/dotbot; help@moz.com)" "www.linassoc.com"
216.244.66.245 - - [11/Dec/2022:18:02:29 -0800] "GET /robots.txt HTTP/1.1" 404 73 "-" "Mozilla/5.0 (compatible; DotBot/1.2; +https://opensiteexplorer.org/dotbot; help@moz.com)" "linassoc.com"
51.222.253.14 - - [11/Dec/2022:18:12:11 -0800] "GET /profile062605_files/images/?C=M;O=A HTTP/1.1" 200 331 "-" "Mozilla/5.0 (compatible; AhrefsBot/7.0; +http://ahrefs.com/robot/)" "linassoc.com"
51.159.37.33 - - [11/Dec/2022:18:26:04 -0800] "GET /wp-content/themes/ HTTP/1.1" 404 73 "-" "Mozilla/5.0 (Windows NT 10.0; Win64; x64) AppleWebKit/537.36 (KHTML, like Gecko) Chrome/108.0.0.0 Safari/537.36" "linassoc.com"
51.222.253.18 - - [11/Dec/2022:18:58:39 -0800] "GET /contact_files/?C=S;O=A HTTP/1.1" 200 455 "-" "Mozilla/5.0 (compatible; AhrefsBot/7.0; +http://ahrefs.com/robot/)" "linassoc.com"
123.125.109.54 - - [11/Dec/2022:18:59:46 -0800] "GET / HTTP/1.1" 200 779 "-" "Sogou web spider/4.0(+http://www.sogou.com/docs/help/webmasters.htm#07)" "www.linassoc.com"
216.244.66.245 - - [11/Dec/2022:18:59:53 -0800] "GET /robots.txt HTTP/1.1" 404 73 "-" "Mozilla/5.0 (compatible; DotBot/1.2; +https://opensiteexplorer.org/dotbot; help@moz.com)" "www.linassoc.com"
216.244.66.245 - - [11/Dec/2022:18:59:53 -0800] "GET /robots.txt HTTP/1.1" 404 73 "-" "Mozilla/5.0 (compatible; DotBot/1.2; +https://opensiteexplorer.org/dotbot; help@moz.com)" "linassoc.com"
118.184.177.66 - - [11/Dec/2022:19:31:43 -0800] "GET / HTTP/1.1" 200 779 "-" "Sogou web spider/4.0(+http://www.sogou.com/docs/help/webmasters.htm#07)" "linassoc.com"
51.222.253.10 - - [11/Dec/2022:19:47:21 -0800] "GET /contact_files/?C=D;O=A HTTP/1.1" 200 458 "-" "Mozilla/5.0 (compatible; AhrefsBot/7.0; +http://ahrefs.com/robot/)" "linassoc.com"
216.244.66.245 - - [11/Dec/2022:19:47:28 -0800] "GET /robots.txt HTTP/1.1" 404 73 "-" "Mozilla/5.0 (compatible; DotBot/1.2; +https://opensiteexplorer.org/dotbot; help@moz.com)" "linassoc.com"
216.244.66.245 - - [11/Dec/2022:19:47:28 -0800] "GET /robots.txt HTTP/1.1" 404 73 "-" "Mozilla/5.0 (compatible; DotBot/1.2; +https://opensiteexplorer.org/dotbot; help@moz.com)" "www.linassoc.com"
216.244.66.245 - - [11/Dec/2022:20:34:54 -0800] "GET /robots.txt HTTP/1.1" 404 73 "-" "Mozilla/5.0 (compatible; DotBot/1.2; +https://opensiteexplorer.org/dotbot; help@moz.com)" "www.linassoc.com"
216.244.66.245 - - [11/Dec/2022:20:34:54 -0800] "GET /robots.txt HTTP/1.1" 404 73 "-" "Mozilla/5.0 (compatible; DotBot/1.2; +https://opensiteexplorer.org/dotbot; help@moz.com)" "linassoc.com"
51.222.253.13 - - [11/Dec/2022:20:36:11 -0800] "GET /contact_files/images/ HTTP/1.1" 200 324 "-" "Mozilla/5.0 (compatible; AhrefsBot/7.0; +http://ahrefs.com/robot/)" "linassoc.com"
216.244.66.245 - - [11/Dec/2022:21:22:31 -0800] "GET /robots.txt HTTP/1.1" 404 73 "-" "Mozilla/5.0 (compatible; DotBot/1.2; +https://opensiteexplorer.org/dotbot; help@moz.com)" "linassoc.com"
216.244.66.245 - - [11/Dec/2022:21:22:31 -0800] "GET /robots.txt HTTP/1.1" 404 73 "-" "Mozilla/5.0 (compatible; DotBot/1.2; +https://opensiteexplorer.org/dotbot; help@moz.com)" "www.linassoc.com"
114.119.132.25 - - [11/Dec/2022:21:26:44 -0800] "GET /profile062605_files/images/?C=D%3BO%3DA HTTP/1.1" 200 332 "http://linassoc.com/profile062605_files/images/?C=M%3BO%3DA" "Mozilla/5.0 (Linux; Android 7.0;) AppleWebKit/537.36 (KHTML, like Gecko) Mobile Safari/537.36 (compatible; PetalBot;+https://webmaster.petalsearch.com/site/petalbot)" "linassoc.com"
114.119.156.185 - - [11/Dec/2022:21:28:13 -0800] "GET /navigation_bars/?C=M%3BO%3DA HTTP/1.1" 200 370 "http://linassoc.com/navigation_bars/?C=S%3BO%3DA" "Mozilla/5.0 (Linux; Android 7.0;) AppleWebKit/537.36 (KHTML, like Gecko) Mobile Safari/537.36 (compatible; PetalBot;+https://webmaster.petalsearch.com/site/petalbot)" "linassoc.com"
51.222.253.4 - - [11/Dec/2022:21:29:40 -0800] "GET /profile062605_files/?C=D;O=A HTTP/1.1" 200 457 "-" "Mozilla/5.0 (compatible; AhrefsBot/7.0; +http://ahrefs.com/robot/)" "linassoc.com"
114.119.158.128 - - [11/Dec/2022:21:31:03 -0800] "GET /linassoc072205/profile_files/?C=M%3BO%3DA HTTP/1.1" 200 446 "http://linassoc.com/linassoc072205/profile_files/" "Mozilla/5.0 (Linux; Android 7.0;) AppleWebKit/537.36 (KHTML, like Gecko) Mobile Safari/537.36 (compatible; PetalBot;+https://webmaster.petalsearch.com/site/petalbot)" "linassoc.com"
114.119.143.252 - - [11/Dec/2022:21:33:04 -0800] "GET /linassoc072205/ HTTP/1.1" 200 381 "http://linassoc.com/linassoc072205/profile_files/" "Mozilla/5.0 (Linux; Android 7.0;) AppleWebKit/537.36 (KHTML, like Gecko) Mobile Safari/537.36 (compatible; PetalBot;+https://webmaster.petalsearch.com/site/petalbot)" "linassoc.com"
114.119.141.35 - - [11/Dec/2022:21:34:21 -0800] "GET /contact_files/images/?C=N%3BO%3DD HTTP/1.1" 200 324 "http://linassoc.com/contact_files/images/" "Mozilla/5.0 (Linux; Android 7.0;) AppleWebKit/537.36 (KHTML, like Gecko) Mobile Safari/537.36 (compatible; PetalBot;+https://webmaster.petalsearch.com/site/petalbot)" "linassoc.com"
114.119.138.13 - - [11/Dec/2022:21:36:04 -0800] "GET /linassoc072205/?C=S%3BO%3DA HTTP/1.1" 200 381 "http://linassoc.com/linassoc072205/?C=M%3BO%3DA" "Mozilla/5.0 (Linux; Android 7.0;) AppleWebKit/537.36 (KHTML, like Gecko) Mobile Safari/537.36 (compatible; PetalBot;+https://webmaster.petalsearch.com/site/petalbot)" "linassoc.com"
114.119.134.10 - - [11/Dec/2022:21:37:48 -0800] "GET /contact062605_files/?C=D%3BO%3DA HTTP/1.1" 200 457 "http://linassoc.com/contact062605_files/" "Mozilla/5.0 (Linux; Android 7.0;) AppleWebKit/537.36 (KHTML, like Gecko) Mobile Safari/537.36 (compatible; PetalBot;+https://webmaster.petalsearch.com/site/petalbot)" "linassoc.com"
216.244.66.245 - - [11/Dec/2022:22:10:37 -0800] "GET /robots.txt HTTP/1.1" 404 73 "-" "Mozilla/5.0 (compatible; DotBot/1.2; +https://opensiteexplorer.org/dotbot; help@moz.com)" "www.linassoc.com"
216.244.66.245 - - [11/Dec/2022:22:10:37 -0800] "GET /robots.txt HTTP/1.1" 404 73 "-" "Mozilla/5.0 (compatible; DotBot/1.2; +https://opensiteexplorer.org/dotbot; help@moz.com)" "linassoc.com"
51.222.253.10 - - [11/Dec/2022:22:27:54 -0800] "GET /contact062605_files/?C=D;O=A HTTP/1.1" 200 457 "-" "Mozilla/5.0 (compatible; AhrefsBot/7.0; +http://ahrefs.com/robot/)" "linassoc.com"
216.244.66.245 - - [11/Dec/2022:22:57:46 -0800] "GET /robots.txt HTTP/1.1" 404 73 "-" "Mozilla/5.0 (compatible; DotBot/1.2; +https://opensiteexplorer.org/dotbot; help@moz.com)" "linassoc.com"
216.244.66.245 - - [11/Dec/2022:22:57:46 -0800] "GET /robots.txt HTTP/1.1" 404 73 "-" "Mozilla/5.0 (compatible; DotBot/1.2; +https://opensiteexplorer.org/dotbot; help@moz.com)" "www.linassoc.com"
114.119.158.5 - - [11/Dec/2022:23:10:57 -0800] "GET /robots.txt HTTP/1.1" 404 88 "-" "Mozilla/5.0 (compatible;PetalBot;+https://webmaster.petalsearch.com/site/petalbot)" "linassoc.com"
114.119.158.43 - - [11/Dec/2022:23:11:51 -0800] "GET /robots.txt HTTP/1.1" 404 88 "-" "Mozilla/5.0 (compatible;PetalBot;+https://webmaster.petalsearch.com/site/petalbot)" "linassoc.com"
51.222.253.19 - - [11/Dec/2022:23:19:17 -0800] "GET /robots.txt HTTP/1.1" 404 88 "-" "Mozilla/5.0 (compatible; AhrefsBot/7.0; +http://ahrefs.com/robot/)" "linassoc.com"
51.222.253.18 - - [11/Dec/2022:23:19:18 -0800] "GET /contact062605_files/?C=M;O=A HTTP/1.1" 200 460 "-" "Mozilla/5.0 (compatible; AhrefsBot/7.0; +http://ahrefs.com/robot/)" "linassoc.com"
216.244.66.245 - - [11/Dec/2022:23:43:47 -0800] "GET /robots.txt HTTP/1.1" 404 73 "-" "Mozilla/5.0 (compatible; DotBot/1.2; +https://opensiteexplorer.org/dotbot; help@moz.com)" "www.linassoc.com"
216.244.66.245 - - [11/Dec/2022:23:43:47 -0800] "GET /robots.txt HTTP/1.1" 404 73 "-" "Mozilla/5.0 (compatible; DotBot/1.2; +https://opensiteexplorer.org/dotbot; help@moz.com)" "linassoc.com"
51.222.253.8 - - [12/Dec/2022:00:10:29 -0800] "GET /contact062605_files/?C=S;O=A HTTP/1.1" 200 455 "-" "Mozilla/5.0 (compatible; AhrefsBot/7.0; +http://ahrefs.com/robot/)" "linassoc.com"
58.250.125.150 - - [12/Dec/2022:00:16:06 -0800] "GET / HTTP/1.1" 200 779 "-" "Sogou web spider/4.0(+http://www.sogou.com/docs/help/webmasters.htm#07)" "www.linassoc.com"
216.244.66.245 - - [12/Dec/2022:00:29:32 -0800] "GET /robots.txt HTTP/1.1" 404 73 "-" "Mozilla/5.0 (compatible; DotBot/1.2; +https://opensiteexplorer.org/dotbot; help@moz.com)" "linassoc.com"
216.244.66.245 - - [12/Dec/2022:01:14:43 -0800] "GET /robots.txt HTTP/1.1" 404 73 "-" "Mozilla/5.0 (compatible; DotBot/1.2; +https://opensiteexplorer.org/dotbot; help@moz.com)" "linassoc.com"
216.244.66.245 - - [12/Dec/2022:01:14:43 -0800] "GET /robots.txt HTTP/1.1" 404 73 "-" "Mozilla/5.0 (compatible; DotBot/1.2; +https://opensiteexplorer.org/dotbot; help@moz.com)" "www.linassoc.com"
49.7.20.74 - - [12/Dec/2022:01:15:39 -0800] "GET / HTTP/1.1" 200 779 "-" "Sogou web spider/4.0(+http://www.sogou.com/docs/help/webmasters.htm#07)" "linassoc.com"
68.69.184.202 - - [12/Dec/2022:01:21:58 -0800] "GET /robots.txt HTTP/1.1" 404 88 "-" "test" "linassoc.com"
68.69.184.202 - - [12/Dec/2022:01:21:58 -0800] "GET / HTTP/1.1" 200 779 "-" "test" "linassoc.com"
51.222.253.6 - - [12/Dec/2022:01:31:06 -0800] "GET /profile062605_files/?C=S;O=A HTTP/1.1" 200 455 "-" "Mozilla/5.0 (compatible; AhrefsBot/7.0; +http://ahrefs.com/robot/)" "linassoc.com"
216.244.66.245 - - [12/Dec/2022:02:00:27 -0800] "GET /robots.txt HTTP/1.1" 404 73 "-" "Mozilla/5.0 (compatible; DotBot/1.2; +https://opensiteexplorer.org/dotbot; help@moz.com)" "www.linassoc.com"
216.244.66.245 - - [12/Dec/2022:02:00:27 -0800] "GET /robots.txt HTTP/1.1" 404 73 "-" "Mozilla/5.0 (compatible; DotBot/1.2; +https://opensiteexplorer.org/dotbot; help@moz.com)" "linassoc.com"
51.222.253.6 - - [12/Dec/2022:03:05:55 -0800] "GET /contact062605_files/images/ HTTP/1.1" 200 332 "-" "Mozilla/5.0 (compatible; AhrefsBot/7.0; +http://ahrefs.com/robot/)" "linassoc.com"
118.184.177.66 - - [12/Dec/2022:03:32:48 -0800] "GET / HTTP/1.1" 200 779 "-" "Sogou web spider/4.0(+http://www.sogou.com/docs/help/webmasters.htm#07)" "www.linassoc.com"
212.102.33.249 - - [12/Dec/2022:03:33:46 -0800] "GET / HTTP/1.1" 200 779 "-" "Mozilla/5.0 (Linux x86_64; rv:102.0) Gecko/20100101 Firefox/102.0" "linassoc.com"
212.102.33.249 - - [12/Dec/2022:03:33:46 -0800] "GET /contact_files/ HTTP/1.1" 200 458 "http://linassoc.com" "Mozilla/5.0 (Linux x86_64; rv:102.0) Gecko/20100101 Firefox/102.0" "linassoc.com"
212.102.33.249 - - [12/Dec/2022:03:33:46 -0800] "GET /contact062605_files/ HTTP/1.1" 200 457 "http://linassoc.com" "Mozilla/5.0 (Linux x86_64; rv:102.0) Gecko/20100101 Firefox/102.0" "linassoc.com"
51.222.253.10 - - [12/Dec/2022:04:20:03 -0800] "GET /profile062605_files/images/ HTTP/1.1" 200 332 "-" "Mozilla/5.0 (compatible; AhrefsBot/7.0; +http://ahrefs.com/robot/)" "linassoc.com"
54.174.53.169 - - [12/Dec/2022:04:44:13 -0800] "HEAD / HTTP/1.1" 200 - "-" "HubSpot Connect 2.0 (http://dev.hubspot.com/) (namespace: domainValidationHttpClient) - BizOpsCompanies-Tq2-BizCoDomainValidationAudit" "linassoc.com"
216.244.66.245 - - [12/Dec/2022:05:04:16 -0800] "GET /robots.txt HTTP/1.1" 404 73 "-" "Mozilla/5.0 (compatible; DotBot/1.2; +https://opensiteexplorer.org/dotbot; help@moz.com)" "linassoc.com"
216.244.66.245 - - [12/Dec/2022:05:04:16 -0800] "GET /robots.txt HTTP/1.1" 404 73 "-" "Mozilla/5.0 (compatible; DotBot/1.2; +https://opensiteexplorer.org/dotbot; help@moz.com)" "www.linassoc.com"
54.190.194.236 - - [12/Dec/2022:05:08:27 -0800] "GET / HTTP/1.1" 200 779 "-" "Mozilla/5.0 (X11; Linux x86_64) AppleWebKit/537.36 (KHTML, like Gecko) Chrome/83.0.4103.97 Safari/537.36" "linassoc.com"
54.244.192.255 - - [12/Dec/2022:05:09:27 -0800] "GET / HTTP/1.1" 200 779 "-" "Mozilla/5.0 (X11; Linux x86_64) AppleWebKit/537.36 (KHTML, like Gecko) Chrome/83.0.4103.97 Safari/537.36" "linassoc.com"
54.244.215.125 - - [12/Dec/2022:05:13:46 -0800] "GET /favicon.ico HTTP/1.1" 404 88 "-" "Mozilla/5.0 (X11; Linux x86_64) AppleWebKit/537.36 (KHTML, like Gecko) Chrome/83.0.4103.97 Safari/537.36" "linassoc.com"
54.244.215.125 - - [12/Dec/2022:05:13:47 -0800] "GET / HTTP/1.1" 200 779 "-" "Mozilla/5.0 (X11; Linux x86_64) AppleWebKit/537.36 (KHTML, like Gecko) Chrome/83.0.4103.97 Safari/537.36" "linassoc.com"
54.214.96.185 - - [12/Dec/2022:05:16:17 -0800] "GET /favicon.ico HTTP/1.1" 404 88 "-" "Mozilla/5.0 (X11; Linux x86_64) AppleWebKit/537.36 (KHTML, like Gecko) Chrome/83.0.4103.97 Safari/537.36" "linassoc.com"
54.214.96.185 - - [12/Dec/2022:05:16:17 -0800] "GET / HTTP/1.1" 200 779 "-" "Mozilla/5.0 (X11; Linux x86_64) AppleWebKit/537.36 (KHTML, like Gecko) Chrome/83.0.4103.97 Safari/537.36" "linassoc.com"
34.219.10.164 - - [12/Dec/2022:05:17:56 -0800] "GET / HTTP/1.1" 200 779 "-" "Mozilla/5.0 (X11; Linux x86_64) AppleWebKit/537.36 (KHTML, like Gecko) Chrome/83.0.4103.97 Safari/537.36" "linassoc.com"
34.219.10.164 - - [12/Dec/2022:05:18:45 -0800] "GET / HTTP/1.1" 200 779 "-" "Mozilla/5.0 (X11; Linux x86_64) AppleWebKit/537.36 (KHTML, like Gecko) Chrome/83.0.4103.97 Safari/537.36" "linassoc.com"
35.86.138.150 - - [12/Dec/2022:05:19:12 -0800] "GET /favicon.ico HTTP/1.1" 404 88 "-" "Mozilla/5.0 (X11; Linux x86_64) AppleWebKit/537.36 (KHTML, like Gecko) Chrome/83.0.4103.97 Safari/537.36" "linassoc.com"
35.86.138.150 - - [12/Dec/2022:05:19:18 -0800] "GET / HTTP/1.1" 200 779 "-" "Mozilla/5.0 (X11; Linux x86_64) AppleWebKit/537.36 (KHTML, like Gecko) Chrome/83.0.4103.97 Safari/537.36" "linassoc.com"
18.246.40.208 - - [12/Dec/2022:05:20:01 -0800] "GET /favicon.ico HTTP/1.1" 404 88 "-" "Mozilla/5.0 (X11; Linux x86_64) AppleWebKit/537.36 (KHTML, like Gecko) Chrome/83.0.4103.97 Safari/537.36" "linassoc.com"
18.246.40.208 - - [12/Dec/2022:05:20:02 -0800] "GET / HTTP/1.1" 200 779 "-" "Mozilla/5.0 (X11; Linux x86_64) AppleWebKit/537.36 (KHTML, like Gecko) Chrome/83.0.4103.97 Safari/537.36" "linassoc.com"
34.78.102.4 - - [12/Dec/2022:05:20:45 -0800] "GET / HTTP/1.1" 200 3978 "-" "Mozilla/5.0 (Windows NT 10.0; Win64; x64) AppleWebKit/537.36 (KHTML, like Gecko) Chrome/84.0.4147.105 Safari/537.36" "www.linassoc.com"
35.91.116.141 - - [12/Dec/2022:05:22:18 -0800] "GET /favicon.ico HTTP/1.1" 404 88 "-" "Mozilla/5.0 (X11; Linux x86_64) AppleWebKit/537.36 (KHTML, like Gecko) Chrome/83.0.4103.97 Safari/537.36" "linassoc.com"
35.91.116.141 - - [12/Dec/2022:05:22:19 -0800] "GET / HTTP/1.1" 200 779 "-" "Mozilla/5.0 (X11; Linux x86_64) AppleWebKit/537.36 (KHTML, like Gecko) Chrome/83.0.4103.97 Safari/537.36" "linassoc.com"
54.202.194.92 - - [12/Dec/2022:05:23:14 -0800] "GET / HTTP/1.1" 200 779 "-" "Mozilla/5.0 (X11; Linux x86_64) AppleWebKit/537.36 (KHTML, like Gecko) Chrome/83.0.4103.97 Safari/537.36" "linassoc.com"
114.119.137.108 - - [12/Dec/2022:05:35:57 -0800] "GET /index_files/?C=D%3BO%3DA HTTP/1.1" 200 314 "http://linassoc.com/index_files/?C=M%3BO%3DA" "Mozilla/5.0 (Linux; Android 7.0;) AppleWebKit/537.36 (KHTML, like Gecko) Mobile Safari/537.36 (compatible; PetalBot;+https://webmaster.petalsearch.com/site/petalbot)" "linassoc.com"
114.119.142.173 - - [12/Dec/2022:05:45:23 -0800] "GET /index2_files/?C=N%3BO%3DD HTTP/1.1" 200 315 "http://linassoc.com/index2_files/?C=D%3BO%3DA" "Mozilla/5.0 (Linux; Android 7.0;) AppleWebKit/537.36 (KHTML, like Gecko) Mobile Safari/537.36 (compatible; PetalBot;+https://webmaster.petalsearch.com/site/petalbot)" "linassoc.com"
216.244.66.245 - - [12/Dec/2022:05:52:18 -0800] "GET /robots.txt HTTP/1.1" 404 73 "-" "Mozilla/5.0 (compatible; DotBot/1.2; +https://opensiteexplorer.org/dotbot; help@moz.com)" "www.linassoc.com"
216.244.66.245 - - [12/Dec/2022:05:52:18 -0800] "GET /robots.txt HTTP/1.1" 404 73 "-" "Mozilla/5.0 (compatible; DotBot/1.2; +https://opensiteexplorer.org/dotbot; help@moz.com)" "linassoc.com"
72.34.62.119 - - [12/Dec/2022:05:54:12 -0800] "GET /wp-login.php HTTP/1.1" 404 88 "-" "Mozilla/5.0 (Windows NT 10.0; Win64; x64; rv:96.0) Gecko/20100101 Firefox/96" "linassoc.com"
114.119.147.75 - - [12/Dec/2022:05:54:19 -0800] "GET /_themes/images/?C=N%3BO%3DD HTTP/1.1" 200 319 "http://linassoc.com/_themes/images/?C=S%3BO%3DA" "Mozilla/5.0 (Linux; Android 7.0;) AppleWebKit/537.36 (KHTML, like Gecko) Mobile Safari/537.36 (compatible; PetalBot;+https://webmaster.petalsearch.com/site/petalbot)" "linassoc.com"
114.119.155.38 - - [12/Dec/2022:06:09:52 -0800] "GET /profile062605_files/images/ HTTP/1.1" 200 332 "http://linassoc.com/profile062605_files/?C=N%3BO%3DD" "Mozilla/5.0 (Linux; Android 7.0;) AppleWebKit/537.36 (KHTML, like Gecko) Mobile Safari/537.36 (compatible; PetalBot;+https://webmaster.petalsearch.com/site/petalbot)" "linassoc.com"
123.125.109.54 - - [12/Dec/2022:06:12:39 -0800] "GET / HTTP/1.1" 200 779 "-" "Sogou web spider/4.0(+http://www.sogou.com/docs/help/webmasters.htm#07)" "www.linassoc.com"
216.244.66.245 - - [12/Dec/2022:06:43:54 -0800] "GET /robots.txt HTTP/1.1" 404 73 "-" "Mozilla/5.0 (compatible; DotBot/1.2; +https://opensiteexplorer.org/dotbot; help@moz.com)" "www.linassoc.com"
114.119.159.128 - - [12/Dec/2022:07:13:06 -0800] "GET /index073005_files/?C=M%3BO%3DA HTTP/1.1" 200 466 "http://linassoc.com/index073005_files/" "Mozilla/5.0 (Linux; Android 7.0;) AppleWebKit/537.36 (KHTML, like Gecko) Mobile Safari/537.36 (compatible; PetalBot;+https://webmaster.petalsearch.com/site/petalbot)" "linassoc.com"
114.119.136.188 - - [12/Dec/2022:07:15:58 -0800] "GET /index062605_files/?C=N%3BO%3DD HTTP/1.1" 200 322 "http://linassoc.com/index062605_files/?C=D%3BO%3DA" "Mozilla/5.0 (Linux; Android 7.0;) AppleWebKit/537.36 (KHTML, like Gecko) Mobile Safari/537.36 (compatible; PetalBot;+https://webmaster.petalsearch.com/site/petalbot)" "linassoc.com"
114.119.147.2 - - [12/Dec/2022:07:18:50 -0800] "GET /contact_files/?C=M%3BO%3DA HTTP/1.1" 200 458 "http://linassoc.com/contact_files/?C=N%3BO%3DD" "Mozilla/5.0 (Linux; Android 7.0;) AppleWebKit/537.36 (KHTML, like Gecko) Mobile Safari/537.36 (compatible; PetalBot;+https://webmaster.petalsearch.com/site/petalbot)" "linassoc.com"
51.222.253.6 - - [12/Dec/2022:08:05:31 -0800] "GET / HTTP/1.1" 200 779 "-" "Mozilla/5.0 (compatible; AhrefsBot/7.0; +http://ahrefs.com/robot/)" "linassoc.com"
216.244.66.245 - - [12/Dec/2022:08:47:44 -0800] "GET /robots.txt HTTP/1.1" 404 73 "-" "Mozilla/5.0 (compatible; DotBot/1.2; +https://opensiteexplorer.org/dotbot; help@moz.com)" "www.linassoc.com"
216.244.66.245 - - [12/Dec/2022:08:47:44 -0800] "GET /robots.txt HTTP/1.1" 404 73 "-" "Mozilla/5.0 (compatible; DotBot/1.2; +https://opensiteexplorer.org/dotbot; help@moz.com)" "linassoc.com"
51.222.253.14 - - [12/Dec/2022:08:48:40 -0800] "GET /index073005_files/images/?C=M;O=A HTTP/1.1" 200 328 "-" "Mozilla/5.0 (compatible; AhrefsBot/7.0; +http://ahrefs.com/robot/)" "linassoc.com"
216.244.66.245 - - [12/Dec/2022:09:34:05 -0800] "GET /robots.txt HTTP/1.1" 404 73 "-" "Mozilla/5.0 (compatible; DotBot/1.2; +https://opensiteexplorer.org/dotbot; help@moz.com)" "linassoc.com"
216.244.66.245 - - [12/Dec/2022:09:34:05 -0800] "GET /robots.txt HTTP/1.1" 404 73 "-" "Mozilla/5.0 (compatible; DotBot/1.2; +https://opensiteexplorer.org/dotbot; help@moz.com)" "www.linassoc.com"
51.222.253.12 - - [12/Dec/2022:09:44:47 -0800] "GET /profile062605_files/?C=M;O=A HTTP/1.1" 200 459 "-" "Mozilla/5.0 (compatible; AhrefsBot/7.0; +http://ahrefs.com/robot/)" "linassoc.com"
216.244.66.245 - - [12/Dec/2022:10:21:15 -0800] "GET /robots.txt HTTP/1.1" 404 73 "-" "Mozilla/5.0 (compatible; DotBot/1.2; +https://opensiteexplorer.org/dotbot; help@moz.com)" "linassoc.com"
216.244.66.245 - - [12/Dec/2022:10:21:15 -0800] "GET /robots.txt HTTP/1.1" 404 73 "-" "Mozilla/5.0 (compatible; DotBot/1.2; +https://opensiteexplorer.org/dotbot; help@moz.com)" "www.linassoc.com"
118.184.177.125 - - [12/Dec/2022:11:30:43 -0800] "GET / HTTP/1.1" 200 779 "-" "Sogou web spider/4.0(+http://www.sogou.com/docs/help/webmasters.htm#07)" "linassoc.com"
194.38.20.161 - - [12/Dec/2022:11:41:40 -0800] "GET /dropzone/dropzone-amd-module.min.js HTTP/1.1" 404 73 "-" "ALittle Client" "linassoc.com"
118.184.177.66 - - [12/Dec/2022:11:45:22 -0800] "GET / HTTP/1.1" 200 779 "-" "Sogou web spider/4.0(+http://www.sogou.com/docs/help/webmasters.htm#07)" "linassoc.com"
54.36.148.249 - - [12/Dec/2022:11:47:08 -0800] "GET /robots.txt HTTP/1.1" 404 88 "-" "Mozilla/5.0 (compatible; AhrefsBot/7.0; +http://ahrefs.com/robot/)" "linassoc.com"
51.222.253.20 - - [12/Dec/2022:11:47:09 -0800] "GET /index073005_files/images/?C=D;O=A HTTP/1.1" 200 330 "-" "Mozilla/5.0 (compatible; AhrefsBot/7.0; +http://ahrefs.com/robot/)" "linassoc.com"
46.4.104.39 - - [12/Dec/2022:11:49:03 -0800] "GET /robots.txt HTTP/1.1" 404 88 "-" "Mozilla/5.0 (compatible; BLEXBot/1.0; +http://webmeup-crawler.com/)" "linassoc.com"
46.4.104.39 - - [12/Dec/2022:11:49:04 -0800] "GET /sitemap HTTP/1.1" 404 88 "-" "Mozilla/5.0 (compatible; BLEXBot/1.0; +http://webmeup-crawler.com/)" "linassoc.com"
46.4.104.39 - - [12/Dec/2022:11:49:13 -0800] "GET /sitemap.txt HTTP/1.1" 404 88 "-" "Mozilla/5.0 (compatible; BLEXBot/1.0; +http://webmeup-crawler.com/)" "linassoc.com"
46.4.104.39 - - [12/Dec/2022:11:49:15 -0800] "GET /?C=D;O=D HTTP/1.1" 200 780 "-" "Mozilla/5.0 (compatible; BLEXBot/1.0; +http://webmeup-crawler.com/)" "linassoc.com"
46.4.104.39 - - [12/Dec/2022:11:49:25 -0800] "GET /?C=M;O=D HTTP/1.1" 200 778 "-" "Mozilla/5.0 (compatible; BLEXBot/1.0; +http://webmeup-crawler.com/)" "linassoc.com"
46.4.104.39 - - [12/Dec/2022:11:49:30 -0800] "GET /?C=N;O=A HTTP/1.1" 200 779 "-" "Mozilla/5.0 (compatible; BLEXBot/1.0; +http://webmeup-crawler.com/)" "linassoc.com"
46.4.104.39 - - [12/Dec/2022:11:49:42 -0800] "GET /?C=S;O=D HTTP/1.1" 200 776 "-" "Mozilla/5.0 (compatible; BLEXBot/1.0; +http://webmeup-crawler.com/)" "linassoc.com"
46.4.104.39 - - [12/Dec/2022:11:49:47 -0800] "GET /_derived/?C=D;O=A HTTP/1.1" 200 314 "-" "Mozilla/5.0 (compatible; BLEXBot/1.0; +http://webmeup-crawler.com/)" "linassoc.com"
46.4.104.39 - - [12/Dec/2022:11:49:52 -0800] "GET /_derived/?C=M;O=A HTTP/1.1" 200 315 "-" "Mozilla/5.0 (compatible; BLEXBot/1.0; +http://webmeup-crawler.com/)" "linassoc.com"
46.4.104.39 - - [12/Dec/2022:11:49:55 -0800] "GET /_derived/?C=N;O=D HTTP/1.1" 200 313 "-" "Mozilla/5.0 (compatible; BLEXBot/1.0; +http://webmeup-crawler.com/)" "linassoc.com"
46.4.104.39 - - [12/Dec/2022:11:50:00 -0800] "GET /_derived/?C=S;O=A HTTP/1.1" 200 315 "-" "Mozilla/5.0 (compatible; BLEXBot/1.0; +http://webmeup-crawler.com/)" "linassoc.com"
46.4.104.39 - - [12/Dec/2022:11:50:08 -0800] "GET /_fpclass/?C=D;O=A HTTP/1.1" 200 313 "-" "Mozilla/5.0 (compatible; BLEXBot/1.0; +http://webmeup-crawler.com/)" "linassoc.com"
46.4.104.39 - - [12/Dec/2022:11:50:22 -0800] "GET /_fpclass/?C=M;O=A HTTP/1.1" 200 314 "-" "Mozilla/5.0 (compatible; BLEXBot/1.0; +http://webmeup-crawler.com/)" "linassoc.com"
46.4.104.39 - - [12/Dec/2022:11:50:29 -0800] "GET /_fpclass/?C=N;O=D HTTP/1.1" 200 311 "-" "Mozilla/5.0 (compatible; BLEXBot/1.0; +http://webmeup-crawler.com/)" "linassoc.com"
46.4.104.39 - - [12/Dec/2022:11:50:38 -0800] "GET /_fpclass/?C=S;O=A HTTP/1.1" 200 314 "-" "Mozilla/5.0 (compatible; BLEXBot/1.0; +http://webmeup-crawler.com/)" "linassoc.com"
216.244.66.245 - - [12/Dec/2022:11:50:39 -0800] "GET /robots.txt HTTP/1.1" 404 73 "-" "Mozilla/5.0 (compatible; DotBot/1.2; +https://opensiteexplorer.org/dotbot; help@moz.com)" "linassoc.com"
216.244.66.245 - - [12/Dec/2022:11:50:39 -0800] "GET /robots.txt HTTP/1.1" 404 73 "-" "Mozilla/5.0 (compatible; DotBot/1.2; +https://opensiteexplorer.org/dotbot; help@moz.com)" "www.linassoc.com"
46.4.104.39 - - [12/Dec/2022:11:50:49 -0800] "GET /_overlay/?C=D;O=A HTTP/1.1" 200 525 "-" "Mozilla/5.0 (compatible; BLEXBot/1.0; +http://webmeup-crawler.com/)" "linassoc.com"
46.4.104.39 - - [12/Dec/2022:11:50:59 -0800] "GET /_overlay/?C=M;O=A HTTP/1.1" 200 528 "-" "Mozilla/5.0 (compatible; BLEXBot/1.0; +http://webmeup-crawler.com/)" "linassoc.com"
46.4.104.39 - - [12/Dec/2022:11:51:09 -0800] "GET /robots.txt HTTP/1.1" 404 88 "-" "Mozilla/5.0 (compatible; BLEXBot/1.0; +http://webmeup-crawler.com/)" "linassoc.com"
46.4.104.39 - - [12/Dec/2022:11:51:09 -0800] "GET /_overlay/?C=N;O=D HTTP/1.1" 200 525 "-" "Mozilla/5.0 (compatible; BLEXBot/1.0; +http://webmeup-crawler.com/)" "linassoc.com"
46.4.104.39 - - [12/Dec/2022:11:51:17 -0800] "GET /_overlay/?C=S;O=A HTTP/1.1" 200 523 "-" "Mozilla/5.0 (compatible; BLEXBot/1.0; +http://webmeup-crawler.com/)" "linassoc.com"
46.4.104.39 - - [12/Dec/2022:11:51:30 -0800] "GET /_overlay/_private/ HTTP/1.1" 403 170 "-" "Mozilla/5.0 (compatible; BLEXBot/1.0; +http://webmeup-crawler.com/)" "linassoc.com"
46.4.104.39 - - [12/Dec/2022:11:51:36 -0800] "GET /_overlay/images/ HTTP/1.1" 200 321 "-" "Mozilla/5.0 (compatible; BLEXBot/1.0; +http://webmeup-crawler.com/)" "linassoc.com"
46.4.104.39 - - [12/Dec/2022:11:51:46 -0800] "GET /_private/ HTTP/1.1" 403 170 "-" "Mozilla/5.0 (compatible; BLEXBot/1.0; +http://webmeup-crawler.com/)" "linassoc.com"
46.4.104.39 - - [12/Dec/2022:11:51:50 -0800] "GET /_themes/?C=D;O=A HTTP/1.1" 200 447 "-" "Mozilla/5.0 (compatible; BLEXBot/1.0; +http://webmeup-crawler.com/)" "linassoc.com"
46.4.104.39 - - [12/Dec/2022:11:52:10 -0800] "GET /_themes/?C=M;O=A HTTP/1.1" 200 450 "-" "Mozilla/5.0 (compatible; BLEXBot/1.0; +http://webmeup-crawler.com/)" "linassoc.com"
46.4.104.39 - - [12/Dec/2022:11:52:24 -0800] "GET /_themes/?C=N;O=D HTTP/1.1" 200 447 "-" "Mozilla/5.0 (compatible; BLEXBot/1.0; +http://webmeup-crawler.com/)" "linassoc.com"
46.4.104.39 - - [12/Dec/2022:11:52:33 -0800] "GET /_themes/?C=S;O=A HTTP/1.1" 200 445 "-" "Mozilla/5.0 (compatible; BLEXBot/1.0; +http://webmeup-crawler.com/)" "linassoc.com"
46.4.104.39 - - [12/Dec/2022:11:52:46 -0800] "GET /_themes/_private/ HTTP/1.1" 403 170 "-" "Mozilla/5.0 (compatible; BLEXBot/1.0; +http://webmeup-crawler.com/)" "linassoc.com"
46.4.104.39 - - [12/Dec/2022:11:52:56 -0800] "GET /_themes/blank/ HTTP/1.1" 200 903 "-" "Mozilla/5.0 (compatible; BLEXBot/1.0; +http://webmeup-crawler.com/)" "linassoc.com"
46.4.104.39 - - [12/Dec/2022:11:53:11 -0800] "GET /robots.txt HTTP/1.1" 404 88 "-" "Mozilla/5.0 (compatible; BLEXBot/1.0; +http://webmeup-crawler.com/)" "linassoc.com"
46.4.104.39 - - [12/Dec/2022:11:53:11 -0800] "GET /_themes/images/ HTTP/1.1" 200 319 "-" "Mozilla/5.0 (compatible; BLEXBot/1.0; +http://webmeup-crawler.com/)" "linassoc.com"
46.4.104.39 - - [12/Dec/2022:11:53:19 -0800] "GET /_themes/water/ HTTP/1.1" 200 907 "-" "Mozilla/5.0 (compatible; BLEXBot/1.0; +http://webmeup-crawler.com/)" "linassoc.com"
46.4.104.39 - - [12/Dec/2022:11:53:29 -0800] "GET /contact062605_files/?C=D;O=A HTTP/1.1" 200 457 "-" "Mozilla/5.0 (compatible; BLEXBot/1.0; +http://webmeup-crawler.com/)" "linassoc.com"
46.4.104.39 - - [12/Dec/2022:11:53:55 -0800] "GET /contact062605_files/?C=M;O=A HTTP/1.1" 200 460 "-" "Mozilla/5.0 (compatible; BLEXBot/1.0; +http://webmeup-crawler.com/)" "linassoc.com"
46.4.104.39 - - [12/Dec/2022:11:54:06 -0800] "GET /contact062605_files/?C=N;O=D HTTP/1.1" 200 455 "-" "Mozilla/5.0 (compatible; BLEXBot/1.0; +http://webmeup-crawler.com/)" "linassoc.com"
46.4.104.39 - - [12/Dec/2022:11:54:11 -0800] "GET /contact062605_files/?C=S;O=A HTTP/1.1" 200 455 "-" "Mozilla/5.0 (compatible; BLEXBot/1.0; +http://webmeup-crawler.com/)" "linassoc.com"
46.4.104.39 - - [12/Dec/2022:11:54:33 -0800] "GET /contact062605_files/_private/ HTTP/1.1" 403 170 "-" "Mozilla/5.0 (compatible; BLEXBot/1.0; +http://webmeup-crawler.com/)" "linassoc.com"
46.4.104.39 - - [12/Dec/2022:11:54:43 -0800] "GET /contact062605_files/images/ HTTP/1.1" 200 332 "-" "Mozilla/5.0 (compatible; BLEXBot/1.0; +http://webmeup-crawler.com/)" "linassoc.com"
46.4.104.39 - - [12/Dec/2022:11:55:29 -0800] "GET /robots.txt HTTP/1.1" 404 88 "-" "Mozilla/5.0 (compatible; BLEXBot/1.0; +http://webmeup-crawler.com/)" "linassoc.com"
46.4.104.39 - - [12/Dec/2022:11:55:30 -0800] "GET /contact_files/?C=D;O=A HTTP/1.1" 200 458 "-" "Mozilla/5.0 (compatible; BLEXBot/1.0; +http://webmeup-crawler.com/)" "linassoc.com"
46.4.104.39 - - [12/Dec/2022:11:55:42 -0800] "GET /contact_files/?C=M;O=A HTTP/1.1" 200 459 "-" "Mozilla/5.0 (compatible; BLEXBot/1.0; +http://webmeup-crawler.com/)" "linassoc.com"
46.4.104.39 - - [12/Dec/2022:11:56:07 -0800] "GET /contact_files/?C=S;O=A HTTP/1.1" 200 455 "-" "Mozilla/5.0 (compatible; BLEXBot/1.0; +http://webmeup-crawler.com/)" "linassoc.com"
46.4.104.39 - - [12/Dec/2022:11:56:12 -0800] "GET /contact_files/_private/ HTTP/1.1" 403 170 "-" "Mozilla/5.0 (compatible; BLEXBot/1.0; +http://webmeup-crawler.com/)" "linassoc.com"
46.4.104.39 - - [12/Dec/2022:11:56:26 -0800] "GET /contact_files/images/ HTTP/1.1" 200 324 "-" "Mozilla/5.0 (compatible; BLEXBot/1.0; +http://webmeup-crawler.com/)" "linassoc.com"
46.4.104.39 - - [12/Dec/2022:11:56:42 -0800] "GET /images/?C=D;O=A HTTP/1.1" 200 973 "-" "Mozilla/5.0 (compatible; BLEXBot/1.0; +http://webmeup-crawler.com/)" "linassoc.com"
46.4.104.39 - - [12/Dec/2022:11:56:58 -0800] "GET /images/?C=M;O=A HTTP/1.1" 200 969 "-" "Mozilla/5.0 (compatible; BLEXBot/1.0; +http://webmeup-crawler.com/)" "linassoc.com"
46.4.104.39 - - [12/Dec/2022:11:57:07 -0800] "GET /images/?C=N;O=D HTTP/1.1" 200 962 "-" "Mozilla/5.0 (compatible; BLEXBot/1.0; +http://webmeup-crawler.com/)" "linassoc.com"
46.4.104.39 - - [12/Dec/2022:11:57:15 -0800] "GET /images/?C=S;O=A HTTP/1.1" 200 960 "-" "Mozilla/5.0 (compatible; BLEXBot/1.0; +http://webmeup-crawler.com/)" "linassoc.com"
46.4.104.39 - - [12/Dec/2022:11:57:27 -0800] "GET /images/_private/ HTTP/1.1" 403 170 "-" "Mozilla/5.0 (compatible; BLEXBot/1.0; +http://webmeup-crawler.com/)" "linassoc.com"
46.4.104.39 - - [12/Dec/2022:11:57:35 -0800] "GET /robots.txt HTTP/1.1" 404 88 "-" "Mozilla/5.0 (compatible; BLEXBot/1.0; +http://webmeup-crawler.com/)" "linassoc.com"
46.4.104.39 - - [12/Dec/2022:11:57:35 -0800] "GET /images/images/ HTTP/1.1" 200 315 "-" "Mozilla/5.0 (compatible; BLEXBot/1.0; +http://webmeup-crawler.com/)" "linassoc.com"
46.4.104.39 - - [12/Dec/2022:11:57:53 -0800] "GET /index062605_files/?C=D;O=A HTTP/1.1" 200 322 "-" "Mozilla/5.0 (compatible; BLEXBot/1.0; +http://webmeup-crawler.com/)" "linassoc.com"
46.4.104.39 - - [12/Dec/2022:11:58:01 -0800] "GET /index062605_files/?C=M;O=A HTTP/1.1" 200 321 "-" "Mozilla/5.0 (compatible; BLEXBot/1.0; +http://webmeup-crawler.com/)" "linassoc.com"
46.4.104.39 - - [12/Dec/2022:11:58:12 -0800] "GET /index062605_files/?C=N;O=D HTTP/1.1" 200 320 "-" "Mozilla/5.0 (compatible; BLEXBot/1.0; +http://webmeup-crawler.com/)" "linassoc.com"
46.4.104.39 - - [12/Dec/2022:11:58:18 -0800] "GET /index062605_files/?C=S;O=A HTTP/1.1" 200 321 "-" "Mozilla/5.0 (compatible; BLEXBot/1.0; +http://webmeup-crawler.com/)" "linassoc.com"
46.4.104.39 - - [12/Dec/2022:11:58:34 -0800] "GET /index073005_files/ HTTP/1.1" 200 466 "-" "Mozilla/5.0 (compatible; BLEXBot/1.0; +http://webmeup-crawler.com/)" "linassoc.com"
46.4.104.39 - - [12/Dec/2022:11:58:46 -0800] "GET /index2_files/?C=D;O=A HTTP/1.1" 200 315 "-" "Mozilla/5.0 (compatible; BLEXBot/1.0; +http://webmeup-crawler.com/)" "linassoc.com"
46.4.104.39 - - [12/Dec/2022:11:58:53 -0800] "GET /index2_files/?C=M;O=A HTTP/1.1" 200 314 "-" "Mozilla/5.0 (compatible; BLEXBot/1.0; +http://webmeup-crawler.com/)" "linassoc.com"
46.4.104.39 - - [12/Dec/2022:11:59:08 -0800] "GET /index2_files/?C=N;O=D HTTP/1.1" 200 313 "-" "Mozilla/5.0 (compatible; BLEXBot/1.0; +http://webmeup-crawler.com/)" "linassoc.com"
46.4.104.39 - - [12/Dec/2022:11:59:28 -0800] "GET /index2_files/?C=S;O=A HTTP/1.1" 200 314 "-" "Mozilla/5.0 (compatible; BLEXBot/1.0; +http://webmeup-crawler.com/)" "linassoc.com"
46.4.104.39 - - [12/Dec/2022:11:59:42 -0800] "GET /robots.txt HTTP/1.1" 404 88 "-" "Mozilla/5.0 (compatible; BLEXBot/1.0; +http://webmeup-crawler.com/)" "linassoc.com"
46.4.104.39 - - [12/Dec/2022:11:59:42 -0800] "GET /index_files/?C=D;O=A HTTP/1.1" 200 314 "-" "Mozilla/5.0 (compatible; BLEXBot/1.0; +http://webmeup-crawler.com/)" "linassoc.com"
46.4.104.39 - - [12/Dec/2022:11:59:57 -0800] "GET /index_files/?C=M;O=A HTTP/1.1" 200 314 "-" "Mozilla/5.0 (compatible; BLEXBot/1.0; +http://webmeup-crawler.com/)" "linassoc.com"
46.4.104.39 - - [12/Dec/2022:12:00:05 -0800] "GET /index_files/?C=N;O=D HTTP/1.1" 200 313 "-" "Mozilla/5.0 (compatible; BLEXBot/1.0; +http://webmeup-crawler.com/)" "linassoc.com"
46.4.104.39 - - [12/Dec/2022:12:00:21 -0800] "GET /index_files/?C=S;O=A HTTP/1.1" 200 315 "-" "Mozilla/5.0 (compatible; BLEXBot/1.0; +http://webmeup-crawler.com/)" "linassoc.com"
46.4.104.39 - - [12/Dec/2022:12:00:45 -0800] "GET /linassoc072205/?C=D;O=A HTTP/1.1" 200 381 "-" "Mozilla/5.0 (compatible; BLEXBot/1.0; +http://webmeup-crawler.com/)" "linassoc.com"
46.4.104.39 - - [12/Dec/2022:12:01:05 -0800] "GET /linassoc072205/?C=M;O=A HTTP/1.1" 200 383 "-" "Mozilla/5.0 (compatible; BLEXBot/1.0; +http://webmeup-crawler.com/)" "linassoc.com"
46.4.104.39 - - [12/Dec/2022:12:01:18 -0800] "GET /linassoc072205/?C=N;O=D HTTP/1.1" 200 380 "-" "Mozilla/5.0 (compatible; BLEXBot/1.0; +http://webmeup-crawler.com/)" "linassoc.com"
46.4.104.39 - - [12/Dec/2022:12:01:33 -0800] "GET /linassoc072205/?C=S;O=A HTTP/1.1" 200 382 "-" "Mozilla/5.0 (compatible; BLEXBot/1.0; +http://webmeup-crawler.com/)" "linassoc.com"
46.4.104.39 - - [12/Dec/2022:12:01:54 -0800] "GET /robots.txt HTTP/1.1" 404 88 "-" "Mozilla/5.0 (compatible; BLEXBot/1.0; +http://webmeup-crawler.com/)" "linassoc.com"
46.4.104.39 - - [12/Dec/2022:12:01:54 -0800] "GET /linassoc072205/profile062605_files/ HTTP/1.1" 200 439 "-" "Mozilla/5.0 (compatible; BLEXBot/1.0; +http://webmeup-crawler.com/)" "linassoc.com"
46.4.104.39 - - [12/Dec/2022:12:02:07 -0800] "GET /linassoc072205/profile_files/ HTTP/1.1" 200 446 "-" "Mozilla/5.0 (compatible; BLEXBot/1.0; +http://webmeup-crawler.com/)" "linassoc.com"
46.4.104.39 - - [12/Dec/2022:12:02:12 -0800] "GET /media/?C=D;O=A HTTP/1.1" 200 369 "-" "Mozilla/5.0 (compatible; BLEXBot/1.0; +http://webmeup-crawler.com/)" "linassoc.com"
46.4.104.39 - - [12/Dec/2022:12:02:27 -0800] "GET /media/?C=M;O=A HTTP/1.1" 200 369 "-" "Mozilla/5.0 (compatible; BLEXBot/1.0; +http://webmeup-crawler.com/)" "linassoc.com"
46.4.104.39 - - [12/Dec/2022:12:02:44 -0800] "GET /media/?C=N;O=D HTTP/1.1" 200 366 "-" "Mozilla/5.0 (compatible; BLEXBot/1.0; +http://webmeup-crawler.com/)" "linassoc.com"
46.4.104.39 - - [12/Dec/2022:12:02:54 -0800] "GET /media/?C=S;O=A HTTP/1.1" 200 369 "-" "Mozilla/5.0 (compatible; BLEXBot/1.0; +http://webmeup-crawler.com/)" "linassoc.com"
46.4.104.39 - - [12/Dec/2022:12:03:18 -0800] "GET /navigation_bars/?C=D;O=A HTTP/1.1" 200 370 "-" "Mozilla/5.0 (compatible; BLEXBot/1.0; +http://webmeup-crawler.com/)" "linassoc.com"
46.4.104.39 - - [12/Dec/2022:12:03:26 -0800] "GET /navigation_bars/?C=M;O=A HTTP/1.1" 200 370 "-" "Mozilla/5.0 (compatible; BLEXBot/1.0; +http://webmeup-crawler.com/)" "linassoc.com"
46.4.104.39 - - [12/Dec/2022:12:03:37 -0800] "GET /navigation_bars/?C=N;O=D HTTP/1.1" 200 368 "-" "Mozilla/5.0 (compatible; BLEXBot/1.0; +http://webmeup-crawler.com/)" "linassoc.com"
46.4.104.39 - - [12/Dec/2022:12:03:40 -0800] "GET /navigation_bars/?C=S;O=A HTTP/1.1" 200 370 "-" "Mozilla/5.0 (compatible; BLEXBot/1.0; +http://webmeup-crawler.com/)" "linassoc.com"
46.4.104.39 - - [12/Dec/2022:12:03:51 -0800] "GET /profile062605_files/?C=D;O=A HTTP/1.1" 200 457 "-" "Mozilla/5.0 (compatible; BLEXBot/1.0; +http://webmeup-crawler.com/)" "linassoc.com"
46.4.104.39 - - [12/Dec/2022:12:03:57 -0800] "GET /profile062605_files/?C=M;O=A HTTP/1.1" 200 459 "-" "Mozilla/5.0 (compatible; BLEXBot/1.0; +http://webmeup-crawler.com/)" "linassoc.com"
46.4.104.39 - - [12/Dec/2022:12:03:57 -0800] "GET /robots.txt HTTP/1.1" 404 88 "-" "Mozilla/5.0 (compatible; BLEXBot/1.0; +http://webmeup-crawler.com/)" "linassoc.com"
46.4.104.39 - - [12/Dec/2022:12:04:01 -0800] "GET /profile062605_files/?C=N;O=D HTTP/1.1" 200 455 "-" "Mozilla/5.0 (compatible; BLEXBot/1.0; +http://webmeup-crawler.com/)" "linassoc.com"
46.4.104.39 - - [12/Dec/2022:12:04:15 -0800] "GET /profile062605_files/?C=S;O=A HTTP/1.1" 200 455 "-" "Mozilla/5.0 (compatible; BLEXBot/1.0; +http://webmeup-crawler.com/)" "linassoc.com"
46.4.104.39 - - [12/Dec/2022:12:04:23 -0800] "GET /profile062605_files/_private/ HTTP/1.1" 403 170 "-" "Mozilla/5.0 (compatible; BLEXBot/1.0; +http://webmeup-crawler.com/)" "linassoc.com"
46.4.104.39 - - [12/Dec/2022:12:04:29 -0800] "GET /profile062605_files/images/ HTTP/1.1" 200 332 "-" "Mozilla/5.0 (compatible; BLEXBot/1.0; +http://webmeup-crawler.com/)" "linassoc.com"
46.4.104.39 - - [12/Dec/2022:12:04:35 -0800] "GET /profile_files/?C=D;O=A HTTP/1.1" 200 457 "-" "Mozilla/5.0 (compatible; BLEXBot/1.0; +http://webmeup-crawler.com/)" "linassoc.com"
46.4.104.39 - - [12/Dec/2022:12:04:52 -0800] "GET /profile_files/?C=M;O=A HTTP/1.1" 200 458 "-" "Mozilla/5.0 (compatible; BLEXBot/1.0; +http://webmeup-crawler.com/)" "linassoc.com"
46.4.104.39 - - [12/Dec/2022:12:04:58 -0800] "GET /profile_files/?C=N;O=D HTTP/1.1" 200 453 "-" "Mozilla/5.0 (compatible; BLEXBot/1.0; +http://webmeup-crawler.com/)" "linassoc.com"
46.4.104.39 - - [12/Dec/2022:12:05:07 -0800] "GET /profile_files/?C=S;O=A HTTP/1.1" 200 454 "-" "Mozilla/5.0 (compatible; BLEXBot/1.0; +http://webmeup-crawler.com/)" "linassoc.com"
46.4.104.39 - - [12/Dec/2022:12:05:11 -0800] "GET /profile_files/_private/ HTTP/1.1" 403 170 "-" "Mozilla/5.0 (compatible; BLEXBot/1.0; +http://webmeup-crawler.com/)" "linassoc.com"
46.4.104.39 - - [12/Dec/2022:12:05:24 -0800] "GET /profile_files/images/ HTTP/1.1" 200 323 "-" "Mozilla/5.0 (compatible; BLEXBot/1.0; +http://webmeup-crawler.com/)" "linassoc.com"
216.244.66.245 - - [12/Dec/2022:12:36:06 -0800] "GET /robots.txt HTTP/1.1" 404 73 "-" "Mozilla/5.0 (compatible; DotBot/1.2; +https://opensiteexplorer.org/dotbot; help@moz.com)" "www.linassoc.com"
216.244.66.245 - - [12/Dec/2022:12:36:06 -0800] "GET /robots.txt HTTP/1.1" 404 73 "-" "Mozilla/5.0 (compatible; DotBot/1.2; +https://opensiteexplorer.org/dotbot; help@moz.com)" "linassoc.com"
208.100.26.243 - - [12/Dec/2022:12:59:52 -0800] "GET / HTTP/1.1" 200 779 "-" "Mozilla/5.0 (Android 7.0; Mobile; rv:65.0) Gecko/65.0 Firefox/65.0" "linassoc.com"
208.100.26.237 - - [12/Dec/2022:12:59:53 -0800] "GET / HTTP/1.1" 200 779 "-" "Mozilla/5.0 (iPad; CPU OS 12_1_1 like Mac OS X) AppleWebKit/605.1.15 (KHTML, like Gecko) Mobile/16C50 Safari/605.1.15 Version/12.2.0.0.1" "linassoc.com"
114.119.150.120 - - [12/Dec/2022:13:12:34 -0800] "GET /contact_files/images/?C=S%3BO%3DA HTTP/1.1" 200 324 "http://linassoc.com/contact_files/images/?C=N%3BO%3DD" "Mozilla/5.0 (Linux; Android 7.0;) AppleWebKit/537.36 (KHTML, like Gecko) Mobile Safari/537.36 (compatible; PetalBot;+https://webmaster.petalsearch.com/site/petalbot)" "linassoc.com"
216.244.66.245 - - [12/Dec/2022:13:21:20 -0800] "GET /robots.txt HTTP/1.1" 404 73 "-" "Mozilla/5.0 (compatible; DotBot/1.2; +https://opensiteexplorer.org/dotbot; help@moz.com)" "www.linassoc.com"
114.119.155.235 - - [12/Dec/2022:13:43:43 -0800] "GET /linassoc072205/profile062605_files/ HTTP/1.1" 200 439 "http://linassoc.com/linassoc072205/?C=S%3BO%3DA" "Mozilla/5.0 (Linux; Android 7.0;) AppleWebKit/537.36 (KHTML, like Gecko) Mobile Safari/537.36 (compatible; PetalBot;+https://webmaster.petalsearch.com/site/petalbot)" "linassoc.com"
114.119.136.148 - - [12/Dec/2022:13:48:21 -0800] "GET /index073005_files/filelist.xml HTTP/1.1" 200 147 "http://linassoc.com/index073005_files/" "Mozilla/5.0 (Linux; Android 7.0;) AppleWebKit/537.36 (KHTML, like Gecko) Mobile Safari/537.36 (compatible; PetalBot;+https://webmaster.petalsearch.com/site/petalbot)" "linassoc.com"
51.222.253.12 - - [12/Dec/2022:13:52:46 -0800] "GET /_derived/ HTTP/1.1" 200 314 "-" "Mozilla/5.0 (compatible; AhrefsBot/7.0; +http://ahrefs.com/robot/)" "linassoc.com"
114.119.157.157 - - [12/Dec/2022:13:53:44 -0800] "GET /contact062605_files/images/?C=D%3BO%3DA HTTP/1.1" 200 332 "http://linassoc.com/contact062605_files/images/" "Mozilla/5.0 (Linux; Android 7.0;) AppleWebKit/537.36 (KHTML, like Gecko) Mobile Safari/537.36 (compatible; PetalBot;+https://webmaster.petalsearch.com/site/petalbot)" "linassoc.com"
114.119.167.18 - - [12/Dec/2022:14:51:47 -0800] "GET /linassoc072205/profile_files/?C=N%3BO%3DD HTTP/1.1" 200 446 "http://linassoc.com/linassoc072205/profile_files/?C=S%3BO%3DA" "Mozilla/5.0 (Linux; Android 7.0;) AppleWebKit/537.36 (KHTML, like Gecko) Mobile Safari/537.36 (compatible; PetalBot;+https://webmaster.petalsearch.com/site/petalbot)" "linassoc.com"
216.244.66.245 - - [12/Dec/2022:14:52:02 -0800] "GET /robots.txt HTTP/1.1" 404 73 "-" "Mozilla/5.0 (compatible; DotBot/1.2; +https://opensiteexplorer.org/dotbot; help@moz.com)" "linassoc.com"
216.244.66.245 - - [12/Dec/2022:14:52:02 -0800] "GET /robots.txt HTTP/1.1" 404 73 "-" "Mozilla/5.0 (compatible; DotBot/1.2; +https://opensiteexplorer.org/dotbot; help@moz.com)" "www.linassoc.com"
114.119.128.40 - - [12/Dec/2022:15:00:59 -0800] "GET /contact_files/images/?C=M%3BO%3DA HTTP/1.1" 200 324 "http://linassoc.com/contact_files/images/?C=N%3BO%3DD" "Mozilla/5.0 (Linux; Android 7.0;) AppleWebKit/537.36 (KHTML, like Gecko) Mobile Safari/537.36 (compatible; PetalBot;+https://webmaster.petalsearch.com/site/petalbot)" "linassoc.com"
114.119.135.98 - - [12/Dec/2022:15:09:56 -0800] "GET /contact_files/images/ HTTP/1.1" 200 324 "http://linassoc.com/contact_files/?C=N%3BO%3DD" "Mozilla/5.0 (Linux; Android 7.0;) AppleWebKit/537.36 (KHTML, like Gecko) Mobile Safari/537.36 (compatible; PetalBot;+https://webmaster.petalsearch.com/site/petalbot)" "linassoc.com"
114.119.156.74 - - [12/Dec/2022:15:17:45 -0800] "GET /index073005_files/?C=D%3BO%3DA HTTP/1.1" 200 466 "http://linassoc.com/index073005_files/" "Mozilla/5.0 (Linux; Android 7.0;) AppleWebKit/537.36 (KHTML, like Gecko) Mobile Safari/537.36 (compatible; PetalBot;+https://webmaster.petalsearch.com/site/petalbot)" "linassoc.com"
114.119.131.180 - - [12/Dec/2022:15:28:05 -0800] "GET /contact_files/images/?C=D%3BO%3DA HTTP/1.1" 200 324 "http://linassoc.com/contact_files/images/?C=N%3BO%3DD" "Mozilla/5.0 (Linux; Android 7.0;) AppleWebKit/537.36 (KHTML, like Gecko) Mobile Safari/537.36 (compatible; PetalBot;+https://webmaster.petalsearch.com/site/petalbot)" "linassoc.com"
114.119.128.181 - - [12/Dec/2022:15:34:31 -0800] "GET /contact_files/?C=N%3BO%3DD HTTP/1.1" 200 458 "http://linassoc.com/contact_files/?C=M%3BO%3DA" "Mozilla/5.0 (Linux; Android 7.0;) AppleWebKit/537.36 (KHTML, like Gecko) Mobile Safari/537.36 (compatible; PetalBot;+https://webmaster.petalsearch.com/site/petalbot)" "linassoc.com"
71.9.101.119 - - [12/Dec/2022:15:35:03 -0800] "GET / HTTP/1.1" 200 779 "-" "Mozilla/5.0 (Macintosh; Intel Mac OS X 10_15_7) AppleWebKit/605.1.15 (KHTML, like Gecko) Version/15.5 Safari/605.1.15" "linassoc.com"
114.119.136.254 - - [12/Dec/2022:15:41:14 -0800] "GET /index2_files/?C=S%3BO%3DA HTTP/1.1" 200 315 "http://linassoc.com/index2_files/?C=D%3BO%3DA" "Mozilla/5.0 (Linux; Android 7.0;) AppleWebKit/537.36 (KHTML, like Gecko) Mobile Safari/537.36 (compatible; PetalBot;+https://webmaster.petalsearch.com/site/petalbot)" "linassoc.com"
114.119.146.142 - - [12/Dec/2022:15:47:06 -0800] "GET /contact_files/ HTTP/1.1" 200 458 "http://linassoc.com/?C=N%3BO%3DD" "Mozilla/5.0 (Linux; Android 7.0;) AppleWebKit/537.36 (KHTML, like Gecko) Mobile Safari/537.36 (compatible; PetalBot;+https://webmaster.petalsearch.com/site/petalbot)" "linassoc.com"
114.119.147.86 - - [12/Dec/2022:15:51:20 -0800] "GET /_themes/blank/?C=D%3BO%3DA HTTP/1.1" 200 903 "http://linassoc.com/_themes/blank/?C=N%3BO%3DD" "Mozilla/5.0 (Linux; Android 7.0;) AppleWebKit/537.36 (KHTML, like Gecko) Mobile Safari/537.36 (compatible; PetalBot;+https://webmaster.petalsearch.com/site/petalbot)" "linassoc.com"
49.7.20.74 - - [12/Dec/2022:16:12:46 -0800] "GET / HTTP/1.1" 200 779 "-" "Sogou web spider/4.0(+http://www.sogou.com/docs/help/webmasters.htm#07)" "www.linassoc.com"
51.222.253.13 - - [12/Dec/2022:17:12:46 -0800] "GET /index2_files/ HTTP/1.1" 200 315 "-" "Mozilla/5.0 (compatible; AhrefsBot/7.0; +http://ahrefs.com/robot/)" "linassoc.com"
216.244.66.245 - - [12/Dec/2022:17:16:02 -0800] "GET /robots.txt HTTP/1.1" 404 73 "-" "Mozilla/5.0 (compatible; DotBot/1.2; +https://opensiteexplorer.org/dotbot; help@moz.com)" "linassoc.com"
216.244.66.245 - - [12/Dec/2022:17:16:02 -0800] "GET /robots.txt HTTP/1.1" 404 73 "-" "Mozilla/5.0 (compatible; DotBot/1.2; +https://opensiteexplorer.org/dotbot; help@moz.com)" "www.linassoc.com"
123.125.109.54 - - [12/Dec/2022:18:35:46 -0800] "GET / HTTP/1.1" 200 779 "-" "Sogou web spider/4.0(+http://www.sogou.com/docs/help/webmasters.htm#07)" "www.linassoc.com"
216.244.66.245 - - [12/Dec/2022:19:17:43 -0800] "GET /robots.txt HTTP/1.1" 404 73 "-" "Mozilla/5.0 (compatible; DotBot/1.2; +https://opensiteexplorer.org/dotbot; help@moz.com)" "linassoc.com"
216.244.66.245 - - [12/Dec/2022:19:17:43 -0800] "GET /robots.txt HTTP/1.1" 404 73 "-" "Mozilla/5.0 (compatible; DotBot/1.2; +https://opensiteexplorer.org/dotbot; help@moz.com)" "www.linassoc.com"
114.119.150.203 - - [12/Dec/2022:19:47:55 -0800] "GET /_derived/?C=S%3BO%3DA HTTP/1.1" 200 314 "http://linassoc.com/_derived/?C=N%3BO%3DD" "Mozilla/5.0 (Linux; Android 7.0;) AppleWebKit/537.36 (KHTML, like Gecko) Mobile Safari/537.36 (compatible; PetalBot;+https://webmaster.petalsearch.com/site/petalbot)" "linassoc.com"
51.159.37.26 - - [12/Dec/2022:19:57:07 -0800] "GET /wp-content/plugins/ HTTP/1.1" 404 73 "-" "Mozilla/5.0 (Windows NT 10.0; Win64; x64) AppleWebKit/537.36 (KHTML, like Gecko) Chrome/108.0.0.0 Safari/537.36" "linassoc.com"
216.244.66.245 - - [12/Dec/2022:20:06:48 -0800] "GET /robots.txt HTTP/1.1" 404 73 "-" "Mozilla/5.0 (compatible; DotBot/1.2; +https://opensiteexplorer.org/dotbot; help@moz.com)" "linassoc.com"
216.244.66.245 - - [12/Dec/2022:20:06:48 -0800] "GET /robots.txt HTTP/1.1" 404 73 "-" "Mozilla/5.0 (compatible; DotBot/1.2; +https://opensiteexplorer.org/dotbot; help@moz.com)" "www.linassoc.com"
118.184.177.67 - - [12/Dec/2022:20:25:20 -0800] "GET / HTTP/1.1" 200 779 "-" "Sogou web spider/4.0(+http://www.sogou.com/docs/help/webmasters.htm#07)" "linassoc.com"
216.244.66.245 - - [12/Dec/2022:20:56:19 -0800] "GET /robots.txt HTTP/1.1" 404 73 "-" "Mozilla/5.0 (compatible; DotBot/1.2; +https://opensiteexplorer.org/dotbot; help@moz.com)" "www.linassoc.com"
216.244.66.245 - - [12/Dec/2022:20:56:19 -0800] "GET /robots.txt HTTP/1.1" 404 73 "-" "Mozilla/5.0 (compatible; DotBot/1.2; +https://opensiteexplorer.org/dotbot; help@moz.com)" "linassoc.com"
114.119.136.134 - - [12/Dec/2022:20:57:55 -0800] "GET /profile_files/filelist.xml HTTP/1.1" 200 138 "http://linassoc.com/profile_files/" "Mozilla/5.0 (Linux; Android 7.0;) AppleWebKit/537.36 (KHTML, like Gecko) Mobile Safari/537.36 (compatible; PetalBot;+https://webmaster.petalsearch.com/site/petalbot)" "linassoc.com"
51.222.253.12 - - [12/Dec/2022:21:08:57 -0800] "GET /_overlay/images/?C=S;O=A HTTP/1.1" 200 321 "-" "Mozilla/5.0 (compatible; AhrefsBot/7.0; +http://ahrefs.com/robot/)" "linassoc.com"
114.119.154.229 - - [12/Dec/2022:21:57:57 -0800] "GET /profile062605_files/ HTTP/1.1" 200 457 "http://linassoc.com/profile062605_files/images/" "Mozilla/5.0 (Linux; Android 7.0;) AppleWebKit/537.36 (KHTML, like Gecko) Mobile Safari/537.36 (compatible; PetalBot;+https://webmaster.petalsearch.com/site/petalbot)" "linassoc.com"
216.244.66.245 - - [12/Dec/2022:22:11:18 -0800] "GET /robots.txt HTTP/1.1" 404 73 "-" "Mozilla/5.0 (compatible; DotBot/1.2; +https://opensiteexplorer.org/dotbot; help@moz.com)" "linassoc.com"
216.244.66.245 - - [12/Dec/2022:22:11:18 -0800] "GET /robots.txt HTTP/1.1" 404 73 "-" "Mozilla/5.0 (compatible; DotBot/1.2; +https://opensiteexplorer.org/dotbot; help@moz.com)" "www.linassoc.com"
114.119.139.112 - - [12/Dec/2022:22:16:44 -0800] "GET /images/?C=M%3BO%3DA HTTP/1.1" 200 973 "http://linassoc.com/images/?C=S%3BO%3DA" "Mozilla/5.0 (Linux; Android 7.0;) AppleWebKit/537.36 (KHTML, like Gecko) Mobile Safari/537.36 (compatible; PetalBot;+https://webmaster.petalsearch.com/site/petalbot)" "linassoc.com"
