185.191.171.38 - - [14/Dec/2022:14:00:41 -0800] "GET /sitemap.xml HTTP/1.1" 404 88 "-" "Mozilla/5.0 (compatible; SemrushBot/7~bl; +http://www.semrush.com/bot.html)" "www.linassoc.com"
114.119.140.178 - - [14/Dec/2022:14:08:05 -0800] "GET /contact062605_files/_private/ HTTP/1.1" 403 170 "http://linassoc.com/contact062605_files/?C=M%3BO%3DA" "Mozilla/5.0 (Linux; Android 7.0;) AppleWebKit/537.36 (KHTML, like Gecko) Mobile Safari/537.36 (compatible; PetalBot;+https://webmaster.petalsearch.com/site/petalbot)" "linassoc.com"
114.119.145.110 - - [14/Dec/2022:14:20:41 -0800] "GET /contact062605_files/images/?C=N%3BO%3DD HTTP/1.1" 200 332 "http://linassoc.com/contact062605_files/images/?C=S%3BO%3DA" "Mozilla/5.0 (Linux; Android 7.0;) AppleWebKit/537.36 (KHTML, like Gecko) Mobile Safari/537.36 (compatible; PetalBot;+https://webmaster.petalsearch.com/site/petalbot)" "linassoc.com"
51.222.253.12 - - [14/Dec/2022:14:28:42 -0800] "GET /contact_files/images/?C=M;O=A HTTP/1.1" 200 323 "-" "Mozilla/5.0 (compatible; AhrefsBot/7.0; +http://ahrefs.com/robot/)" "linassoc.com"
114.119.151.175 - - [14/Dec/2022:14:32:44 -0800] "GET /_themes/water/color1.css HTTP/1.1" 200 273 "http://linassoc.com/_themes/water/?C=S%3BO%3DA" "Mozilla/5.0 (Linux; Android 7.0;) AppleWebKit/537.36 (KHTML, like Gecko) Mobile Safari/537.36 (compatible; PetalBot;+https://webmaster.petalsearch.com/site/petalbot)" "linassoc.com"
114.119.138.147 - - [14/Dec/2022:14:52:23 -0800] "GET /_themes/blank/blank.inf HTTP/1.1" 200 483 "http://linassoc.com/_themes/blank/?C=M%3BO%3DA" "Mozilla/5.0 (Linux; Android 7.0;) AppleWebKit/537.36 (KHTML, like Gecko) Mobile Safari/537.36 (compatible; PetalBot;+https://webmaster.petalsearch.com/site/petalbot)" "linassoc.com"
216.244.66.245 - - [14/Dec/2022:15:18:02 -0800] "GET /robots.txt HTTP/1.1" 404 73 "-" "Mozilla/5.0 (compatible; DotBot/1.2; +https://opensiteexplorer.org/dotbot; help@moz.com)" "linassoc.com"
216.244.66.245 - - [14/Dec/2022:15:18:03 -0800] "GET /robots.txt HTTP/1.1" 404 73 "-" "Mozilla/5.0 (compatible; DotBot/1.2; +https://opensiteexplorer.org/dotbot; help@moz.com)" "www.linassoc.com"
114.119.142.121 - - [14/Dec/2022:15:34:20 -0800] "GET /robots.txt HTTP/1.1" 404 88 "https://www.netcms.site/www/linassoc.com.html" "Mozilla/5.0 (Linux; Android 7.0;) AppleWebKit/537.36 (KHTML, like Gecko) Mobile Safari/537.36 (compatible; PetalBot;+https://webmaster.petalsearch.com/site/petalbot)" "linassoc.com"
114.119.150.95 - - [14/Dec/2022:15:57:58 -0800] "GET /_derived/?C=M%3BO%3DA HTTP/1.1" 200 314 "http://linassoc.com/_derived/?C=N%3BO%3DD" "Mozilla/5.0 (Linux; Android 7.0;) AppleWebKit/537.36 (KHTML, like Gecko) Mobile Safari/537.36 (compatible; PetalBot;+https://webmaster.petalsearch.com/site/petalbot)" "linassoc.com"
216.244.66.245 - - [14/Dec/2022:16:05:17 -0800] "GET /robots.txt HTTP/1.1" 404 73 "-" "Mozilla/5.0 (compatible; DotBot/1.2; +https://opensiteexplorer.org/dotbot; help@moz.com)" "www.linassoc.com"
114.119.132.238 - - [14/Dec/2022:16:07:22 -0800] "GET /_overlay/images/ HTTP/1.1" 200 321 "http://linassoc.com/_overlay/?C=M%3BO%3DA" "Mozilla/5.0 (Linux; Android 7.0;) AppleWebKit/537.36 (KHTML, like Gecko) Mobile Safari/537.36 (compatible; PetalBot;+https://webmaster.petalsearch.com/site/petalbot)" "linassoc.com"
118.184.177.96 - - [14/Dec/2022:16:09:37 -0800] "GET / HTTP/1.1" 200 779 "-" "Sogou web spider/4.0(+http://www.sogou.com/docs/help/webmasters.htm#07)" "www.linassoc.com"
114.119.151.113 - - [14/Dec/2022:16:32:01 -0800] "GET /_themes/images/?C=S%3BO%3DA HTTP/1.1" 200 319 "http://linassoc.com/_themes/images/?C=N%3BO%3DD" "Mozilla/5.0 (Linux; Android 7.0;) AppleWebKit/537.36 (KHTML, like Gecko) Mobile Safari/537.36 (compatible; PetalBot;+https://webmaster.petalsearch.com/site/petalbot)" "linassoc.com"
185.191.171.41 - - [14/Dec/2022:16:35:43 -0800] "GET /robots.txt HTTP/1.1" 404 88 "-" "Mozilla/5.0 (compatible; SemrushBot/7~bl; +http://www.semrush.com/bot.html)" "www.linassoc.com"
185.191.171.36 - - [14/Dec/2022:16:35:44 -0800] "GET /contact_files/ HTTP/1.1" 200 458 "-" "Mozilla/5.0 (compatible; SemrushBot/7~bl; +http://www.semrush.com/bot.html)" "www.linassoc.com"
216.244.66.245 - - [14/Dec/2022:16:54:40 -0800] "GET /robots.txt HTTP/1.1" 404 73 "-" "Mozilla/5.0 (compatible; DotBot/1.2; +https://opensiteexplorer.org/dotbot; help@moz.com)" "www.linassoc.com"
216.244.66.245 - - [14/Dec/2022:16:54:40 -0800] "GET /robots.txt HTTP/1.1" 404 73 "-" "Mozilla/5.0 (compatible; DotBot/1.2; +https://opensiteexplorer.org/dotbot; help@moz.com)" "linassoc.com"
185.191.171.26 - - [14/Dec/2022:17:33:03 -0800] "GET /_themes/ HTTP/1.1" 200 447 "-" "Mozilla/5.0 (compatible; SemrushBot/7~bl; +http://www.semrush.com/bot.html)" "www.linassoc.com"
216.244.66.245 - - [14/Dec/2022:17:41:57 -0800] "GET /robots.txt HTTP/1.1" 404 73 "-" "Mozilla/5.0 (compatible; DotBot/1.2; +https://opensiteexplorer.org/dotbot; help@moz.com)" "linassoc.com"
216.244.66.245 - - [14/Dec/2022:17:41:57 -0800] "GET /robots.txt HTTP/1.1" 404 73 "-" "Mozilla/5.0 (compatible; DotBot/1.2; +https://opensiteexplorer.org/dotbot; help@moz.com)" "www.linassoc.com"
192.185.83.83 - - [14/Dec/2022:17:46:45 -0800] "GET / HTTP/1.1" 200 3978 "http://linassoc.com" "Mozilla/5.0 (Windows; U; Windows NT 5.1; en-US) AppleWebKit/533.4 (KHTML, like Gecko) Chrome/5.0.375.99 Safari/533.4" "linassoc.com"
185.191.171.20 - - [14/Dec/2022:18:26:01 -0800] "GET /robots.txt HTTP/1.1" 404 88 "-" "Mozilla/5.0 (compatible; SemrushBot/7~bl; +http://www.semrush.com/bot.html)" "www.linassoc.com"
185.191.171.12 - - [14/Dec/2022:18:26:01 -0800] "GET /profile_files/ HTTP/1.1" 200 457 "-" "Mozilla/5.0 (compatible; SemrushBot/7~bl; +http://www.semrush.com/bot.html)" "www.linassoc.com"
216.244.66.245 - - [14/Dec/2022:18:28:45 -0800] "GET /robots.txt HTTP/1.1" 404 73 "-" "Mozilla/5.0 (compatible; DotBot/1.2; +https://opensiteexplorer.org/dotbot; help@moz.com)" "www.linassoc.com"
216.244.66.245 - - [14/Dec/2022:18:28:45 -0800] "GET /robots.txt HTTP/1.1" 404 73 "-" "Mozilla/5.0 (compatible; DotBot/1.2; +https://opensiteexplorer.org/dotbot; help@moz.com)" "linassoc.com"
123.125.109.54 - - [14/Dec/2022:18:36:37 -0800] "GET / HTTP/1.1" 200 779 "-" "Sogou web spider/4.0(+http://www.sogou.com/docs/help/webmasters.htm#07)" "www.linassoc.com"
216.244.66.245 - - [14/Dec/2022:19:16:32 -0800] "GET /robots.txt HTTP/1.1" 404 73 "-" "Mozilla/5.0 (compatible; DotBot/1.2; +https://opensiteexplorer.org/dotbot; help@moz.com)" "www.linassoc.com"
216.244.66.245 - - [14/Dec/2022:19:16:32 -0800] "GET /robots.txt HTTP/1.1" 404 73 "-" "Mozilla/5.0 (compatible; DotBot/1.2; +https://opensiteexplorer.org/dotbot; help@moz.com)" "linassoc.com"
185.191.171.11 - - [14/Dec/2022:19:43:28 -0800] "GET /robots.txt HTTP/1.1" 404 88 "-" "Mozilla/5.0 (compatible; SemrushBot/7~bl; +http://www.semrush.com/bot.html)" "www.linassoc.com"
185.191.171.12 - - [14/Dec/2022:19:43:29 -0800] "GET /_themes/images/ HTTP/1.1" 200 319 "-" "Mozilla/5.0 (compatible; SemrushBot/7~bl; +http://www.semrush.com/bot.html)" "www.linassoc.com"
54.36.148.113 - - [14/Dec/2022:19:53:13 -0800] "GET /robots.txt HTTP/1.1" 404 88 "-" "Mozilla/5.0 (compatible; AhrefsBot/7.0; +http://ahrefs.com/robot/)" "linassoc.com"
51.222.253.2 - - [14/Dec/2022:19:53:15 -0800] "GET / HTTP/1.1" 200 779 "-" "Mozilla/5.0 (compatible; AhrefsBot/7.0; +http://ahrefs.com/robot/)" "linassoc.com"
185.191.171.2 - - [14/Dec/2022:20:00:19 -0800] "GET /index2_files/ HTTP/1.1" 200 315 "-" "Mozilla/5.0 (compatible; SemrushBot/7~bl; +http://www.semrush.com/bot.html)" "www.linassoc.com"
185.191.171.38 - - [14/Dec/2022:20:01:29 -0800] "GET /navigation_bars/ HTTP/1.1" 200 370 "-" "Mozilla/5.0 (compatible; SemrushBot/7~bl; +http://www.semrush.com/bot.html)" "www.linassoc.com"
185.191.171.2 - - [14/Dec/2022:20:09:06 -0800] "GET /_themes/water/?C=M%3BO%3DA HTTP/1.1" 200 907 "-" "Mozilla/5.0 (compatible; SemrushBot/7~bl; +http://www.semrush.com/bot.html)" "www.linassoc.com"
118.184.177.65 - - [14/Dec/2022:20:23:01 -0800] "GET / HTTP/1.1" 200 779 "-" "Sogou web spider/4.0(+http://www.sogou.com/docs/help/webmasters.htm#07)" "linassoc.com"
114.119.154.166 - - [14/Dec/2022:20:24:00 -0800] "GET /linassoc072205/profile_files/?C=D%3BO%3DA HTTP/1.1" 200 446 "http://linassoc.com/linassoc072205/profile_files/?C=N%3BO%3DD" "Mozilla/5.0 (Linux; Android 7.0;) AppleWebKit/537.36 (KHTML, like Gecko) Mobile Safari/537.36 (compatible; PetalBot;+https://webmaster.petalsearch.com/site/petalbot)" "linassoc.com"
216.244.66.245 - - [14/Dec/2022:20:53:33 -0800] "GET /robots.txt HTTP/1.1" 404 73 "-" "Mozilla/5.0 (compatible; DotBot/1.2; +https://opensiteexplorer.org/dotbot; help@moz.com)" "www.linassoc.com"
216.244.66.245 - - [14/Dec/2022:20:53:33 -0800] "GET /robots.txt HTTP/1.1" 404 73 "-" "Mozilla/5.0 (compatible; DotBot/1.2; +https://opensiteexplorer.org/dotbot; help@moz.com)" "linassoc.com"
114.119.128.162 - - [14/Dec/2022:21:26:25 -0800] "GET /profile062605_files/?C=M%3BO%3DA HTTP/1.1" 200 457 "http://linassoc.com/profile062605_files/?C=D%3BO%3DA" "Mozilla/5.0 (Linux; Android 7.0;) AppleWebKit/537.36 (KHTML, like Gecko) Mobile Safari/537.36 (compatible; PetalBot;+https://webmaster.petalsearch.com/site/petalbot)" "linassoc.com"
185.191.171.1 - - [14/Dec/2022:21:32:45 -0800] "GET /robots.txt HTTP/1.1" 404 88 "-" "Mozilla/5.0 (compatible; SemrushBot/7~bl; +http://www.semrush.com/bot.html)" "www.linassoc.com"
185.191.171.16 - - [14/Dec/2022:21:32:46 -0800] "GET /index_files/ HTTP/1.1" 200 314 "-" "Mozilla/5.0 (compatible; SemrushBot/7~bl; +http://www.semrush.com/bot.html)" "www.linassoc.com"
216.244.66.245 - - [14/Dec/2022:22:01:12 -0800] "GET /robots.txt HTTP/1.1" 404 73 "-" "Mozilla/5.0 (compatible; DotBot/1.2; +https://opensiteexplorer.org/dotbot; help@moz.com)" "linassoc.com"
216.244.66.245 - - [14/Dec/2022:22:01:12 -0800] "GET /robots.txt HTTP/1.1" 404 73 "-" "Mozilla/5.0 (compatible; DotBot/1.2; +https://opensiteexplorer.org/dotbot; help@moz.com)" "www.linassoc.com"
51.222.253.3 - - [14/Dec/2022:22:08:09 -0800] "GET /navigation_bars/?C=N;O=D HTTP/1.1" 200 368 "-" "Mozilla/5.0 (compatible; AhrefsBot/7.0; +http://ahrefs.com/robot/)" "linassoc.com"
114.119.149.109 - - [14/Dec/2022:22:36:53 -0800] "GET /contact_files/_private/ HTTP/1.1" 403 170 "http://linassoc.com/contact_files/?C=S%3BO%3DA" "Mozilla/5.0 (Linux; Android 7.0;) AppleWebKit/537.36 (KHTML, like Gecko) Mobile Safari/537.36 (compatible; PetalBot;+https://webmaster.petalsearch.com/site/petalbot)" "linassoc.com"
123.125.109.54 - - [14/Dec/2022:23:32:58 -0800] "GET / HTTP/1.1" 200 779 "-" "Sogou web spider/4.0(+http://www.sogou.com/docs/help/webmasters.htm#07)" "linassoc.com"
157.90.209.76 - - [14/Dec/2022:23:46:59 -0800] "GET /robots.txt HTTP/1.1" 404 88 "-" "Mozilla/5.0 (compatible; BLEXBot/1.0; +http://webmeup-crawler.com/)" "linassoc.com"
157.90.209.76 - - [14/Dec/2022:23:46:59 -0800] "GET / HTTP/1.1" 200 779 "-" "Mozilla/5.0 (compatible; BLEXBot/1.0; +http://webmeup-crawler.com/)" "linassoc.com"
216.244.66.245 - - [14/Dec/2022:23:50:33 -0800] "GET /robots.txt HTTP/1.1" 404 73 "-" "Mozilla/5.0 (compatible; DotBot/1.2; +https://opensiteexplorer.org/dotbot; help@moz.com)" "www.linassoc.com"
216.244.66.245 - - [14/Dec/2022:23:50:33 -0800] "GET /robots.txt HTTP/1.1" 404 73 "-" "Mozilla/5.0 (compatible; DotBot/1.2; +https://opensiteexplorer.org/dotbot; help@moz.com)" "linassoc.com"
114.119.139.166 - - [14/Dec/2022:23:56:14 -0800] "GET /_themes/water/?C=N%3BO%3DD HTTP/1.1" 200 907 "http://linassoc.com/_themes/water/?C=S%3BO%3DA" "Mozilla/5.0 (Linux; Android 7.0;) AppleWebKit/537.36 (KHTML, like Gecko) Mobile Safari/537.36 (compatible; PetalBot;+https://webmaster.petalsearch.com/site/petalbot)" "linassoc.com"
61.135.159.126 - - [15/Dec/2022:00:08:59 -0800] "GET / HTTP/1.1" 200 779 "-" "Sogou web spider/4.0(+http://www.sogou.com/docs/help/webmasters.htm#07)" "www.linassoc.com"
114.119.151.206 - - [15/Dec/2022:00:21:15 -0800] "GET /_overlay/images/?C=M%3BO%3DA HTTP/1.1" 200 321 "http://linassoc.com/_overlay/images/?C=S%3BO%3DA" "Mozilla/5.0 (Linux; Android 7.0;) AppleWebKit/537.36 (KHTML, like Gecko) Mobile Safari/537.36 (compatible; PetalBot;+https://webmaster.petalsearch.com/site/petalbot)" "linassoc.com"
61.135.159.184 - - [15/Dec/2022:00:25:46 -0800] "GET / HTTP/1.1" 200 779 "-" "Sogou web spider/4.0(+http://www.sogou.com/docs/help/webmasters.htm#07)" "www.linassoc.com"
185.191.171.21 - - [15/Dec/2022:00:54:04 -0800] "GET /robots.txt HTTP/1.1" 404 88 "-" "Mozilla/5.0 (compatible; SemrushBot/7~bl; +http://www.semrush.com/bot.html)" "www.linassoc.com"
185.191.171.44 - - [15/Dec/2022:00:54:04 -0800] "GET /_fpclass/ HTTP/1.1" 200 313 "-" "Mozilla/5.0 (compatible; SemrushBot/7~bl; +http://www.semrush.com/bot.html)" "www.linassoc.com"
216.244.66.245 - - [15/Dec/2022:01:24:32 -0800] "GET /robots.txt HTTP/1.1" 404 73 "-" "Mozilla/5.0 (compatible; DotBot/1.2; +https://opensiteexplorer.org/dotbot; help@moz.com)" "www.linassoc.com"
185.191.171.36 - - [15/Dec/2022:01:43:44 -0800] "GET /index073005_files/ HTTP/1.1" 200 466 "-" "Mozilla/5.0 (compatible; SemrushBot/7~bl; +http://www.semrush.com/bot.html)" "www.linassoc.com"
66.249.66.63 - - [15/Dec/2022:01:48:21 -0800] "GET /robots.txt HTTP/1.1" 404 88 "-" "Mozilla/5.0 (compatible; Googlebot/2.1; +http://www.google.com/bot.html)" "linassoc.com"
66.249.66.61 - - [15/Dec/2022:01:49:39 -0800] "GET /favicon.ico HTTP/1.1" 404 88 "-" "Googlebot-Image/1.0" "linassoc.com"
185.191.171.13 - - [15/Dec/2022:02:02:49 -0800] "GET /robots.txt HTTP/1.1" 404 88 "-" "Mozilla/5.0 (compatible; SemrushBot/7~bl; +http://www.semrush.com/bot.html)" "www.linassoc.com"
185.191.171.36 - - [15/Dec/2022:02:02:49 -0800] "GET /contact_files/images/ HTTP/1.1" 200 324 "-" "Mozilla/5.0 (compatible; SemrushBot/7~bl; +http://www.semrush.com/bot.html)" "www.linassoc.com"
216.244.66.245 - - [15/Dec/2022:02:09:27 -0800] "GET /robots.txt HTTP/1.1" 404 73 "-" "Mozilla/5.0 (compatible; DotBot/1.2; +https://opensiteexplorer.org/dotbot; help@moz.com)" "linassoc.com"
216.244.66.245 - - [15/Dec/2022:02:09:27 -0800] "GET /robots.txt HTTP/1.1" 404 73 "-" "Mozilla/5.0 (compatible; DotBot/1.2; +https://opensiteexplorer.org/dotbot; help@moz.com)" "www.linassoc.com"
157.90.209.76 - - [15/Dec/2022:02:27:56 -0800] "GET /robots.txt HTTP/1.1" 404 88 "-" "Mozilla/5.0 (compatible; BLEXBot/1.0; +http://webmeup-crawler.com/)" "linassoc.com"
157.90.209.76 - - [15/Dec/2022:02:27:58 -0800] "GET /sitemap HTTP/1.1" 404 88 "-" "Mozilla/5.0 (compatible; BLEXBot/1.0; +http://webmeup-crawler.com/)" "linassoc.com"
157.90.209.76 - - [15/Dec/2022:02:28:02 -0800] "GET /sitemap.txt HTTP/1.1" 404 88 "-" "Mozilla/5.0 (compatible; BLEXBot/1.0; +http://webmeup-crawler.com/)" "linassoc.com"
157.90.209.76 - - [15/Dec/2022:02:28:04 -0800] "GET /?C=D;O=A HTTP/1.1" 200 779 "-" "Mozilla/5.0 (compatible; BLEXBot/1.0; +http://webmeup-crawler.com/)" "linassoc.com"
157.90.209.76 - - [15/Dec/2022:02:28:07 -0800] "GET /?C=M;O=A HTTP/1.1" 200 776 "-" "Mozilla/5.0 (compatible; BLEXBot/1.0; +http://webmeup-crawler.com/)" "linassoc.com"
157.90.209.76 - - [15/Dec/2022:02:28:11 -0800] "GET /?C=N;O=D HTTP/1.1" 200 780 "-" "Mozilla/5.0 (compatible; BLEXBot/1.0; +http://webmeup-crawler.com/)" "linassoc.com"
157.90.209.76 - - [15/Dec/2022:02:28:14 -0800] "GET /?C=S;O=A HTTP/1.1" 200 771 "-" "Mozilla/5.0 (compatible; BLEXBot/1.0; +http://webmeup-crawler.com/)" "linassoc.com"
157.90.209.76 - - [15/Dec/2022:02:28:17 -0800] "GET /_derived/ HTTP/1.1" 200 314 "-" "Mozilla/5.0 (compatible; BLEXBot/1.0; +http://webmeup-crawler.com/)" "linassoc.com"
157.90.209.76 - - [15/Dec/2022:02:28:20 -0800] "GET /_fpclass/ HTTP/1.1" 200 313 "-" "Mozilla/5.0 (compatible; BLEXBot/1.0; +http://webmeup-crawler.com/)" "linassoc.com"
157.90.209.76 - - [15/Dec/2022:02:28:23 -0800] "GET /_overlay/ HTTP/1.1" 200 525 "-" "Mozilla/5.0 (compatible; BLEXBot/1.0; +http://webmeup-crawler.com/)" "linassoc.com"
157.90.209.76 - - [15/Dec/2022:02:28:25 -0800] "GET /_private/ HTTP/1.1" 403 170 "-" "Mozilla/5.0 (compatible; BLEXBot/1.0; +http://webmeup-crawler.com/)" "linassoc.com"
157.90.209.76 - - [15/Dec/2022:02:28:26 -0800] "GET /_themes/ HTTP/1.1" 200 447 "-" "Mozilla/5.0 (compatible; BLEXBot/1.0; +http://webmeup-crawler.com/)" "linassoc.com"
157.90.209.76 - - [15/Dec/2022:02:28:29 -0800] "GET /contact062605_files/ HTTP/1.1" 200 457 "-" "Mozilla/5.0 (compatible; BLEXBot/1.0; +http://webmeup-crawler.com/)" "linassoc.com"
157.90.209.76 - - [15/Dec/2022:02:28:31 -0800] "GET /contact_files/ HTTP/1.1" 200 458 "-" "Mozilla/5.0 (compatible; BLEXBot/1.0; +http://webmeup-crawler.com/)" "linassoc.com"
157.90.209.76 - - [15/Dec/2022:02:28:34 -0800] "GET /images/ HTTP/1.1" 200 973 "-" "Mozilla/5.0 (compatible; BLEXBot/1.0; +http://webmeup-crawler.com/)" "linassoc.com"
157.90.209.76 - - [15/Dec/2022:02:28:36 -0800] "GET /index062605_files/ HTTP/1.1" 200 322 "-" "Mozilla/5.0 (compatible; BLEXBot/1.0; +http://webmeup-crawler.com/)" "linassoc.com"
157.90.209.76 - - [15/Dec/2022:02:28:38 -0800] "GET /index073005_files/ HTTP/1.1" 200 466 "-" "Mozilla/5.0 (compatible; BLEXBot/1.0; +http://webmeup-crawler.com/)" "linassoc.com"
157.90.209.76 - - [15/Dec/2022:02:28:41 -0800] "GET /index2_files/ HTTP/1.1" 200 315 "-" "Mozilla/5.0 (compatible; BLEXBot/1.0; +http://webmeup-crawler.com/)" "linassoc.com"
157.90.209.76 - - [15/Dec/2022:02:28:46 -0800] "GET /index_files/ HTTP/1.1" 200 314 "-" "Mozilla/5.0 (compatible; BLEXBot/1.0; +http://webmeup-crawler.com/)" "linassoc.com"
157.90.209.76 - - [15/Dec/2022:02:28:48 -0800] "GET /linassoc072205/ HTTP/1.1" 200 381 "-" "Mozilla/5.0 (compatible; BLEXBot/1.0; +http://webmeup-crawler.com/)" "linassoc.com"
157.90.209.76 - - [15/Dec/2022:02:28:50 -0800] "GET /media/ HTTP/1.1" 200 369 "-" "Mozilla/5.0 (compatible; BLEXBot/1.0; +http://webmeup-crawler.com/)" "linassoc.com"
157.90.209.76 - - [15/Dec/2022:02:28:53 -0800] "GET /navigation_bars/ HTTP/1.1" 200 370 "-" "Mozilla/5.0 (compatible; BLEXBot/1.0; +http://webmeup-crawler.com/)" "linassoc.com"
157.90.209.76 - - [15/Dec/2022:02:28:57 -0800] "GET /profile062605_files/ HTTP/1.1" 200 457 "-" "Mozilla/5.0 (compatible; BLEXBot/1.0; +http://webmeup-crawler.com/)" "linassoc.com"
157.90.209.76 - - [15/Dec/2022:02:29:01 -0800] "GET /profile_files/ HTTP/1.1" 200 457 "-" "Mozilla/5.0 (compatible; BLEXBot/1.0; +http://webmeup-crawler.com/)" "linassoc.com"
216.244.66.245 - - [15/Dec/2022:02:54:48 -0800] "GET /robots.txt HTTP/1.1" 404 73 "-" "Mozilla/5.0 (compatible; DotBot/1.2; +https://opensiteexplorer.org/dotbot; help@moz.com)" "www.linassoc.com"
216.244.66.245 - - [15/Dec/2022:02:54:49 -0800] "GET /robots.txt HTTP/1.1" 404 73 "-" "Mozilla/5.0 (compatible; DotBot/1.2; +https://opensiteexplorer.org/dotbot; help@moz.com)" "linassoc.com"
185.191.171.8 - - [15/Dec/2022:03:28:14 -0800] "GET /robots.txt HTTP/1.1" 404 88 "-" "Mozilla/5.0 (compatible; SemrushBot/7~bl; +http://www.semrush.com/bot.html)" "www.linassoc.com"
185.191.171.4 - - [15/Dec/2022:03:28:15 -0800] "GET /_overlay/ HTTP/1.1" 200 525 "-" "Mozilla/5.0 (compatible; SemrushBot/7~bl; +http://www.semrush.com/bot.html)" "www.linassoc.com"
216.244.66.245 - - [15/Dec/2022:03:39:06 -0800] "GET /robots.txt HTTP/1.1" 404 73 "-" "Mozilla/5.0 (compatible; DotBot/1.2; +https://opensiteexplorer.org/dotbot; help@moz.com)" "linassoc.com"
216.244.66.245 - - [15/Dec/2022:03:39:06 -0800] "GET /robots.txt HTTP/1.1" 404 73 "-" "Mozilla/5.0 (compatible; DotBot/1.2; +https://opensiteexplorer.org/dotbot; help@moz.com)" "www.linassoc.com"
114.119.153.7 - - [15/Dec/2022:04:03:34 -0800] "GET /robots.txt HTTP/1.1" 404 88 "-" "Mozilla/5.0 (compatible;PetalBot;+https://webmaster.petalsearch.com/site/petalbot)" "linassoc.com"
51.222.253.16 - - [15/Dec/2022:04:07:48 -0800] "GET /images/?C=N;O=A HTTP/1.1" 200 973 "-" "Mozilla/5.0 (compatible; AhrefsBot/7.0; +http://ahrefs.com/robot/)" "linassoc.com"
123.125.109.54 - - [15/Dec/2022:04:15:07 -0800] "GET / HTTP/1.1" 200 779 "-" "Sogou web spider/4.0(+http://www.sogou.com/docs/help/webmasters.htm#07)" "www.linassoc.com"
216.244.66.245 - - [15/Dec/2022:04:24:13 -0800] "GET /robots.txt HTTP/1.1" 404 73 "-" "Mozilla/5.0 (compatible; DotBot/1.2; +https://opensiteexplorer.org/dotbot; help@moz.com)" "www.linassoc.com"
216.244.66.245 - - [15/Dec/2022:04:24:13 -0800] "GET /robots.txt HTTP/1.1" 404 73 "-" "Mozilla/5.0 (compatible; DotBot/1.2; +https://opensiteexplorer.org/dotbot; help@moz.com)" "linassoc.com"
192.29.97.49 - - [15/Dec/2022:04:46:08 -0800] "HEAD /robots.txt HTTP/1.1" 404 - "-" "DF Bot 1.0" "www.linassoc.com"
192.29.97.49 - - [15/Dec/2022:04:46:09 -0800] "GET /robots.txt HTTP/1.1" 404 73 "-" "DF Bot 1.0" "www.linassoc.com"
192.29.97.49 - - [15/Dec/2022:04:46:09 -0800] "GET / HTTP/1.1" 200 3978 "-" "DF Bot 1.0" "www.linassoc.com"
216.244.66.245 - - [15/Dec/2022:05:09:30 -0800] "GET /robots.txt HTTP/1.1" 404 73 "-" "Mozilla/5.0 (compatible; DotBot/1.2; +https://opensiteexplorer.org/dotbot; help@moz.com)" "www.linassoc.com"
216.244.66.245 - - [15/Dec/2022:05:09:30 -0800] "GET /robots.txt HTTP/1.1" 404 73 "-" "Mozilla/5.0 (compatible; DotBot/1.2; +https://opensiteexplorer.org/dotbot; help@moz.com)" "linassoc.com"
34.219.94.157 - - [15/Dec/2022:05:21:37 -0800] "GET / HTTP/1.1" 200 779 "-" "Mozilla/5.0 (X11; Linux x86_64) AppleWebKit/537.36 (KHTML, like Gecko) Chrome/83.0.4103.97 Safari/537.36" "linassoc.com"
35.91.35.87 - - [15/Dec/2022:05:21:38 -0800] "GET / HTTP/1.1" 200 779 "-" "Mozilla/5.0 (X11; Linux x86_64) AppleWebKit/537.36 (KHTML, like Gecko) Chrome/83.0.4103.97 Safari/537.36" "linassoc.com"
54.244.158.30 - - [15/Dec/2022:05:22:14 -0800] "GET /favicon.ico HTTP/1.1" 404 88 "-" "Mozilla/5.0 (X11; Linux x86_64) AppleWebKit/537.36 (KHTML, like Gecko) Chrome/83.0.4103.97 Safari/537.36" "linassoc.com"
54.244.158.30 - - [15/Dec/2022:05:22:17 -0800] "GET / HTTP/1.1" 200 779 "-" "Mozilla/5.0 (X11; Linux x86_64) AppleWebKit/537.36 (KHTML, like Gecko) Chrome/83.0.4103.97 Safari/537.36" "linassoc.com"
114.119.159.64 - - [15/Dec/2022:05:39:32 -0800] "GET /profile062605_files/_private/ HTTP/1.1" 403 170 "http://linassoc.com/profile062605_files/?C=M%3BO%3DA" "Mozilla/5.0 (Linux; Android 7.0;) AppleWebKit/537.36 (KHTML, like Gecko) Mobile Safari/537.36 (compatible; PetalBot;+https://webmaster.petalsearch.com/site/petalbot)" "linassoc.com"
137.226.113.44 - - [15/Dec/2022:05:43:39 -0800] "GET / HTTP/1.1" 200 779 "-" "Mozilla/5.0 zgrab/0.x (compatible; Researchscan/http; +http://researchscan.comsys.rwth-aachen.de)" "www.linassoc.com"
216.244.66.245 - - [15/Dec/2022:05:55:27 -0800] "GET /robots.txt HTTP/1.1" 404 73 "-" "Mozilla/5.0 (compatible; DotBot/1.2; +https://opensiteexplorer.org/dotbot; help@moz.com)" "www.linassoc.com"
216.244.66.245 - - [15/Dec/2022:05:55:27 -0800] "GET /robots.txt HTTP/1.1" 404 73 "-" "Mozilla/5.0 (compatible; DotBot/1.2; +https://opensiteexplorer.org/dotbot; help@moz.com)" "linassoc.com"
66.249.64.165 - - [15/Dec/2022:06:09:18 -0800] "GET /robots.txt HTTP/1.1" 404 88 "-" "Mozilla/5.0 (compatible; Googlebot/2.1; +http://www.google.com/bot.html)" "linassoc.com"
66.249.64.162 - - [15/Dec/2022:06:09:18 -0800] "GET /images/Frank_Lin_Black_White.JPG HTTP/1.1" 200 2705288 "-" "Googlebot-Image/1.0" "linassoc.com"
114.119.131.211 - - [15/Dec/2022:06:11:05 -0800] "GET /profile062605_files/?C=S%3BO%3DA HTTP/1.1" 200 457 "http://linassoc.com/profile062605_files/?C=M%3BO%3DA" "Mozilla/5.0 (Linux; Android 7.0;) AppleWebKit/537.36 (KHTML, like Gecko) Mobile Safari/537.36 (compatible; PetalBot;+https://webmaster.petalsearch.com/site/petalbot)" "linassoc.com"
114.119.131.68 - - [15/Dec/2022:06:21:30 -0800] "GET /_derived/?C=D%3BO%3DA HTTP/1.1" 200 314 "http://linassoc.com/_derived/?C=M%3BO%3DA" "Mozilla/5.0 (Linux; Android 7.0;) AppleWebKit/537.36 (KHTML, like Gecko) Mobile Safari/537.36 (compatible; PetalBot;+https://webmaster.petalsearch.com/site/petalbot)" "linassoc.com"
216.244.66.245 - - [15/Dec/2022:06:42:13 -0800] "GET /robots.txt HTTP/1.1" 404 73 "-" "Mozilla/5.0 (compatible; DotBot/1.2; +https://opensiteexplorer.org/dotbot; help@moz.com)" "linassoc.com"
216.244.66.245 - - [15/Dec/2022:06:42:13 -0800] "GET /robots.txt HTTP/1.1" 404 73 "-" "Mozilla/5.0 (compatible; DotBot/1.2; +https://opensiteexplorer.org/dotbot; help@moz.com)" "www.linassoc.com"
216.244.66.245 - - [15/Dec/2022:07:29:12 -0800] "GET /robots.txt HTTP/1.1" 404 73 "-" "Mozilla/5.0 (compatible; DotBot/1.2; +https://opensiteexplorer.org/dotbot; help@moz.com)" "www.linassoc.com"
216.244.66.245 - - [15/Dec/2022:07:29:12 -0800] "GET /robots.txt HTTP/1.1" 404 73 "-" "Mozilla/5.0 (compatible; DotBot/1.2; +https://opensiteexplorer.org/dotbot; help@moz.com)" "linassoc.com"
51.222.253.1 - - [15/Dec/2022:07:31:32 -0800] "GET /profile_files/?C=N;O=D HTTP/1.1" 200 453 "-" "Mozilla/5.0 (compatible; AhrefsBot/7.0; +http://ahrefs.com/robot/)" "linassoc.com"
216.244.66.245 - - [15/Dec/2022:08:16:05 -0800] "GET /robots.txt HTTP/1.1" 404 73 "-" "Mozilla/5.0 (compatible; DotBot/1.2; +https://opensiteexplorer.org/dotbot; help@moz.com)" "linassoc.com"
216.244.66.245 - - [15/Dec/2022:08:16:05 -0800] "GET /robots.txt HTTP/1.1" 404 73 "-" "Mozilla/5.0 (compatible; DotBot/1.2; +https://opensiteexplorer.org/dotbot; help@moz.com)" "www.linassoc.com"
20.244.115.14 - - [15/Dec/2022:08:44:12 -0800] "GET /wp-login.php HTTP/1.1" 404 88 "-" "Mozilla/5.0 (Windows NT 10.0; Win64; x64; rv:96.0) Gecko/20100101 Firefox/96" "linassoc.com"
51.222.253.9 - - [15/Dec/2022:09:00:06 -0800] "GET /robots.txt HTTP/1.1" 404 88 "-" "Mozilla/5.0 (compatible; AhrefsBot/7.0; +http://ahrefs.com/robot/)" "linassoc.com"
51.222.253.20 - - [15/Dec/2022:09:00:09 -0800] "GET /?C=D;O=A HTTP/1.1" 200 779 "-" "Mozilla/5.0 (compatible; AhrefsBot/7.0; +http://ahrefs.com/robot/)" "linassoc.com"
216.244.66.245 - - [15/Dec/2022:09:02:17 -0800] "GET /robots.txt HTTP/1.1" 404 73 "-" "Mozilla/5.0 (compatible; DotBot/1.2; +https://opensiteexplorer.org/dotbot; help@moz.com)" "www.linassoc.com"
216.244.66.245 - - [15/Dec/2022:09:02:17 -0800] "GET /robots.txt HTTP/1.1" 404 73 "-" "Mozilla/5.0 (compatible; DotBot/1.2; +https://opensiteexplorer.org/dotbot; help@moz.com)" "linassoc.com"
5.188.86.198 - - [15/Dec/2022:09:13:23 -0800] "GET /wp-login.php HTTP/1.1" 404 88 "-" "Mozilla/5.0 (Windows NT 10.0; Win64; x64) AppleWebKit/537.36 (KHTML, like Gecko) Chrome/64.0.3282.140 Safari/537.36 Edge/18.17763" "linassoc.com"
114.119.139.35 - - [15/Dec/2022:09:22:44 -0800] "GET /_themes/water/water.inf HTTP/1.1" 200 417 "http://linassoc.com/_themes/water/?C=N%3BO%3DD" "Mozilla/5.0 (Linux; Android 7.0;) AppleWebKit/537.36 (KHTML, like Gecko) Mobile Safari/537.36 (compatible; PetalBot;+https://webmaster.petalsearch.com/site/petalbot)" "linassoc.com"
114.119.135.202 - - [15/Dec/2022:09:36:07 -0800] "GET /profile062605_files/images/?C=S%3BO%3DA HTTP/1.1" 200 332 "http://linassoc.com/profile062605_files/images/" "Mozilla/5.0 (Linux; Android 7.0;) AppleWebKit/537.36 (KHTML, like Gecko) Mobile Safari/537.36 (compatible; PetalBot;+https://webmaster.petalsearch.com/site/petalbot)" "linassoc.com"
114.119.131.202 - - [15/Dec/2022:09:38:13 -0800] "GET /profile062605_files/?C=N%3BO%3DD HTTP/1.1" 200 457 "http://linassoc.com/profile062605_files/?C=M%3BO%3DA" "Mozilla/5.0 (Linux; Android 7.0;) AppleWebKit/537.36 (KHTML, like Gecko) Mobile Safari/537.36 (compatible; PetalBot;+https://webmaster.petalsearch.com/site/petalbot)" "linassoc.com"
114.119.133.30 - - [15/Dec/2022:09:41:46 -0800] "GET /linassoc072205/profile062605_files/?C=M%3BO%3DA HTTP/1.1" 200 439 "http://linassoc.com/linassoc072205/profile062605_files/" "Mozilla/5.0 (Linux; Android 7.0;) AppleWebKit/537.36 (KHTML, like Gecko) Mobile Safari/537.36 (compatible; PetalBot;+https://webmaster.petalsearch.com/site/petalbot)" "linassoc.com"
185.191.171.23 - - [15/Dec/2022:09:42:45 -0800] "GET /robots.txt HTTP/1.1" 404 88 "-" "Mozilla/5.0 (compatible; SemrushBot/7~bl; +http://www.semrush.com/bot.html)" "www.linassoc.com"
185.191.171.19 - - [15/Dec/2022:09:42:46 -0800] "GET /contact062605_files/ HTTP/1.1" 200 457 "-" "Mozilla/5.0 (compatible; SemrushBot/7~bl; +http://www.semrush.com/bot.html)" "www.linassoc.com"
114.119.156.185 - - [15/Dec/2022:09:43:16 -0800] "GET /images/images/?C=S%3BO%3DA HTTP/1.1" 200 315 "http://linassoc.com/images/images/?C=N%3BO%3DD" "Mozilla/5.0 (Linux; Android 7.0;) AppleWebKit/537.36 (KHTML, like Gecko) Mobile Safari/537.36 (compatible; PetalBot;+https://webmaster.petalsearch.com/site/petalbot)" "linassoc.com"
114.119.156.46 - - [15/Dec/2022:09:46:43 -0800] "GET /_themes/blank/ HTTP/1.1" 200 903 "http://linassoc.com/_themes/?C=M%3BO%3DA" "Mozilla/5.0 (Linux; Android 7.0;) AppleWebKit/537.36 (KHTML, like Gecko) Mobile Safari/537.36 (compatible; PetalBot;+https://webmaster.petalsearch.com/site/petalbot)" "linassoc.com"
114.119.147.45 - - [15/Dec/2022:09:48:09 -0800] "GET /_overlay/images/?C=D%3BO%3DA HTTP/1.1" 200 321 "http://linassoc.com/_overlay/images/" "Mozilla/5.0 (Linux; Android 7.0;) AppleWebKit/537.36 (KHTML, like Gecko) Mobile Safari/537.36 (compatible; PetalBot;+https://webmaster.petalsearch.com/site/petalbot)" "linassoc.com"
216.244.66.245 - - [15/Dec/2022:10:01:04 -0800] "GET /robots.txt HTTP/1.1" 404 73 "-" "Mozilla/5.0 (compatible; DotBot/1.2; +https://opensiteexplorer.org/dotbot; help@moz.com)" "www.linassoc.com"
216.244.66.245 - - [15/Dec/2022:10:01:04 -0800] "GET /robots.txt HTTP/1.1" 404 73 "-" "Mozilla/5.0 (compatible; DotBot/1.2; +https://opensiteexplorer.org/dotbot; help@moz.com)" "linassoc.com"
64.124.8.54 - - [15/Dec/2022:10:54:37 -0800] "GET /contact_files/image001.gif HTTP/1.1" 200 143 "-" "Mozilla/5.0 (Macintosh; Intel Mac OS X 10_15_7) AppleWebKit/537.36 (KHTML, like Gecko) Chrome/107.0.0.0 Safari/537.36" "linassoc.com"
216.244.66.245 - - [15/Dec/2022:11:07:12 -0800] "GET /robots.txt HTTP/1.1" 404 73 "-" "Mozilla/5.0 (compatible; DotBot/1.2; +https://opensiteexplorer.org/dotbot; help@moz.com)" "linassoc.com"
49.7.21.106 - - [15/Dec/2022:11:08:55 -0800] "GET / HTTP/1.1" 200 779 "-" "Sogou web spider/4.0(+http://www.sogou.com/docs/help/webmasters.htm#07)" "linassoc.com"
157.55.39.54 - - [15/Dec/2022:11:49:58 -0800] "GET /robots.txt HTTP/1.1" 404 88 "-" "Mozilla/5.0 (compatible; bingbot/2.0; +http://www.bing.com/bingbot.htm)" "www.linassoc.com"
157.55.39.54 - - [15/Dec/2022:11:49:58 -0800] "GET /robots.txt HTTP/1.1" 404 88 "-" "Mozilla/5.0 (compatible; bingbot/2.0; +http://www.bing.com/bingbot.htm)" "www.linassoc.com"
40.77.167.49 - - [15/Dec/2022:11:50:15 -0800] "GET /media/ HTTP/1.1" 200 369 "-" "Mozilla/5.0 (compatible; bingbot/2.0; +http://www.bing.com/bingbot.htm)" "www.linassoc.com"
216.244.66.245 - - [15/Dec/2022:11:54:24 -0800] "GET /robots.txt HTTP/1.1" 404 73 "-" "Mozilla/5.0 (compatible; DotBot/1.2; +https://opensiteexplorer.org/dotbot; help@moz.com)" "linassoc.com"
216.244.66.245 - - [15/Dec/2022:11:54:24 -0800] "GET /robots.txt HTTP/1.1" 404 73 "-" "Mozilla/5.0 (compatible; DotBot/1.2; +https://opensiteexplorer.org/dotbot; help@moz.com)" "www.linassoc.com"
185.191.171.20 - - [15/Dec/2022:12:06:01 -0800] "GET /robots.txt HTTP/1.1" 404 88 "-" "Mozilla/5.0 (compatible; SemrushBot/7~bl; +http://www.semrush.com/bot.html)" "www.linassoc.com"
185.191.171.36 - - [15/Dec/2022:12:06:01 -0800] "GET /media/ HTTP/1.1" 200 369 "-" "Mozilla/5.0 (compatible; SemrushBot/7~bl; +http://www.semrush.com/bot.html)" "www.linassoc.com"
71.9.101.119 - - [15/Dec/2022:12:15:31 -0800] "GET / HTTP/1.1" 200 779 "-" "Mozilla/5.0 (Macintosh; Intel Mac OS X 10_15_7) AppleWebKit/605.1.15 (KHTML, like Gecko) Version/15.5 Safari/605.1.15" "linassoc.com"
216.244.66.245 - - [15/Dec/2022:12:41:22 -0800] "GET /robots.txt HTTP/1.1" 404 73 "-" "Mozilla/5.0 (compatible; DotBot/1.2; +https://opensiteexplorer.org/dotbot; help@moz.com)" "www.linassoc.com"
216.244.66.245 - - [15/Dec/2022:12:41:22 -0800] "GET /robots.txt HTTP/1.1" 404 73 "-" "Mozilla/5.0 (compatible; DotBot/1.2; +https://opensiteexplorer.org/dotbot; help@moz.com)" "linassoc.com"
157.90.209.76 - - [15/Dec/2022:14:19:44 -0800] "GET /robots.txt HTTP/1.1" 404 88 "-" "Mozilla/5.0 (compatible; BLEXBot/1.0; +http://webmeup-crawler.com/)" "linassoc.com"
157.90.209.76 - - [15/Dec/2022:14:19:45 -0800] "GET /sitemap HTTP/1.1" 404 88 "-" "Mozilla/5.0 (compatible; BLEXBot/1.0; +http://webmeup-crawler.com/)" "linassoc.com"
157.90.209.76 - - [15/Dec/2022:14:19:50 -0800] "GET /sitemap.txt HTTP/1.1" 404 88 "-" "Mozilla/5.0 (compatible; BLEXBot/1.0; +http://webmeup-crawler.com/)" "linassoc.com"
157.90.209.76 - - [15/Dec/2022:14:19:54 -0800] "GET /?C=D;O=D HTTP/1.1" 200 780 "-" "Mozilla/5.0 (compatible; BLEXBot/1.0; +http://webmeup-crawler.com/)" "linassoc.com"
157.90.209.76 - - [15/Dec/2022:14:19:57 -0800] "GET /?C=M;O=D HTTP/1.1" 200 778 "-" "Mozilla/5.0 (compatible; BLEXBot/1.0; +http://webmeup-crawler.com/)" "linassoc.com"
157.90.209.76 - - [15/Dec/2022:14:20:02 -0800] "GET /?C=N;O=A HTTP/1.1" 200 779 "-" "Mozilla/5.0 (compatible; BLEXBot/1.0; +http://webmeup-crawler.com/)" "linassoc.com"
157.90.209.76 - - [15/Dec/2022:14:20:05 -0800] "GET /?C=S;O=D HTTP/1.1" 200 776 "-" "Mozilla/5.0 (compatible; BLEXBot/1.0; +http://webmeup-crawler.com/)" "linassoc.com"
157.90.209.76 - - [15/Dec/2022:14:20:07 -0800] "GET /_derived/?C=D;O=A HTTP/1.1" 200 314 "-" "Mozilla/5.0 (compatible; BLEXBot/1.0; +http://webmeup-crawler.com/)" "linassoc.com"
157.90.209.76 - - [15/Dec/2022:14:20:09 -0800] "GET /_derived/?C=M;O=A HTTP/1.1" 200 315 "-" "Mozilla/5.0 (compatible; BLEXBot/1.0; +http://webmeup-crawler.com/)" "linassoc.com"
157.90.209.76 - - [15/Dec/2022:14:20:12 -0800] "GET /_derived/?C=N;O=D HTTP/1.1" 200 313 "-" "Mozilla/5.0 (compatible; BLEXBot/1.0; +http://webmeup-crawler.com/)" "linassoc.com"
157.90.209.76 - - [15/Dec/2022:14:20:17 -0800] "GET /_derived/?C=S;O=A HTTP/1.1" 200 315 "-" "Mozilla/5.0 (compatible; BLEXBot/1.0; +http://webmeup-crawler.com/)" "linassoc.com"
157.90.209.76 - - [15/Dec/2022:14:20:19 -0800] "GET /_fpclass/?C=D;O=A HTTP/1.1" 200 313 "-" "Mozilla/5.0 (compatible; BLEXBot/1.0; +http://webmeup-crawler.com/)" "linassoc.com"
157.90.209.76 - - [15/Dec/2022:14:20:23 -0800] "GET /_fpclass/?C=M;O=A HTTP/1.1" 200 314 "-" "Mozilla/5.0 (compatible; BLEXBot/1.0; +http://webmeup-crawler.com/)" "linassoc.com"
157.90.209.76 - - [15/Dec/2022:14:20:25 -0800] "GET /_fpclass/?C=N;O=D HTTP/1.1" 200 311 "-" "Mozilla/5.0 (compatible; BLEXBot/1.0; +http://webmeup-crawler.com/)" "linassoc.com"
157.90.209.76 - - [15/Dec/2022:14:20:29 -0800] "GET /_fpclass/?C=S;O=A HTTP/1.1" 200 314 "-" "Mozilla/5.0 (compatible; BLEXBot/1.0; +http://webmeup-crawler.com/)" "linassoc.com"
157.90.209.76 - - [15/Dec/2022:14:20:34 -0800] "GET /_overlay/?C=D;O=A HTTP/1.1" 200 525 "-" "Mozilla/5.0 (compatible; BLEXBot/1.0; +http://webmeup-crawler.com/)" "linassoc.com"
157.90.209.76 - - [15/Dec/2022:14:20:36 -0800] "GET /_overlay/?C=M;O=A HTTP/1.1" 200 528 "-" "Mozilla/5.0 (compatible; BLEXBot/1.0; +http://webmeup-crawler.com/)" "linassoc.com"
157.90.209.76 - - [15/Dec/2022:14:20:41 -0800] "GET /_overlay/?C=N;O=D HTTP/1.1" 200 525 "-" "Mozilla/5.0 (compatible; BLEXBot/1.0; +http://webmeup-crawler.com/)" "linassoc.com"
157.90.209.76 - - [15/Dec/2022:14:20:45 -0800] "GET /_overlay/?C=S;O=A HTTP/1.1" 200 523 "-" "Mozilla/5.0 (compatible; BLEXBot/1.0; +http://webmeup-crawler.com/)" "linassoc.com"
157.90.209.76 - - [15/Dec/2022:14:20:48 -0800] "GET /_overlay/_private/ HTTP/1.1" 403 170 "-" "Mozilla/5.0 (compatible; BLEXBot/1.0; +http://webmeup-crawler.com/)" "linassoc.com"
157.90.209.76 - - [15/Dec/2022:14:20:52 -0800] "GET /_overlay/images/ HTTP/1.1" 200 321 "-" "Mozilla/5.0 (compatible; BLEXBot/1.0; +http://webmeup-crawler.com/)" "linassoc.com"
157.90.209.76 - - [15/Dec/2022:14:20:55 -0800] "GET /_private/ HTTP/1.1" 403 170 "-" "Mozilla/5.0 (compatible; BLEXBot/1.0; +http://webmeup-crawler.com/)" "linassoc.com"
157.90.209.76 - - [15/Dec/2022:14:20:58 -0800] "GET /_themes/?C=D;O=A HTTP/1.1" 200 447 "-" "Mozilla/5.0 (compatible; BLEXBot/1.0; +http://webmeup-crawler.com/)" "linassoc.com"
157.90.209.76 - - [15/Dec/2022:14:21:02 -0800] "GET /_themes/?C=M;O=A HTTP/1.1" 200 450 "-" "Mozilla/5.0 (compatible; BLEXBot/1.0; +http://webmeup-crawler.com/)" "linassoc.com"
157.90.209.76 - - [15/Dec/2022:14:21:08 -0800] "GET /_themes/?C=N;O=D HTTP/1.1" 200 447 "-" "Mozilla/5.0 (compatible; BLEXBot/1.0; +http://webmeup-crawler.com/)" "linassoc.com"
157.90.209.76 - - [15/Dec/2022:14:21:12 -0800] "GET /_themes/?C=S;O=A HTTP/1.1" 200 445 "-" "Mozilla/5.0 (compatible; BLEXBot/1.0; +http://webmeup-crawler.com/)" "linassoc.com"
157.90.209.76 - - [15/Dec/2022:14:21:15 -0800] "GET /_themes/_private/ HTTP/1.1" 403 170 "-" "Mozilla/5.0 (compatible; BLEXBot/1.0; +http://webmeup-crawler.com/)" "linassoc.com"
157.90.209.76 - - [15/Dec/2022:14:21:21 -0800] "GET /_themes/blank/ HTTP/1.1" 200 903 "-" "Mozilla/5.0 (compatible; BLEXBot/1.0; +http://webmeup-crawler.com/)" "linassoc.com"
157.90.209.76 - - [15/Dec/2022:14:21:24 -0800] "GET /_themes/images/ HTTP/1.1" 200 319 "-" "Mozilla/5.0 (compatible; BLEXBot/1.0; +http://webmeup-crawler.com/)" "linassoc.com"
157.90.209.76 - - [15/Dec/2022:14:21:27 -0800] "GET /_themes/water/ HTTP/1.1" 200 907 "-" "Mozilla/5.0 (compatible; BLEXBot/1.0; +http://webmeup-crawler.com/)" "linassoc.com"
157.90.209.76 - - [15/Dec/2022:14:21:33 -0800] "GET /contact062605_files/?C=D;O=A HTTP/1.1" 200 457 "-" "Mozilla/5.0 (compatible; BLEXBot/1.0; +http://webmeup-crawler.com/)" "linassoc.com"
157.90.209.76 - - [15/Dec/2022:14:21:37 -0800] "GET /contact062605_files/?C=M;O=A HTTP/1.1" 200 460 "-" "Mozilla/5.0 (compatible; BLEXBot/1.0; +http://webmeup-crawler.com/)" "linassoc.com"
157.90.209.76 - - [15/Dec/2022:14:21:42 -0800] "GET /contact062605_files/?C=N;O=D HTTP/1.1" 200 455 "-" "Mozilla/5.0 (compatible; BLEXBot/1.0; +http://webmeup-crawler.com/)" "linassoc.com"
157.90.209.76 - - [15/Dec/2022:14:21:45 -0800] "GET /contact062605_files/?C=S;O=A HTTP/1.1" 200 455 "-" "Mozilla/5.0 (compatible; BLEXBot/1.0; +http://webmeup-crawler.com/)" "linassoc.com"
157.90.209.76 - - [15/Dec/2022:14:21:48 -0800] "GET /contact062605_files/_private/ HTTP/1.1" 403 170 "-" "Mozilla/5.0 (compatible; BLEXBot/1.0; +http://webmeup-crawler.com/)" "linassoc.com"
157.90.209.76 - - [15/Dec/2022:14:21:52 -0800] "GET /contact062605_files/images/ HTTP/1.1" 200 332 "-" "Mozilla/5.0 (compatible; BLEXBot/1.0; +http://webmeup-crawler.com/)" "linassoc.com"
157.90.209.76 - - [15/Dec/2022:14:21:55 -0800] "GET /contact_files/?C=D;O=A HTTP/1.1" 200 458 "-" "Mozilla/5.0 (compatible; BLEXBot/1.0; +http://webmeup-crawler.com/)" "linassoc.com"
157.90.209.76 - - [15/Dec/2022:14:21:57 -0800] "GET /contact_files/?C=M;O=A HTTP/1.1" 200 459 "-" "Mozilla/5.0 (compatible; BLEXBot/1.0; +http://webmeup-crawler.com/)" "linassoc.com"
157.90.209.76 - - [15/Dec/2022:14:22:00 -0800] "GET /contact_files/?C=N;O=D HTTP/1.1" 200 454 "-" "Mozilla/5.0 (compatible; BLEXBot/1.0; +http://webmeup-crawler.com/)" "linassoc.com"
157.90.209.76 - - [15/Dec/2022:14:22:03 -0800] "GET /contact_files/?C=S;O=A HTTP/1.1" 200 455 "-" "Mozilla/5.0 (compatible; BLEXBot/1.0; +http://webmeup-crawler.com/)" "linassoc.com"
157.90.209.76 - - [15/Dec/2022:14:22:07 -0800] "GET /contact_files/_private/ HTTP/1.1" 403 170 "-" "Mozilla/5.0 (compatible; BLEXBot/1.0; +http://webmeup-crawler.com/)" "linassoc.com"
157.90.209.76 - - [15/Dec/2022:14:22:11 -0800] "GET /contact_files/images/ HTTP/1.1" 200 324 "-" "Mozilla/5.0 (compatible; BLEXBot/1.0; +http://webmeup-crawler.com/)" "linassoc.com"
157.90.209.76 - - [15/Dec/2022:14:22:14 -0800] "GET /images/?C=D;O=A HTTP/1.1" 200 973 "-" "Mozilla/5.0 (compatible; BLEXBot/1.0; +http://webmeup-crawler.com/)" "linassoc.com"
157.90.209.76 - - [15/Dec/2022:14:22:17 -0800] "GET /images/?C=M;O=A HTTP/1.1" 200 969 "-" "Mozilla/5.0 (compatible; BLEXBot/1.0; +http://webmeup-crawler.com/)" "linassoc.com"
157.90.209.76 - - [15/Dec/2022:14:22:22 -0800] "GET /images/?C=N;O=D HTTP/1.1" 200 962 "-" "Mozilla/5.0 (compatible; BLEXBot/1.0; +http://webmeup-crawler.com/)" "linassoc.com"
157.90.209.76 - - [15/Dec/2022:14:22:26 -0800] "GET /images/?C=S;O=A HTTP/1.1" 200 960 "-" "Mozilla/5.0 (compatible; BLEXBot/1.0; +http://webmeup-crawler.com/)" "linassoc.com"
157.90.209.76 - - [15/Dec/2022:14:22:30 -0800] "GET /images/_private/ HTTP/1.1" 403 170 "-" "Mozilla/5.0 (compatible; BLEXBot/1.0; +http://webmeup-crawler.com/)" "linassoc.com"
157.90.209.76 - - [15/Dec/2022:14:22:37 -0800] "GET /images/images/ HTTP/1.1" 200 315 "-" "Mozilla/5.0 (compatible; BLEXBot/1.0; +http://webmeup-crawler.com/)" "linassoc.com"
157.90.209.76 - - [15/Dec/2022:14:22:42 -0800] "GET /index062605_files/?C=D;O=A HTTP/1.1" 200 322 "-" "Mozilla/5.0 (compatible; BLEXBot/1.0; +http://webmeup-crawler.com/)" "linassoc.com"
157.90.209.76 - - [15/Dec/2022:14:22:47 -0800] "GET /index062605_files/?C=M;O=A HTTP/1.1" 200 321 "-" "Mozilla/5.0 (compatible; BLEXBot/1.0; +http://webmeup-crawler.com/)" "linassoc.com"
157.90.209.76 - - [15/Dec/2022:14:22:51 -0800] "GET /index062605_files/?C=N;O=D HTTP/1.1" 200 320 "-" "Mozilla/5.0 (compatible; BLEXBot/1.0; +http://webmeup-crawler.com/)" "linassoc.com"
157.90.209.76 - - [15/Dec/2022:14:22:55 -0800] "GET /index062605_files/?C=S;O=A HTTP/1.1" 200 321 "-" "Mozilla/5.0 (compatible; BLEXBot/1.0; +http://webmeup-crawler.com/)" "linassoc.com"
157.90.209.76 - - [15/Dec/2022:14:23:03 -0800] "GET /index073005_files/?C=D;O=A HTTP/1.1" 200 466 "-" "Mozilla/5.0 (compatible; BLEXBot/1.0; +http://webmeup-crawler.com/)" "linassoc.com"
157.90.209.76 - - [15/Dec/2022:14:23:08 -0800] "GET /index073005_files/?C=M;O=A HTTP/1.1" 200 470 "-" "Mozilla/5.0 (compatible; BLEXBot/1.0; +http://webmeup-crawler.com/)" "linassoc.com"
157.90.209.76 - - [15/Dec/2022:14:23:12 -0800] "GET /index073005_files/?C=N;O=D HTTP/1.1" 200 464 "-" "Mozilla/5.0 (compatible; BLEXBot/1.0; +http://webmeup-crawler.com/)" "linassoc.com"
157.90.209.76 - - [15/Dec/2022:14:23:17 -0800] "GET /index073005_files/?C=S;O=A HTTP/1.1" 200 466 "-" "Mozilla/5.0 (compatible; BLEXBot/1.0; +http://webmeup-crawler.com/)" "linassoc.com"
157.90.209.76 - - [15/Dec/2022:14:23:21 -0800] "GET /index073005_files/_private/ HTTP/1.1" 403 170 "-" "Mozilla/5.0 (compatible; BLEXBot/1.0; +http://webmeup-crawler.com/)" "linassoc.com"
157.90.209.76 - - [15/Dec/2022:14:23:25 -0800] "GET /index073005_files/images/ HTTP/1.1" 200 330 "-" "Mozilla/5.0 (compatible; BLEXBot/1.0; +http://webmeup-crawler.com/)" "linassoc.com"
157.90.209.76 - - [15/Dec/2022:14:23:28 -0800] "GET /index2_files/?C=D;O=A HTTP/1.1" 200 315 "-" "Mozilla/5.0 (compatible; BLEXBot/1.0; +http://webmeup-crawler.com/)" "linassoc.com"
157.90.209.76 - - [15/Dec/2022:14:23:31 -0800] "GET /index2_files/?C=M;O=A HTTP/1.1" 200 314 "-" "Mozilla/5.0 (compatible; BLEXBot/1.0; +http://webmeup-crawler.com/)" "linassoc.com"
157.90.209.76 - - [15/Dec/2022:14:23:34 -0800] "GET /index2_files/?C=N;O=D HTTP/1.1" 200 313 "-" "Mozilla/5.0 (compatible; BLEXBot/1.0; +http://webmeup-crawler.com/)" "linassoc.com"
157.90.209.76 - - [15/Dec/2022:14:23:38 -0800] "GET /index2_files/?C=S;O=A HTTP/1.1" 200 314 "-" "Mozilla/5.0 (compatible; BLEXBot/1.0; +http://webmeup-crawler.com/)" "linassoc.com"
157.90.209.76 - - [15/Dec/2022:14:23:43 -0800] "GET /index_files/?C=D;O=A HTTP/1.1" 200 314 "-" "Mozilla/5.0 (compatible; BLEXBot/1.0; +http://webmeup-crawler.com/)" "linassoc.com"
157.90.209.76 - - [15/Dec/2022:14:23:48 -0800] "GET /index_files/?C=M;O=A HTTP/1.1" 200 314 "-" "Mozilla/5.0 (compatible; BLEXBot/1.0; +http://webmeup-crawler.com/)" "linassoc.com"
157.90.209.76 - - [15/Dec/2022:14:23:52 -0800] "GET /index_files/?C=N;O=D HTTP/1.1" 200 313 "-" "Mozilla/5.0 (compatible; BLEXBot/1.0; +http://webmeup-crawler.com/)" "linassoc.com"
157.90.209.76 - - [15/Dec/2022:14:23:56 -0800] "GET /index_files/?C=S;O=A HTTP/1.1" 200 315 "-" "Mozilla/5.0 (compatible; BLEXBot/1.0; +http://webmeup-crawler.com/)" "linassoc.com"
157.90.209.76 - - [15/Dec/2022:14:23:59 -0800] "GET /linassoc072205/?C=D;O=A HTTP/1.1" 200 381 "-" "Mozilla/5.0 (compatible; BLEXBot/1.0; +http://webmeup-crawler.com/)" "linassoc.com"
157.90.209.76 - - [15/Dec/2022:14:24:03 -0800] "GET /linassoc072205/?C=M;O=A HTTP/1.1" 200 383 "-" "Mozilla/5.0 (compatible; BLEXBot/1.0; +http://webmeup-crawler.com/)" "linassoc.com"
157.90.209.76 - - [15/Dec/2022:14:24:05 -0800] "GET /linassoc072205/?C=N;O=D HTTP/1.1" 200 380 "-" "Mozilla/5.0 (compatible; BLEXBot/1.0; +http://webmeup-crawler.com/)" "linassoc.com"
157.90.209.76 - - [15/Dec/2022:14:24:10 -0800] "GET /linassoc072205/?C=S;O=A HTTP/1.1" 200 382 "-" "Mozilla/5.0 (compatible; BLEXBot/1.0; +http://webmeup-crawler.com/)" "linassoc.com"
157.90.209.76 - - [15/Dec/2022:14:24:13 -0800] "GET /linassoc072205/profile062605_files/ HTTP/1.1" 200 439 "-" "Mozilla/5.0 (compatible; BLEXBot/1.0; +http://webmeup-crawler.com/)" "linassoc.com"
157.90.209.76 - - [15/Dec/2022:14:24:16 -0800] "GET /linassoc072205/profile_files/ HTTP/1.1" 200 446 "-" "Mozilla/5.0 (compatible; BLEXBot/1.0; +http://webmeup-crawler.com/)" "linassoc.com"
157.90.209.76 - - [15/Dec/2022:14:24:19 -0800] "GET /media/?C=D;O=A HTTP/1.1" 200 369 "-" "Mozilla/5.0 (compatible; BLEXBot/1.0; +http://webmeup-crawler.com/)" "linassoc.com"
157.90.209.76 - - [15/Dec/2022:14:24:23 -0800] "GET /media/?C=M;O=A HTTP/1.1" 200 369 "-" "Mozilla/5.0 (compatible; BLEXBot/1.0; +http://webmeup-crawler.com/)" "linassoc.com"
157.90.209.76 - - [15/Dec/2022:14:24:28 -0800] "GET /media/?C=N;O=D HTTP/1.1" 200 366 "-" "Mozilla/5.0 (compatible; BLEXBot/1.0; +http://webmeup-crawler.com/)" "linassoc.com"
157.90.209.76 - - [15/Dec/2022:14:24:32 -0800] "GET /media/?C=S;O=A HTTP/1.1" 200 369 "-" "Mozilla/5.0 (compatible; BLEXBot/1.0; +http://webmeup-crawler.com/)" "linassoc.com"
157.90.209.76 - - [15/Dec/2022:14:24:37 -0800] "GET /navigation_bars/?C=D;O=A HTTP/1.1" 200 370 "-" "Mozilla/5.0 (compatible; BLEXBot/1.0; +http://webmeup-crawler.com/)" "linassoc.com"
157.90.209.76 - - [15/Dec/2022:14:24:41 -0800] "GET /navigation_bars/?C=M;O=A HTTP/1.1" 200 370 "-" "Mozilla/5.0 (compatible; BLEXBot/1.0; +http://webmeup-crawler.com/)" "linassoc.com"
157.90.209.76 - - [15/Dec/2022:14:24:45 -0800] "GET /navigation_bars/?C=N;O=D HTTP/1.1" 200 368 "-" "Mozilla/5.0 (compatible; BLEXBot/1.0; +http://webmeup-crawler.com/)" "linassoc.com"
157.90.209.76 - - [15/Dec/2022:14:24:48 -0800] "GET /navigation_bars/?C=S;O=A HTTP/1.1" 200 370 "-" "Mozilla/5.0 (compatible; BLEXBot/1.0; +http://webmeup-crawler.com/)" "linassoc.com"
157.90.209.76 - - [15/Dec/2022:14:24:51 -0800] "GET /profile062605_files/?C=D;O=A HTTP/1.1" 200 457 "-" "Mozilla/5.0 (compatible; BLEXBot/1.0; +http://webmeup-crawler.com/)" "linassoc.com"
157.90.209.76 - - [15/Dec/2022:14:24:54 -0800] "GET /profile062605_files/?C=M;O=A HTTP/1.1" 200 459 "-" "Mozilla/5.0 (compatible; BLEXBot/1.0; +http://webmeup-crawler.com/)" "linassoc.com"
157.90.209.76 - - [15/Dec/2022:14:24:57 -0800] "GET /profile062605_files/?C=N;O=D HTTP/1.1" 200 455 "-" "Mozilla/5.0 (compatible; BLEXBot/1.0; +http://webmeup-crawler.com/)" "linassoc.com"
157.90.209.76 - - [15/Dec/2022:14:24:59 -0800] "GET /profile062605_files/?C=S;O=A HTTP/1.1" 200 455 "-" "Mozilla/5.0 (compatible; BLEXBot/1.0; +http://webmeup-crawler.com/)" "linassoc.com"
157.90.209.76 - - [15/Dec/2022:14:25:02 -0800] "GET /profile062605_files/_private/ HTTP/1.1" 403 170 "-" "Mozilla/5.0 (compatible; BLEXBot/1.0; +http://webmeup-crawler.com/)" "linassoc.com"
157.90.209.76 - - [15/Dec/2022:14:25:06 -0800] "GET /profile062605_files/images/ HTTP/1.1" 200 332 "-" "Mozilla/5.0 (compatible; BLEXBot/1.0; +http://webmeup-crawler.com/)" "linassoc.com"
157.90.209.76 - - [15/Dec/2022:14:25:09 -0800] "GET /profile_files/?C=D;O=A HTTP/1.1" 200 457 "-" "Mozilla/5.0 (compatible; BLEXBot/1.0; +http://webmeup-crawler.com/)" "linassoc.com"
157.90.209.76 - - [15/Dec/2022:14:25:12 -0800] "GET /profile_files/?C=M;O=A HTTP/1.1" 200 458 "-" "Mozilla/5.0 (compatible; BLEXBot/1.0; +http://webmeup-crawler.com/)" "linassoc.com"
157.90.209.76 - - [15/Dec/2022:14:25:14 -0800] "GET /profile_files/?C=N;O=D HTTP/1.1" 200 453 "-" "Mozilla/5.0 (compatible; BLEXBot/1.0; +http://webmeup-crawler.com/)" "linassoc.com"
157.90.209.76 - - [15/Dec/2022:14:25:17 -0800] "GET /profile_files/?C=S;O=A HTTP/1.1" 200 454 "-" "Mozilla/5.0 (compatible; BLEXBot/1.0; +http://webmeup-crawler.com/)" "linassoc.com"
157.90.209.76 - - [15/Dec/2022:14:25:21 -0800] "GET /profile_files/_private/ HTTP/1.1" 403 170 "-" "Mozilla/5.0 (compatible; BLEXBot/1.0; +http://webmeup-crawler.com/)" "linassoc.com"
157.90.209.76 - - [15/Dec/2022:14:25:26 -0800] "GET /profile_files/images/ HTTP/1.1" 200 323 "-" "Mozilla/5.0 (compatible; BLEXBot/1.0; +http://webmeup-crawler.com/)" "linassoc.com"
118.184.177.66 - - [15/Dec/2022:14:27:11 -0800] "GET / HTTP/1.1" 200 779 "-" "Sogou web spider/4.0(+http://www.sogou.com/docs/help/webmasters.htm#07)" "linassoc.com"
185.191.171.6 - - [15/Dec/2022:16:06:09 -0800] "GET /robots.txt HTTP/1.1" 404 88 "-" "Mozilla/5.0 (compatible; SemrushBot/7~bl; +http://www.semrush.com/bot.html)" "www.linassoc.com"
185.191.171.37 - - [15/Dec/2022:16:06:09 -0800] "GET /images/ HTTP/1.1" 200 973 "-" "Mozilla/5.0 (compatible; SemrushBot/7~bl; +http://www.semrush.com/bot.html)" "www.linassoc.com"
123.183.224.87 - - [15/Dec/2022:16:11:03 -0800] "GET / HTTP/1.1" 200 779 "-" "Sogou web spider/4.0(+http://www.sogou.com/docs/help/webmasters.htm#07)" "www.linassoc.com"
216.244.66.245 - - [15/Dec/2022:16:20:51 -0800] "GET /robots.txt HTTP/1.1" 404 73 "-" "Mozilla/5.0 (compatible; DotBot/1.2; +https://opensiteexplorer.org/dotbot; help@moz.com)" "linassoc.com"
216.244.66.245 - - [15/Dec/2022:16:20:51 -0800] "GET /robots.txt HTTP/1.1" 404 73 "-" "Mozilla/5.0 (compatible; DotBot/1.2; +https://opensiteexplorer.org/dotbot; help@moz.com)" "www.linassoc.com"
114.119.141.51 - - [15/Dec/2022:16:57:55 -0800] "GET /navigation_bars/?C=S%3BO%3DA HTTP/1.1" 200 370 "http://linassoc.com/navigation_bars/?C=D%3BO%3DA" "Mozilla/5.0 (Linux; Android 7.0;) AppleWebKit/537.36 (KHTML, like Gecko) Mobile Safari/537.36 (compatible; PetalBot;+https://webmaster.petalsearch.com/site/petalbot)" "linassoc.com"
