51.91.253.126 - - [07/Dec/2022:19:17:24 -0800] "GET /_themes/images/?C=M;O=D HTTP/1.1" 200 317 "-" "Mozilla/5.0 (compatible; MJ12bot/v1.4.8; http://mj12bot.com/)" "www.linassoc.com"
51.91.253.126 - - [07/Dec/2022:19:17:27 -0800] "GET /_themes/images/?C=N;O=A HTTP/1.1" 200 319 "-" "Mozilla/5.0 (compatible; MJ12bot/v1.4.8; http://mj12bot.com/)" "www.linassoc.com"
51.91.253.126 - - [07/Dec/2022:19:17:31 -0800] "GET /_themes/water/ HTTP/1.1" 200 907 "-" "Mozilla/5.0 (compatible; MJ12bot/v1.4.8; http://mj12bot.com/)" "www.linassoc.com"
51.91.253.126 - - [07/Dec/2022:19:17:35 -0800] "GET /_themes/water/?C=D;O=D HTTP/1.1" 200 927 "-" "Mozilla/5.0 (compatible; MJ12bot/v1.4.8; http://mj12bot.com/)" "www.linassoc.com"
51.91.253.126 - - [07/Dec/2022:19:17:37 -0800] "GET /_themes/water/?C=N;O=A HTTP/1.1" 200 907 "-" "Mozilla/5.0 (compatible; MJ12bot/v1.4.8; http://mj12bot.com/)" "www.linassoc.com"
51.91.253.126 - - [07/Dec/2022:19:17:41 -0800] "GET /_themes/water/?C=S;O=D HTTP/1.1" 200 910 "-" "Mozilla/5.0 (compatible; MJ12bot/v1.4.8; http://mj12bot.com/)" "www.linassoc.com"
51.91.253.126 - - [07/Dec/2022:19:17:43 -0800] "GET /contact062605_files/?C=D;O=A HTTP/1.1" 200 457 "-" "Mozilla/5.0 (compatible; MJ12bot/v1.4.8; http://mj12bot.com/)" "www.linassoc.com"
51.91.253.126 - - [07/Dec/2022:19:17:46 -0800] "GET /contact062605_files/?C=M;O=A HTTP/1.1" 200 460 "-" "Mozilla/5.0 (compatible; MJ12bot/v1.4.8; http://mj12bot.com/)" "www.linassoc.com"
51.91.253.126 - - [07/Dec/2022:19:17:48 -0800] "GET /contact062605_files/?C=N;O=D HTTP/1.1" 200 455 "-" "Mozilla/5.0 (compatible; MJ12bot/v1.4.8; http://mj12bot.com/)" "www.linassoc.com"
51.91.253.126 - - [07/Dec/2022:19:17:53 -0800] "GET /contact062605_files/?C=S;O=A HTTP/1.1" 200 455 "-" "Mozilla/5.0 (compatible; MJ12bot/v1.4.8; http://mj12bot.com/)" "www.linassoc.com"
51.91.253.126 - - [07/Dec/2022:19:17:55 -0800] "GET /contact062605_files/filelist.xml HTTP/1.1" 200 145 "-" "Mozilla/5.0 (compatible; MJ12bot/v1.4.8; http://mj12bot.com/)" "www.linassoc.com"
51.91.253.126 - - [07/Dec/2022:19:17:57 -0800] "GET /contact062605_files/images/ HTTP/1.1" 200 332 "-" "Mozilla/5.0 (compatible; MJ12bot/v1.4.8; http://mj12bot.com/)" "www.linassoc.com"
51.91.253.126 - - [07/Dec/2022:19:18:00 -0800] "GET /contact062605_files/images/?C=D;O=D HTTP/1.1" 200 331 "-" "Mozilla/5.0 (compatible; MJ12bot/v1.4.8; http://mj12bot.com/)" "www.linassoc.com"
51.91.253.126 - - [07/Dec/2022:19:18:02 -0800] "GET /contact062605_files/images/?C=M;O=D HTTP/1.1" 200 331 "-" "Mozilla/5.0 (compatible; MJ12bot/v1.4.8; http://mj12bot.com/)" "www.linassoc.com"
51.91.253.126 - - [07/Dec/2022:19:18:05 -0800] "GET /contact062605_files/images/?C=N;O=A HTTP/1.1" 200 332 "-" "Mozilla/5.0 (compatible; MJ12bot/v1.4.8; http://mj12bot.com/)" "www.linassoc.com"
51.91.253.126 - - [07/Dec/2022:19:18:08 -0800] "GET /contact062605_files/images/?C=S;O=D HTTP/1.1" 200 331 "-" "Mozilla/5.0 (compatible; MJ12bot/v1.4.8; http://mj12bot.com/)" "www.linassoc.com"
51.91.253.126 - - [07/Dec/2022:19:18:10 -0800] "GET /contact_files/?C=D;O=A HTTP/1.1" 200 458 "-" "Mozilla/5.0 (compatible; MJ12bot/v1.4.8; http://mj12bot.com/)" "www.linassoc.com"
51.91.253.126 - - [07/Dec/2022:19:18:12 -0800] "GET /contact_files/?C=M;O=A HTTP/1.1" 200 459 "-" "Mozilla/5.0 (compatible; MJ12bot/v1.4.8; http://mj12bot.com/)" "www.linassoc.com"
51.91.253.126 - - [07/Dec/2022:19:18:16 -0800] "GET /contact_files/?C=N;O=D HTTP/1.1" 200 454 "-" "Mozilla/5.0 (compatible; MJ12bot/v1.4.8; http://mj12bot.com/)" "www.linassoc.com"
51.91.253.126 - - [07/Dec/2022:19:18:18 -0800] "GET /contact_files/?C=S;O=A HTTP/1.1" 200 455 "-" "Mozilla/5.0 (compatible; MJ12bot/v1.4.8; http://mj12bot.com/)" "www.linassoc.com"
51.91.253.126 - - [07/Dec/2022:19:18:21 -0800] "GET /contact_files/filelist.xml HTTP/1.1" 200 138 "-" "Mozilla/5.0 (compatible; MJ12bot/v1.4.8; http://mj12bot.com/)" "www.linassoc.com"
51.91.253.126 - - [07/Dec/2022:19:18:24 -0800] "GET /contact_files/images/ HTTP/1.1" 200 324 "-" "Mozilla/5.0 (compatible; MJ12bot/v1.4.8; http://mj12bot.com/)" "www.linassoc.com"
51.91.253.126 - - [07/Dec/2022:19:18:29 -0800] "GET /contact_files/images/?C=D;O=D HTTP/1.1" 200 322 "-" "Mozilla/5.0 (compatible; MJ12bot/v1.4.8; http://mj12bot.com/)" "www.linassoc.com"
51.91.253.126 - - [07/Dec/2022:19:18:31 -0800] "GET /contact_files/images/?C=M;O=D HTTP/1.1" 200 322 "-" "Mozilla/5.0 (compatible; MJ12bot/v1.4.8; http://mj12bot.com/)" "www.linassoc.com"
3.75.50.149 - - [07/Dec/2022:19:21:52 -0800] "GET / HTTP/1.1" 200 779 "-" "Mozilla/5.0 (X11; Linux x86_64) AppleWebKit/537.36 (KHTML, like Gecko) Chrome/102.0.5005.61 Safari/537.36" "linassoc.com"
51.91.253.126 - - [07/Dec/2022:19:46:12 -0800] "GET /contact_files/images/?C=N;O=A HTTP/1.1" 200 324 "-" "Mozilla/5.0 (compatible; MJ12bot/v1.4.8; http://mj12bot.com/)" "www.linassoc.com"
51.91.253.126 - - [07/Dec/2022:19:46:13 -0800] "GET /contact_files/images/?C=S;O=D HTTP/1.1" 200 322 "-" "Mozilla/5.0 (compatible; MJ12bot/v1.4.8; http://mj12bot.com/)" "www.linassoc.com"
51.91.253.126 - - [07/Dec/2022:19:46:15 -0800] "GET /images/?C=D;O=A HTTP/1.1" 200 973 "-" "Mozilla/5.0 (compatible; MJ12bot/v1.4.8; http://mj12bot.com/)" "www.linassoc.com"
51.91.253.126 - - [07/Dec/2022:19:46:17 -0800] "GET /images/?C=M;O=A HTTP/1.1" 200 969 "-" "Mozilla/5.0 (compatible; MJ12bot/v1.4.8; http://mj12bot.com/)" "www.linassoc.com"
51.91.253.126 - - [07/Dec/2022:19:46:20 -0800] "GET /images/?C=N;O=D HTTP/1.1" 200 962 "-" "Mozilla/5.0 (compatible; MJ12bot/v1.4.8; http://mj12bot.com/)" "www.linassoc.com"
51.91.253.126 - - [07/Dec/2022:19:46:22 -0800] "GET /images/?C=S;O=A HTTP/1.1" 200 960 "-" "Mozilla/5.0 (compatible; MJ12bot/v1.4.8; http://mj12bot.com/)" "www.linassoc.com"
51.91.253.126 - - [07/Dec/2022:19:46:24 -0800] "GET /images/images/ HTTP/1.1" 200 315 "-" "Mozilla/5.0 (compatible; MJ12bot/v1.4.8; http://mj12bot.com/)" "www.linassoc.com"
51.91.253.126 - - [07/Dec/2022:19:46:27 -0800] "GET /images/images/?C=D;O=D HTTP/1.1" 200 313 "-" "Mozilla/5.0 (compatible; MJ12bot/v1.4.8; http://mj12bot.com/)" "www.linassoc.com"
51.91.253.126 - - [07/Dec/2022:19:46:29 -0800] "GET /images/images/?C=M;O=D HTTP/1.1" 200 313 "-" "Mozilla/5.0 (compatible; MJ12bot/v1.4.8; http://mj12bot.com/)" "www.linassoc.com"
51.91.253.126 - - [07/Dec/2022:19:46:31 -0800] "GET /images/images/?C=N;O=A HTTP/1.1" 200 315 "-" "Mozilla/5.0 (compatible; MJ12bot/v1.4.8; http://mj12bot.com/)" "www.linassoc.com"
51.91.253.126 - - [07/Dec/2022:19:46:32 -0800] "GET /images/images/?C=S;O=D HTTP/1.1" 200 313 "-" "Mozilla/5.0 (compatible; MJ12bot/v1.4.8; http://mj12bot.com/)" "www.linassoc.com"
51.91.253.126 - - [07/Dec/2022:19:46:34 -0800] "GET /index073005_files/?C=D;O=A HTTP/1.1" 200 466 "-" "Mozilla/5.0 (compatible; MJ12bot/v1.4.8; http://mj12bot.com/)" "www.linassoc.com"
51.91.253.126 - - [07/Dec/2022:19:46:37 -0800] "GET /index073005_files/?C=M;O=A HTTP/1.1" 200 470 "-" "Mozilla/5.0 (compatible; MJ12bot/v1.4.8; http://mj12bot.com/)" "www.linassoc.com"
51.91.253.126 - - [07/Dec/2022:19:46:38 -0800] "GET /index073005_files/?C=N;O=D HTTP/1.1" 200 464 "-" "Mozilla/5.0 (compatible; MJ12bot/v1.4.8; http://mj12bot.com/)" "www.linassoc.com"
51.91.253.126 - - [07/Dec/2022:19:46:43 -0800] "GET /index073005_files/?C=S;O=A HTTP/1.1" 200 466 "-" "Mozilla/5.0 (compatible; MJ12bot/v1.4.8; http://mj12bot.com/)" "www.linassoc.com"
51.91.253.126 - - [07/Dec/2022:19:46:47 -0800] "GET /index073005_files/filelist.xml HTTP/1.1" 200 147 "-" "Mozilla/5.0 (compatible; MJ12bot/v1.4.8; http://mj12bot.com/)" "www.linassoc.com"
51.91.253.126 - - [07/Dec/2022:19:46:50 -0800] "GET /index073005_files/images/ HTTP/1.1" 200 330 "-" "Mozilla/5.0 (compatible; MJ12bot/v1.4.8; http://mj12bot.com/)" "www.linassoc.com"
51.91.253.126 - - [07/Dec/2022:19:46:52 -0800] "GET /index073005_files/images/?C=D;O=D HTTP/1.1" 200 328 "-" "Mozilla/5.0 (compatible; MJ12bot/v1.4.8; http://mj12bot.com/)" "www.linassoc.com"
51.91.253.126 - - [07/Dec/2022:19:46:57 -0800] "GET /index073005_files/images/?C=M;O=D HTTP/1.1" 200 328 "-" "Mozilla/5.0 (compatible; MJ12bot/v1.4.8; http://mj12bot.com/)" "www.linassoc.com"
51.91.253.126 - - [07/Dec/2022:19:47:00 -0800] "GET /index073005_files/images/?C=N;O=A HTTP/1.1" 200 330 "-" "Mozilla/5.0 (compatible; MJ12bot/v1.4.8; http://mj12bot.com/)" "www.linassoc.com"
51.91.253.126 - - [07/Dec/2022:19:47:04 -0800] "GET /index073005_files/images/?C=S;O=D HTTP/1.1" 200 328 "-" "Mozilla/5.0 (compatible; MJ12bot/v1.4.8; http://mj12bot.com/)" "www.linassoc.com"
51.91.253.126 - - [07/Dec/2022:19:47:08 -0800] "GET /linassoc072205/?C=D;O=A HTTP/1.1" 200 381 "-" "Mozilla/5.0 (compatible; MJ12bot/v1.4.8; http://mj12bot.com/)" "www.linassoc.com"
51.91.253.126 - - [07/Dec/2022:19:47:12 -0800] "GET /linassoc072205/?C=M;O=A HTTP/1.1" 200 383 "-" "Mozilla/5.0 (compatible; MJ12bot/v1.4.8; http://mj12bot.com/)" "www.linassoc.com"
51.91.253.126 - - [07/Dec/2022:19:47:14 -0800] "GET /linassoc072205/?C=N;O=D HTTP/1.1" 200 380 "-" "Mozilla/5.0 (compatible; MJ12bot/v1.4.8; http://mj12bot.com/)" "www.linassoc.com"
51.91.253.126 - - [07/Dec/2022:19:50:09 -0800] "GET /linassoc072205/?C=S;O=A HTTP/1.1" 200 382 "-" "Mozilla/5.0 (compatible; MJ12bot/v1.4.8; http://mj12bot.com/)" "www.linassoc.com"
51.91.253.126 - - [07/Dec/2022:19:50:11 -0800] "GET /linassoc072205/profile062605_files/ HTTP/1.1" 200 439 "-" "Mozilla/5.0 (compatible; MJ12bot/v1.4.8; http://mj12bot.com/)" "www.linassoc.com"
51.91.253.126 - - [07/Dec/2022:19:50:13 -0800] "GET /linassoc072205/profile062605_files/?C=D;O=D HTTP/1.1" 200 438 "-" "Mozilla/5.0 (compatible; MJ12bot/v1.4.8; http://mj12bot.com/)" "www.linassoc.com"
51.91.253.126 - - [07/Dec/2022:19:50:16 -0800] "GET /linassoc072205/profile062605_files/?C=M;O=D HTTP/1.1" 200 438 "-" "Mozilla/5.0 (compatible; MJ12bot/v1.4.8; http://mj12bot.com/)" "www.linassoc.com"
51.91.253.126 - - [07/Dec/2022:19:50:17 -0800] "GET /linassoc072205/profile062605_files/?C=N;O=A HTTP/1.1" 200 439 "-" "Mozilla/5.0 (compatible; MJ12bot/v1.4.8; http://mj12bot.com/)" "www.linassoc.com"
51.91.253.126 - - [07/Dec/2022:19:50:19 -0800] "GET /linassoc072205/profile062605_files/?C=S;O=D HTTP/1.1" 200 438 "-" "Mozilla/5.0 (compatible; MJ12bot/v1.4.8; http://mj12bot.com/)" "www.linassoc.com"
51.91.253.126 - - [07/Dec/2022:19:50:21 -0800] "GET /linassoc072205/profile_files/ HTTP/1.1" 200 446 "-" "Mozilla/5.0 (compatible; MJ12bot/v1.4.8; http://mj12bot.com/)" "www.linassoc.com"
51.91.253.126 - - [07/Dec/2022:19:50:23 -0800] "GET /linassoc072205/profile_files/?C=D;O=D HTTP/1.1" 200 444 "-" "Mozilla/5.0 (compatible; MJ12bot/v1.4.8; http://mj12bot.com/)" "www.linassoc.com"
51.91.253.126 - - [07/Dec/2022:19:50:26 -0800] "GET /linassoc072205/profile_files/?C=M;O=D HTTP/1.1" 200 444 "-" "Mozilla/5.0 (compatible; MJ12bot/v1.4.8; http://mj12bot.com/)" "www.linassoc.com"
51.91.253.126 - - [07/Dec/2022:19:50:28 -0800] "GET /linassoc072205/profile_files/?C=N;O=A HTTP/1.1" 200 446 "-" "Mozilla/5.0 (compatible; MJ12bot/v1.4.8; http://mj12bot.com/)" "www.linassoc.com"
51.91.253.126 - - [07/Dec/2022:19:50:31 -0800] "GET /linassoc072205/profile_files/?C=S;O=D HTTP/1.1" 200 448 "-" "Mozilla/5.0 (compatible; MJ12bot/v1.4.8; http://mj12bot.com/)" "www.linassoc.com"
51.91.253.126 - - [07/Dec/2022:19:50:33 -0800] "GET /profile062605_files/?C=D;O=A HTTP/1.1" 200 457 "-" "Mozilla/5.0 (compatible; MJ12bot/v1.4.8; http://mj12bot.com/)" "www.linassoc.com"
51.91.253.126 - - [07/Dec/2022:19:50:38 -0800] "GET /profile062605_files/?C=M;O=A HTTP/1.1" 200 459 "-" "Mozilla/5.0 (compatible; MJ12bot/v1.4.8; http://mj12bot.com/)" "www.linassoc.com"
51.91.253.126 - - [07/Dec/2022:19:50:40 -0800] "GET /profile062605_files/?C=N;O=D HTTP/1.1" 200 455 "-" "Mozilla/5.0 (compatible; MJ12bot/v1.4.8; http://mj12bot.com/)" "www.linassoc.com"
51.91.253.126 - - [07/Dec/2022:19:50:43 -0800] "GET /profile062605_files/?C=S;O=A HTTP/1.1" 200 455 "-" "Mozilla/5.0 (compatible; MJ12bot/v1.4.8; http://mj12bot.com/)" "www.linassoc.com"
51.91.253.126 - - [07/Dec/2022:19:50:46 -0800] "GET /profile062605_files/filelist.xml HTTP/1.1" 200 138 "-" "Mozilla/5.0 (compatible; MJ12bot/v1.4.8; http://mj12bot.com/)" "www.linassoc.com"
51.91.253.126 - - [07/Dec/2022:19:50:48 -0800] "GET /profile062605_files/images/ HTTP/1.1" 200 332 "-" "Mozilla/5.0 (compatible; MJ12bot/v1.4.8; http://mj12bot.com/)" "www.linassoc.com"
51.91.253.126 - - [07/Dec/2022:19:50:53 -0800] "GET /profile062605_files/images/?C=M;O=D HTTP/1.1" 200 330 "-" "Mozilla/5.0 (compatible; MJ12bot/v1.4.8; http://mj12bot.com/)" "www.linassoc.com"
51.91.253.126 - - [07/Dec/2022:19:51:00 -0800] "GET /profile062605_files/images/?C=N;O=A HTTP/1.1" 200 332 "-" "Mozilla/5.0 (compatible; MJ12bot/v1.4.8; http://mj12bot.com/)" "www.linassoc.com"
51.91.253.126 - - [07/Dec/2022:19:51:04 -0800] "GET /profile062605_files/images/?C=S;O=D HTTP/1.1" 200 330 "-" "Mozilla/5.0 (compatible; MJ12bot/v1.4.8; http://mj12bot.com/)" "www.linassoc.com"
51.91.253.126 - - [07/Dec/2022:19:51:08 -0800] "GET /profile_files/?C=D;O=A HTTP/1.1" 200 457 "-" "Mozilla/5.0 (compatible; MJ12bot/v1.4.8; http://mj12bot.com/)" "www.linassoc.com"
51.91.253.126 - - [07/Dec/2022:19:51:15 -0800] "GET /profile_files/?C=M;O=A HTTP/1.1" 200 458 "-" "Mozilla/5.0 (compatible; MJ12bot/v1.4.8; http://mj12bot.com/)" "www.linassoc.com"
51.91.253.126 - - [07/Dec/2022:19:51:20 -0800] "GET /profile_files/?C=N;O=D HTTP/1.1" 200 453 "-" "Mozilla/5.0 (compatible; MJ12bot/v1.4.8; http://mj12bot.com/)" "www.linassoc.com"
51.91.253.126 - - [07/Dec/2022:19:51:26 -0800] "GET /profile_files/?C=S;O=A HTTP/1.1" 200 454 "-" "Mozilla/5.0 (compatible; MJ12bot/v1.4.8; http://mj12bot.com/)" "www.linassoc.com"
51.91.253.126 - - [07/Dec/2022:19:51:30 -0800] "GET /profile_files/filelist.xml HTTP/1.1" 200 138 "-" "Mozilla/5.0 (compatible; MJ12bot/v1.4.8; http://mj12bot.com/)" "www.linassoc.com"
51.91.253.126 - - [07/Dec/2022:19:51:42 -0800] "GET /profile_files/images/ HTTP/1.1" 200 323 "-" "Mozilla/5.0 (compatible; MJ12bot/v1.4.8; http://mj12bot.com/)" "www.linassoc.com"
51.91.253.126 - - [07/Dec/2022:19:51:48 -0800] "GET /profile_files/images/?C=M;O=D HTTP/1.1" 200 321 "-" "Mozilla/5.0 (compatible; MJ12bot/v1.4.8; http://mj12bot.com/)" "www.linassoc.com"
51.91.253.126 - - [07/Dec/2022:19:51:52 -0800] "GET /profile_files/images/?C=N;O=A HTTP/1.1" 200 323 "-" "Mozilla/5.0 (compatible; MJ12bot/v1.4.8; http://mj12bot.com/)" "www.linassoc.com"
51.91.253.126 - - [07/Dec/2022:19:51:58 -0800] "GET /profile_files/images/?C=S;O=D HTTP/1.1" 200 321 "-" "Mozilla/5.0 (compatible; MJ12bot/v1.4.8; http://mj12bot.com/)" "www.linassoc.com"
3.234.212.242 - - [07/Dec/2022:19:54:31 -0800] "GET /robots.txt HTTP/1.1" 404 73 "-" "Mozilla/5.0 (X11; Linux x86_64) AppleWebKit/537.36 (KHTML, like Gecko) Chrome/94.0.4606.81 Safari/537.36" "linassoc.com"
3.234.212.242 - - [07/Dec/2022:19:54:31 -0800] "GET /contact_files/ HTTP/1.1" 200 1169 "-" "Mozilla/5.0 (X11; Linux x86_64) AppleWebKit/537.36 (KHTML, like Gecko) Chrome/94.0.4606.81 Safari/537.36" "linassoc.com"
3.234.212.242 - - [07/Dec/2022:19:58:04 -0800] "GET /contact062605_files/ HTTP/1.1" 200 1181 "-" "Mozilla/5.0 (X11; Linux x86_64) AppleWebKit/537.36 (KHTML, like Gecko) Chrome/94.0.4606.81 Safari/537.36" "linassoc.com"
114.119.137.195 - - [07/Dec/2022:20:38:46 -0800] "GET /profile062605_files/ HTTP/1.1" 200 457 "http://linassoc.com/profile062605_files/images/?C=N%3BO%3DD" "Mozilla/5.0 (Linux; Android 7.0;) AppleWebKit/537.36 (KHTML, like Gecko) Mobile Safari/537.36 (compatible; PetalBot;+https://webmaster.petalsearch.com/site/petalbot)" "linassoc.com"
216.244.66.245 - - [07/Dec/2022:20:50:46 -0800] "GET /robots.txt HTTP/1.1" 404 73 "-" "Mozilla/5.0 (compatible; DotBot/1.2; +https://opensiteexplorer.org/dotbot; help@moz.com)" "www.linassoc.com"
216.244.66.245 - - [07/Dec/2022:20:50:46 -0800] "GET /robots.txt HTTP/1.1" 404 73 "-" "Mozilla/5.0 (compatible; DotBot/1.2; +https://opensiteexplorer.org/dotbot; help@moz.com)" "linassoc.com"
212.115.108.248 - - [07/Dec/2022:21:23:09 -0800] "GET /wp-admin/css/ HTTP/1.1" 404 88 "binance.com" "Mozilla/5.0 (Windows NT 10.0; Win64; x64) AppleWebKit/537.36 (KHTML, like Gecko) Chrome/90.0.4430.85 Safari/537.36" "linassoc.com"
212.115.108.248 - - [07/Dec/2022:21:23:10 -0800] "GET /sites/default/files/ HTTP/1.1" 404 88 "binance.com" "Mozilla/5.0 (Windows NT 10.0; Win64; x64) AppleWebKit/537.36 (KHTML, like Gecko) Chrome/90.0.4430.85 Safari/537.36" "linassoc.com"
212.115.108.248 - - [07/Dec/2022:21:23:11 -0800] "GET /admin/controller/extension/extension/ HTTP/1.1" 404 88 "binance.com" "Mozilla/5.0 (Windows NT 10.0; Win64; x64) AppleWebKit/537.36 (KHTML, like Gecko) Chrome/90.0.4430.85 Safari/537.36" "linassoc.com"
212.115.108.248 - - [07/Dec/2022:21:23:11 -0800] "GET /uploads/ HTTP/1.1" 404 88 "binance.com" "Mozilla/5.0 (Windows NT 10.0; Win64; x64) AppleWebKit/537.36 (KHTML, like Gecko) Chrome/90.0.4430.85 Safari/537.36" "linassoc.com"
212.115.108.248 - - [07/Dec/2022:21:23:11 -0800] "GET /images/ HTTP/1.1" 200 973 "binance.com" "Mozilla/5.0 (Windows NT 10.0; Win64; x64) AppleWebKit/537.36 (KHTML, like Gecko) Chrome/90.0.4430.85 Safari/537.36" "linassoc.com"
212.115.108.248 - - [07/Dec/2022:21:23:12 -0800] "GET /files/ HTTP/1.1" 404 88 "binance.com" "Mozilla/5.0 (Windows NT 10.0; Win64; x64) AppleWebKit/537.36 (KHTML, like Gecko) Chrome/90.0.4430.85 Safari/537.36" "linassoc.com"
216.244.66.245 - - [07/Dec/2022:21:37:26 -0800] "GET /robots.txt HTTP/1.1" 404 73 "-" "Mozilla/5.0 (compatible; DotBot/1.2; +https://opensiteexplorer.org/dotbot; help@moz.com)" "www.linassoc.com"
114.119.131.182 - - [07/Dec/2022:21:50:47 -0800] "GET /index_files/ HTTP/1.1" 200 314 "http://linassoc.com/" "Mozilla/5.0 (Linux; Android 7.0;) AppleWebKit/537.36 (KHTML, like Gecko) Mobile Safari/537.36 (compatible; PetalBot;+https://webmaster.petalsearch.com/site/petalbot)" "linassoc.com"
3.237.27.145 - - [07/Dec/2022:21:57:37 -0800] "GET /robots.txt HTTP/1.1" 404 73 "-" "Mozilla/5.0 (X11; Linux x86_64) AppleWebKit/537.36 (KHTML, like Gecko) Chrome/94.0.4606.81 Safari/537.36" "linassoc.com"
3.237.27.145 - - [07/Dec/2022:21:57:37 -0800] "GET /contact_files/ HTTP/1.1" 200 1169 "-" "Mozilla/5.0 (X11; Linux x86_64) AppleWebKit/537.36 (KHTML, like Gecko) Chrome/94.0.4606.81 Safari/537.36" "linassoc.com"
3.237.27.145 - - [07/Dec/2022:22:01:15 -0800] "GET /contact062605_files/ HTTP/1.1" 200 1181 "-" "Mozilla/5.0 (X11; Linux x86_64) AppleWebKit/537.36 (KHTML, like Gecko) Chrome/94.0.4606.81 Safari/537.36" "linassoc.com"
110.34.191.165 - - [07/Dec/2022:22:11:47 -0800] "GET /info.php HTTP/1.1" 404 88 "-" "Mozilla/5.0 (Windows NT 6.0) AppleWebKit/535.2 (KHTML, like Gecko) Chrome/15.0.874.120 Safari/535.2" "linassoc.com"
110.34.191.165 - - [07/Dec/2022:22:11:47 -0800] "GET /info.php HTTP/1.1" 404 88 "-" "Mozilla/5.0 (Linux; Android 9; ASUS_X00TD) AppleWebKit/537.36 (KHTML, like Gecko) Chrome/80.0.3987.132 Mobile Safari/537.36" "linassoc.com"
216.244.66.245 - - [07/Dec/2022:22:24:56 -0800] "GET /robots.txt HTTP/1.1" 404 73 "-" "Mozilla/5.0 (compatible; DotBot/1.2; +https://opensiteexplorer.org/dotbot; help@moz.com)" "linassoc.com"
216.244.66.245 - - [07/Dec/2022:22:24:56 -0800] "GET /robots.txt HTTP/1.1" 404 73 "-" "Mozilla/5.0 (compatible; DotBot/1.2; +https://opensiteexplorer.org/dotbot; help@moz.com)" "www.linassoc.com"
154.51.131.142 - - [07/Dec/2022:22:52:28 -0800] "GET / HTTP/1.1" 200 779 "-" "Mozilla/5.0 (Windows NT 10.0; Win64; x64) AppleWebKit/537.36 (KHTML, like Gecko) Chrome/79.0.3945.130 Safari/537.36" "linassoc.com"
216.244.66.245 - - [07/Dec/2022:23:13:11 -0800] "GET /robots.txt HTTP/1.1" 404 73 "-" "Mozilla/5.0 (compatible; DotBot/1.2; +https://opensiteexplorer.org/dotbot; help@moz.com)" "www.linassoc.com"
216.244.66.245 - - [07/Dec/2022:23:13:11 -0800] "GET /robots.txt HTTP/1.1" 404 73 "-" "Mozilla/5.0 (compatible; DotBot/1.2; +https://opensiteexplorer.org/dotbot; help@moz.com)" "linassoc.com"
114.119.154.118 - - [07/Dec/2022:23:26:45 -0800] "GET /_themes/blank/?C=M%3BO%3DA HTTP/1.1" 200 903 "http://linassoc.com/_themes/blank/?C=N%3BO%3DD" "Mozilla/5.0 (Linux; Android 7.0;) AppleWebKit/537.36 (KHTML, like Gecko) Mobile Safari/537.36 (compatible; PetalBot;+https://webmaster.petalsearch.com/site/petalbot)" "linassoc.com"
64.124.8.50 - - [07/Dec/2022:23:44:16 -0800] "GET /robots.txt HTTP/1.1" 404 88 "-" "Mozilla/5.0 (X11; Linux x86_64) AppleWebKit/537.36 (KHTML, like Gecko) Chrome/61.0.3163.79 Safari/537.36" "linassoc.com"
64.124.8.50 - - [07/Dec/2022:23:44:16 -0800] "GET /profile_files/_private/ HTTP/1.1" 403 170 "-" "Mozilla/5.0 (X11; Linux x86_64) AppleWebKit/537.36 (KHTML, like Gecko) Chrome/61.0.3163.79 Safari/537.36" "linassoc.com"
114.119.135.64 - - [07/Dec/2022:23:56:47 -0800] "GET /index073005_files/?C=S%3BO%3DA HTTP/1.1" 200 466 "http://linassoc.com/index073005_files/" "Mozilla/5.0 (Linux; Android 7.0;) AppleWebKit/537.36 (KHTML, like Gecko) Mobile Safari/537.36 (compatible; PetalBot;+https://webmaster.petalsearch.com/site/petalbot)" "linassoc.com"
49.7.20.74 - - [08/Dec/2022:00:17:12 -0800] "GET / HTTP/1.1" 200 779 "-" "Sogou web spider/4.0(+http://www.sogou.com/docs/help/webmasters.htm#07)" "linassoc.com"
138.246.253.24 - - [08/Dec/2022:00:24:42 -0800] "GET /robots.txt HTTP/1.1" 404 73 "-" "Mozilla/5.0 (Windows NT 10.0; Win64; x64) AppleWebKit/537.36 (KHTML, like Gecko) Chrome/103.0.5060.134 Safari/537.36" "linassoc.com"
216.244.66.245 - - [08/Dec/2022:00:43:05 -0800] "GET /robots.txt HTTP/1.1" 404 73 "-" "Mozilla/5.0 (compatible; DotBot/1.2; +https://opensiteexplorer.org/dotbot; help@moz.com)" "linassoc.com"
216.244.66.245 - - [08/Dec/2022:00:43:05 -0800] "GET /robots.txt HTTP/1.1" 404 73 "-" "Mozilla/5.0 (compatible; DotBot/1.2; +https://opensiteexplorer.org/dotbot; help@moz.com)" "www.linassoc.com"
51.222.253.17 - - [08/Dec/2022:00:48:55 -0800] "GET /linassoc072205/?C=S;O=A HTTP/1.1" 200 382 "-" "Mozilla/5.0 (compatible; AhrefsBot/7.0; +http://ahrefs.com/robot/)" "linassoc.com"
114.119.140.85 - - [08/Dec/2022:01:24:49 -0800] "GET /profile062605_files/?C=M%3BO%3DA HTTP/1.1" 200 457 "http://linassoc.com/profile062605_files/?C=S%3BO%3DA" "Mozilla/5.0 (Linux; Android 7.0;) AppleWebKit/537.36 (KHTML, like Gecko) Mobile Safari/537.36 (compatible; PetalBot;+https://webmaster.petalsearch.com/site/petalbot)" "linassoc.com"
114.119.130.57 - - [08/Dec/2022:01:26:16 -0800] "GET /_themes/water/?C=S%3BO%3DA HTTP/1.1" 200 907 "http://linassoc.com/_themes/water/?C=N%3BO%3DD" "Mozilla/5.0 (Linux; Android 7.0;) AppleWebKit/537.36 (KHTML, like Gecko) Mobile Safari/537.36 (compatible; PetalBot;+https://webmaster.petalsearch.com/site/petalbot)" "linassoc.com"
216.244.66.245 - - [08/Dec/2022:01:30:48 -0800] "GET /robots.txt HTTP/1.1" 404 73 "-" "Mozilla/5.0 (compatible; DotBot/1.2; +https://opensiteexplorer.org/dotbot; help@moz.com)" "linassoc.com"
216.244.66.245 - - [08/Dec/2022:01:30:48 -0800] "GET /robots.txt HTTP/1.1" 404 73 "-" "Mozilla/5.0 (compatible; DotBot/1.2; +https://opensiteexplorer.org/dotbot; help@moz.com)" "www.linassoc.com"
64.124.8.54 - - [08/Dec/2022:01:44:02 -0800] "GET /robots.txt HTTP/1.1" 404 88 "-" "Mozilla/5.0 (X11; Linux x86_64) AppleWebKit/537.36 (KHTML, like Gecko) Chrome/61.0.3163.79 Safari/537.36" "linassoc.com"
64.124.8.54 - - [08/Dec/2022:01:44:02 -0800] "GET /contact062605_files/_private/ HTTP/1.1" 403 170 "-" "Mozilla/5.0 (X11; Linux x86_64) AppleWebKit/537.36 (KHTML, like Gecko) Chrome/61.0.3163.79 Safari/537.36" "linassoc.com"
51.222.253.5 - - [08/Dec/2022:01:55:21 -0800] "GET /linassoc072205/?C=D;O=A HTTP/1.1" 200 381 "-" "Mozilla/5.0 (compatible; AhrefsBot/7.0; +http://ahrefs.com/robot/)" "linassoc.com"
216.244.66.245 - - [08/Dec/2022:03:04:39 -0800] "GET /robots.txt HTTP/1.1" 404 73 "-" "Mozilla/5.0 (compatible; DotBot/1.2; +https://opensiteexplorer.org/dotbot; help@moz.com)" "www.linassoc.com"
216.244.66.245 - - [08/Dec/2022:03:04:39 -0800] "GET /robots.txt HTTP/1.1" 404 73 "-" "Mozilla/5.0 (compatible; DotBot/1.2; +https://opensiteexplorer.org/dotbot; help@moz.com)" "linassoc.com"
54.36.148.187 - - [08/Dec/2022:03:35:39 -0800] "GET /robots.txt HTTP/1.1" 404 88 "-" "Mozilla/5.0 (compatible; AhrefsBot/7.0; +http://ahrefs.com/robot/)" "linassoc.com"
51.222.253.10 - - [08/Dec/2022:03:35:40 -0800] "GET /linassoc072205/?C=M;O=A HTTP/1.1" 200 383 "-" "Mozilla/5.0 (compatible; AhrefsBot/7.0; +http://ahrefs.com/robot/)" "linassoc.com"
216.244.66.245 - - [08/Dec/2022:03:52:14 -0800] "GET /robots.txt HTTP/1.1" 404 73 "-" "Mozilla/5.0 (compatible; DotBot/1.2; +https://opensiteexplorer.org/dotbot; help@moz.com)" "www.linassoc.com"
216.244.66.245 - - [08/Dec/2022:03:52:14 -0800] "GET /robots.txt HTTP/1.1" 404 73 "-" "Mozilla/5.0 (compatible; DotBot/1.2; +https://opensiteexplorer.org/dotbot; help@moz.com)" "linassoc.com"
118.184.177.65 - - [08/Dec/2022:04:13:54 -0800] "GET / HTTP/1.1" 200 779 "-" "Sogou web spider/4.0(+http://www.sogou.com/docs/help/webmasters.htm#07)" "www.linassoc.com"
51.222.253.8 - - [08/Dec/2022:04:22:36 -0800] "GET /linassoc072205/profile062605_files/ HTTP/1.1" 200 439 "-" "Mozilla/5.0 (compatible; AhrefsBot/7.0; +http://ahrefs.com/robot/)" "linassoc.com"
49.7.20.74 - - [08/Dec/2022:04:30:56 -0800] "GET / HTTP/1.1" 200 779 "-" "Sogou web spider/4.0(+http://www.sogou.com/docs/help/webmasters.htm#07)" "linassoc.com"
113.108.9.38 - - [08/Dec/2022:04:49:00 -0800] "GET / HTTP/1.1" 200 779 "-" "Mozilla/5.0 (iPhone; CPU iPhone OS 13_2_3 like Mac OS X) AppleWebKit/605.1.15 (KHTML, like Gecko) Version/13.0.3 Mobile/15E148 Safari/604.1" "linassoc.com"
51.222.253.4 - - [08/Dec/2022:05:09:34 -0800] "GET /?C=S;O=A HTTP/1.1" 200 771 "-" "Mozilla/5.0 (compatible; AhrefsBot/7.0; +http://ahrefs.com/robot/)" "linassoc.com"
216.244.66.245 - - [08/Dec/2022:05:28:42 -0800] "GET /robots.txt HTTP/1.1" 404 73 "-" "Mozilla/5.0 (compatible; DotBot/1.2; +https://opensiteexplorer.org/dotbot; help@moz.com)" "www.linassoc.com"
216.244.66.245 - - [08/Dec/2022:05:28:42 -0800] "GET /robots.txt HTTP/1.1" 404 73 "-" "Mozilla/5.0 (compatible; DotBot/1.2; +https://opensiteexplorer.org/dotbot; help@moz.com)" "linassoc.com"
54.185.142.90 - - [08/Dec/2022:05:36:46 -0800] "GET / HTTP/1.1" 200 779 "-" "Mozilla/5.0 (X11; Linux x86_64) AppleWebKit/537.36 (KHTML, like Gecko) Chrome/83.0.4103.97 Safari/537.36" "linassoc.com"
35.85.55.104 - - [08/Dec/2022:05:37:16 -0800] "GET /favicon.ico HTTP/1.1" 404 88 "-" "Mozilla/5.0 (X11; Linux x86_64) AppleWebKit/537.36 (KHTML, like Gecko) Chrome/83.0.4103.97 Safari/537.36" "linassoc.com"
35.85.55.104 - - [08/Dec/2022:05:37:20 -0800] "GET / HTTP/1.1" 200 779 "-" "Mozilla/5.0 (X11; Linux x86_64) AppleWebKit/537.36 (KHTML, like Gecko) Chrome/83.0.4103.97 Safari/537.36" "linassoc.com"
114.119.141.133 - - [08/Dec/2022:05:37:57 -0800] "GET /profile062605_files/filelist.xml HTTP/1.1" 200 138 "http://linassoc.com/profile062605_files/?C=S%3BO%3DA" "Mozilla/5.0 (Linux; Android 7.0;) AppleWebKit/537.36 (KHTML, like Gecko) Mobile Safari/537.36 (compatible; PetalBot;+https://webmaster.petalsearch.com/site/petalbot)" "linassoc.com"
34.215.70.43 - - [08/Dec/2022:05:40:38 -0800] "GET / HTTP/1.1" 200 779 "-" "Mozilla/5.0 (X11; Linux x86_64) AppleWebKit/537.36 (KHTML, like Gecko) Chrome/83.0.4103.97 Safari/537.36" "linassoc.com"
35.229.38.99 - - [08/Dec/2022:05:55:40 -0800] "GET /robots.txt HTTP/1.1" 404 88 "-" "ZoominfoBot (zoominfobot at zoominfo dot com)" "linassoc.com"
35.229.38.99 - - [08/Dec/2022:05:55:40 -0800] "GET / HTTP/1.1" 200 779 "-" "ZoominfoBot (zoominfobot at zoominfo dot com)" "linassoc.com"
35.229.38.99 - - [08/Dec/2022:06:17:44 -0800] "GET /robots.txt HTTP/1.1" 404 88 "-" "ZoominfoBot (zoominfobot at zoominfo dot com)" "www.linassoc.com"
35.229.38.99 - - [08/Dec/2022:06:17:44 -0800] "GET / HTTP/1.1" 200 779 "-" "ZoominfoBot (zoominfobot at zoominfo dot com)" "www.linassoc.com"
154.6.84.9 - - [08/Dec/2022:06:31:10 -0800] "POST / HTTP/1.1" 404 88 "-" "Mozilla/5.0 (Linux; U; Android 4.4.2; en-US; HM NOTE 1W Build/KOT49H) AppleWebKit/534.30 (KHTML, like Gecko) Version/4.0 UCBrowser/11.0.5.850 U3/0.8.0 Mobile Safari/534.30" "linassoc.com"
51.222.253.17 - - [08/Dec/2022:07:00:01 -0800] "GET /linassoc072205/profile062605_files/?C=N;O=D HTTP/1.1" 200 438 "-" "Mozilla/5.0 (compatible; AhrefsBot/7.0; +http://ahrefs.com/robot/)" "linassoc.com"
216.244.66.245 - - [08/Dec/2022:07:07:10 -0800] "GET /robots.txt HTTP/1.1" 404 73 "-" "Mozilla/5.0 (compatible; DotBot/1.2; +https://opensiteexplorer.org/dotbot; help@moz.com)" "www.linassoc.com"
208.100.26.235 - - [08/Dec/2022:07:15:05 -0800] "HEAD /core/misc/drupal.js HTTP/1.1" 404 - "-" "Mozilla/5.0 (Linux; Android 10; ONEPLUS A6003 Build/QKQ1.190716.003; wv) AppleWebKit/537.36 (KHTML, like Gecko) Version/4.0 Chrome/84.0.4147.89 Mobile Safari/537.36" "linassoc.com"
208.100.26.235 - - [08/Dec/2022:07:15:05 -0800] "HEAD /misc/drupal.js HTTP/1.1" 404 - "-" "Mozilla/5.0 (Linux; Android 10; ONEPLUS A6003 Build/QKQ1.190716.003; wv) AppleWebKit/537.36 (KHTML, like Gecko) Version/4.0 Chrome/84.0.4147.89 Mobile Safari/537.36" "linassoc.com"
216.244.66.245 - - [08/Dec/2022:07:57:19 -0800] "GET /robots.txt HTTP/1.1" 404 73 "-" "Mozilla/5.0 (compatible; DotBot/1.2; +https://opensiteexplorer.org/dotbot; help@moz.com)" "linassoc.com"
216.244.66.245 - - [08/Dec/2022:07:57:19 -0800] "GET /robots.txt HTTP/1.1" 404 73 "-" "Mozilla/5.0 (compatible; DotBot/1.2; +https://opensiteexplorer.org/dotbot; help@moz.com)" "www.linassoc.com"
64.124.8.25 - - [08/Dec/2022:08:16:52 -0800] "GET /robots.txt HTTP/1.1" 404 88 "-" "Mozilla/5.0 (X11; Linux x86_64) AppleWebKit/537.36 (KHTML, like Gecko) Chrome/61.0.3163.79 Safari/537.36" "linassoc.com"
64.124.8.25 - - [08/Dec/2022:08:16:52 -0800] "GET /navigation_bars/navbar.nav HTTP/1.1" 200 4077 "-" "Mozilla/5.0 (X11; Linux x86_64) AppleWebKit/537.36 (KHTML, like Gecko) Chrome/61.0.3163.79 Safari/537.36" "linassoc.com"
64.124.8.37 - - [08/Dec/2022:08:43:44 -0800] "GET /robots.txt HTTP/1.1" 404 88 "-" "Mozilla/5.0 (X11; Linux x86_64) AppleWebKit/537.36 (KHTML, like Gecko) Chrome/61.0.3163.79 Safari/537.36" "linassoc.com"
64.124.8.37 - - [08/Dec/2022:08:43:44 -0800] "GET /profile062605_files/_private/ HTTP/1.1" 403 170 "-" "Mozilla/5.0 (X11; Linux x86_64) AppleWebKit/537.36 (KHTML, like Gecko) Chrome/61.0.3163.79 Safari/537.36" "linassoc.com"
216.244.66.245 - - [08/Dec/2022:08:45:35 -0800] "GET /robots.txt HTTP/1.1" 404 73 "-" "Mozilla/5.0 (compatible; DotBot/1.2; +https://opensiteexplorer.org/dotbot; help@moz.com)" "linassoc.com"
216.244.66.245 - - [08/Dec/2022:08:45:35 -0800] "GET /robots.txt HTTP/1.1" 404 73 "-" "Mozilla/5.0 (compatible; DotBot/1.2; +https://opensiteexplorer.org/dotbot; help@moz.com)" "www.linassoc.com"
114.119.128.237 - - [08/Dec/2022:09:10:19 -0800] "GET /images/images/ HTTP/1.1" 200 315 "http://linassoc.com/images/" "Mozilla/5.0 (Linux; Android 7.0;) AppleWebKit/537.36 (KHTML, like Gecko) Mobile Safari/537.36 (compatible; PetalBot;+https://webmaster.petalsearch.com/site/petalbot)" "linassoc.com"
34.148.96.5 - - [08/Dec/2022:09:15:45 -0800] "GET /robots.txt HTTP/1.1" 404 88 "-" "ZoominfoBot (zoominfobot at zoominfo dot com)" "linassoc.com"
34.148.96.5 - - [08/Dec/2022:09:15:45 -0800] "GET /images/ HTTP/1.1" 200 973 "-" "ZoominfoBot (zoominfobot at zoominfo dot com)" "linassoc.com"
34.148.96.5 - - [08/Dec/2022:09:17:10 -0800] "GET /_fpclass/ HTTP/1.1" 200 313 "-" "ZoominfoBot (zoominfobot at zoominfo dot com)" "linassoc.com"
34.148.96.5 - - [08/Dec/2022:09:20:43 -0800] "GET /?C=M;O=A HTTP/1.1" 200 776 "-" "ZoominfoBot (zoominfobot at zoominfo dot com)" "linassoc.com"
34.148.96.5 - - [08/Dec/2022:09:20:47 -0800] "GET /?C=N;O=D HTTP/1.1" 200 780 "-" "ZoominfoBot (zoominfobot at zoominfo dot com)" "linassoc.com"
34.148.96.5 - - [08/Dec/2022:09:22:24 -0800] "GET /robots.txt HTTP/1.1" 404 88 "-" "ZoominfoBot (zoominfobot at zoominfo dot com)" "www.linassoc.com"
34.148.96.5 - - [08/Dec/2022:09:22:24 -0800] "GET /_overlay/ HTTP/1.1" 200 525 "-" "ZoominfoBot (zoominfobot at zoominfo dot com)" "www.linassoc.com"
114.119.154.26 - - [08/Dec/2022:09:25:12 -0800] "GET /profile_files/_private/ HTTP/1.1" 403 170 "http://linassoc.com/profile_files/?C=M%3BO%3DA" "Mozilla/5.0 (Linux; Android 7.0;) AppleWebKit/537.36 (KHTML, like Gecko) Mobile Safari/537.36 (compatible; PetalBot;+https://webmaster.petalsearch.com/site/petalbot)" "linassoc.com"
34.148.96.5 - - [08/Dec/2022:09:29:42 -0800] "GET /index062605_files/ HTTP/1.1" 200 322 "-" "ZoominfoBot (zoominfobot at zoominfo dot com)" "linassoc.com"
34.148.96.5 - - [08/Dec/2022:09:30:12 -0800] "GET /_overlay/ HTTP/1.1" 200 525 "-" "ZoominfoBot (zoominfobot at zoominfo dot com)" "linassoc.com"
34.148.96.5 - - [08/Dec/2022:09:34:49 -0800] "GET /?C=S;O=A HTTP/1.1" 200 771 "-" "ZoominfoBot (zoominfobot at zoominfo dot com)" "linassoc.com"
216.244.66.245 - - [08/Dec/2022:09:35:02 -0800] "GET /robots.txt HTTP/1.1" 404 73 "-" "Mozilla/5.0 (compatible; DotBot/1.2; +https://opensiteexplorer.org/dotbot; help@moz.com)" "linassoc.com"
216.244.66.245 - - [08/Dec/2022:09:35:02 -0800] "GET /robots.txt HTTP/1.1" 404 73 "-" "Mozilla/5.0 (compatible; DotBot/1.2; +https://opensiteexplorer.org/dotbot; help@moz.com)" "www.linassoc.com"
34.148.96.5 - - [08/Dec/2022:09:37:05 -0800] "GET /contact_files/ HTTP/1.1" 200 458 "-" "ZoominfoBot (zoominfobot at zoominfo dot com)" "linassoc.com"
34.148.96.5 - - [08/Dec/2022:09:42:05 -0800] "GET /index073005_files/ HTTP/1.1" 200 466 "-" "ZoominfoBot (zoominfobot at zoominfo dot com)" "linassoc.com"
34.148.96.5 - - [08/Dec/2022:09:43:09 -0800] "GET /contact_files/ HTTP/1.1" 200 458 "-" "ZoominfoBot (zoominfobot at zoominfo dot com)" "www.linassoc.com"
114.119.137.156 - - [08/Dec/2022:09:48:30 -0800] "GET /navigation_bars/navbar.nav HTTP/1.1" 200 4077 "http://linassoc.com/navigation_bars/?C=D%3BO%3DA" "Mozilla/5.0 (Linux; Android 7.0;) AppleWebKit/537.36 (KHTML, like Gecko) Mobile Safari/537.36 (compatible; PetalBot;+https://webmaster.petalsearch.com/site/petalbot)" "linassoc.com"
34.148.96.5 - - [08/Dec/2022:09:48:41 -0800] "GET /_themes/ HTTP/1.1" 200 447 "-" "ZoominfoBot (zoominfobot at zoominfo dot com)" "www.linassoc.com"
114.119.140.21 - - [08/Dec/2022:09:49:24 -0800] "GET /_themes/blank/graph1.css HTTP/1.1" 200 358 "http://linassoc.com/_themes/blank/?C=N%3BO%3DD" "Mozilla/5.0 (Linux; Android 7.0;) AppleWebKit/537.36 (KHTML, like Gecko) Mobile Safari/537.36 (compatible; PetalBot;+https://webmaster.petalsearch.com/site/petalbot)" "linassoc.com"
34.148.96.5 - - [08/Dec/2022:09:50:04 -0800] "GET /index2_files/ HTTP/1.1" 200 315 "-" "ZoominfoBot (zoominfobot at zoominfo dot com)" "linassoc.com"
114.119.149.118 - - [08/Dec/2022:09:51:44 -0800] "GET /?C=M%3BO%3DA HTTP/1.1" 200 779 "http://linassoc.com/" "Mozilla/5.0 (Linux; Android 7.0;) AppleWebKit/537.36 (KHTML, like Gecko) Mobile Safari/537.36 (compatible; PetalBot;+https://webmaster.petalsearch.com/site/petalbot)" "linassoc.com"
34.148.96.5 - - [08/Dec/2022:10:00:40 -0800] "GET /_derived/ HTTP/1.1" 200 314 "-" "ZoominfoBot (zoominfobot at zoominfo dot com)" "www.linassoc.com"
114.119.148.189 - - [08/Dec/2022:10:01:36 -0800] "GET /contact062605_files/images/?C=S%3BO%3DA HTTP/1.1" 200 332 "http://linassoc.com/contact062605_files/images/" "Mozilla/5.0 (Linux; Android 7.0;) AppleWebKit/537.36 (KHTML, like Gecko) Mobile Safari/537.36 (compatible; PetalBot;+https://webmaster.petalsearch.com/site/petalbot)" "linassoc.com"
114.119.131.2 - - [08/Dec/2022:10:04:08 -0800] "GET /profile062605_files/filelist.xml HTTP/1.1" 200 138 "http://linassoc.com/profile062605_files/?C=S%3BO%3DA" "Mozilla/5.0 (Linux; Android 7.0;) AppleWebKit/537.36 (KHTML, like Gecko) Mobile Safari/537.36 (compatible; PetalBot;+https://webmaster.petalsearch.com/site/petalbot)" "linassoc.com"
114.119.148.64 - - [08/Dec/2022:10:04:57 -0800] "GET /?C=S%3BO%3DA HTTP/1.1" 200 779 "http://linassoc.com/" "Mozilla/5.0 (Linux; Android 7.0;) AppleWebKit/537.36 (KHTML, like Gecko) Mobile Safari/537.36 (compatible; PetalBot;+https://webmaster.petalsearch.com/site/petalbot)" "linassoc.com"
114.119.153.169 - - [08/Dec/2022:10:06:07 -0800] "GET /_fpclass/?C=M%3BO%3DA HTTP/1.1" 200 313 "http://linassoc.com/_fpclass/?C=N%3BO%3DD" "Mozilla/5.0 (Linux; Android 7.0;) AppleWebKit/537.36 (KHTML, like Gecko) Mobile Safari/537.36 (compatible; PetalBot;+https://webmaster.petalsearch.com/site/petalbot)" "linassoc.com"
114.119.141.42 - - [08/Dec/2022:10:11:49 -0800] "GET /profile_files/?C=S%3BO%3DA HTTP/1.1" 200 457 "http://linassoc.com/profile_files/?C=M%3BO%3DA" "Mozilla/5.0 (Linux; Android 7.0;) AppleWebKit/537.36 (KHTML, like Gecko) Mobile Safari/537.36 (compatible; PetalBot;+https://webmaster.petalsearch.com/site/petalbot)" "linassoc.com"
34.148.96.5 - - [08/Dec/2022:10:12:46 -0800] "GET /contact062605_files/ HTTP/1.1" 200 457 "-" "ZoominfoBot (zoominfobot at zoominfo dot com)" "www.linassoc.com"
114.119.152.114 - - [08/Dec/2022:10:14:13 -0800] "GET /navigation_bars/?C=N%3BO%3DD HTTP/1.1" 200 370 "http://linassoc.com/navigation_bars/?C=D%3BO%3DA" "Mozilla/5.0 (Linux; Android 7.0;) AppleWebKit/537.36 (KHTML, like Gecko) Mobile Safari/537.36 (compatible; PetalBot;+https://webmaster.petalsearch.com/site/petalbot)" "linassoc.com"
114.119.129.163 - - [08/Dec/2022:10:15:35 -0800] "GET /_derived/?C=M%3BO%3DA HTTP/1.1" 200 314 "http://linassoc.com/_derived/?C=D%3BO%3DA" "Mozilla/5.0 (Linux; Android 7.0;) AppleWebKit/537.36 (KHTML, like Gecko) Mobile Safari/537.36 (compatible; PetalBot;+https://webmaster.petalsearch.com/site/petalbot)" "linassoc.com"
51.222.253.9 - - [08/Dec/2022:10:16:39 -0800] "GET / HTTP/1.1" 200 779 "-" "Mozilla/5.0 (compatible; AhrefsBot/7.0; +http://ahrefs.com/robot/)" "linassoc.com"
34.148.96.5 - - [08/Dec/2022:10:19:41 -0800] "GET /?C=D;O=A HTTP/1.1" 200 779 "-" "ZoominfoBot (zoominfobot at zoominfo dot com)" "linassoc.com"
216.244.66.245 - - [08/Dec/2022:10:27:34 -0800] "GET /robots.txt HTTP/1.1" 404 73 "-" "Mozilla/5.0 (compatible; DotBot/1.2; +https://opensiteexplorer.org/dotbot; help@moz.com)" "www.linassoc.com"
216.244.66.245 - - [08/Dec/2022:10:27:34 -0800] "GET /robots.txt HTTP/1.1" 404 73 "-" "Mozilla/5.0 (compatible; DotBot/1.2; +https://opensiteexplorer.org/dotbot; help@moz.com)" "linassoc.com"
34.148.96.5 - - [08/Dec/2022:10:27:44 -0800] "GET /index073005_files/ HTTP/1.1" 200 466 "-" "ZoominfoBot (zoominfobot at zoominfo dot com)" "www.linassoc.com"
34.148.96.5 - - [08/Dec/2022:10:28:41 -0800] "GET /_derived/ HTTP/1.1" 200 314 "-" "ZoominfoBot (zoominfobot at zoominfo dot com)" "linassoc.com"
34.148.96.5 - - [08/Dec/2022:10:29:23 -0800] "GET /?C=D;O=A HTTP/1.1" 200 779 "-" "ZoominfoBot (zoominfobot at zoominfo dot com)" "www.linassoc.com"
144.126.140.17 - - [08/Dec/2022:10:29:28 -0800] "GET /wp-login.php HTTP/1.1" 404 88 "-" "Mozilla/5.0 (Windows NT 10.0; Win64; x64; rv:96.0) Gecko/20100101 Firefox/96" "linassoc.com"
23.106.192.7 - - [08/Dec/2022:10:30:34 -0800] "GET /contact_files/ HTTP/1.1" 200 458 "-" "Mozilla/5.0 (X11; Linux x86_64) AppleWebKit/537.36 (KHTML, like Gecko) Chrome/103.0.0.0 Safari/537.36 OPR/89.0.4447.51" "www.linassoc.com"
23.106.192.7 - - [08/Dec/2022:10:30:35 -0800] "GET /contact_files/_private/ HTTP/1.1" 403 170 "http://www.linassoc.com/contact_files/" "Mozilla/5.0 (X11; Linux x86_64) AppleWebKit/537.36 (KHTML, like Gecko) Chrome/103.0.0.0 Safari/537.36 OPR/89.0.4447.51" "www.linassoc.com"
23.81.59.99 - - [08/Dec/2022:10:30:35 -0800] "GET /contact_files/?C=S;O=A HTTP/1.1" 200 455 "http://www.linassoc.com/contact_files/" "Mozilla/5.0 (X11; Linux x86_64) AppleWebKit/537.36 (KHTML, like Gecko) Chrome/103.0.0.0 Safari/537.36 OPR/89.0.4447.51" "www.linassoc.com"
23.81.59.99 - - [08/Dec/2022:10:30:35 -0800] "GET /contact_files/images/ HTTP/1.1" 200 324 "http://www.linassoc.com/contact_files/" "Mozilla/5.0 (X11; Linux x86_64) AppleWebKit/537.36 (KHTML, like Gecko) Chrome/103.0.0.0 Safari/537.36 OPR/89.0.4447.51" "www.linassoc.com"
23.81.59.99 - - [08/Dec/2022:10:30:36 -0800] "GET /contact_files/filelist.xml HTTP/1.1" 200 138 "http://www.linassoc.com/contact_files/" "Mozilla/5.0 (X11; Linux x86_64) AppleWebKit/537.36 (KHTML, like Gecko) Chrome/103.0.0.0 Safari/537.36 OPR/89.0.4447.51" "www.linassoc.com"
23.81.59.99 - - [08/Dec/2022:10:30:36 -0800] "GET /contact_files/?C=D;O=A HTTP/1.1" 200 458 "http://www.linassoc.com/contact_files/" "Mozilla/5.0 (X11; Linux x86_64) AppleWebKit/537.36 (KHTML, like Gecko) Chrome/103.0.0.0 Safari/537.36 OPR/89.0.4447.51" "www.linassoc.com"
23.81.59.99 - - [08/Dec/2022:10:30:36 -0800] "GET /contact_files/?C=M;O=A HTTP/1.1" 200 459 "http://www.linassoc.com/contact_files/" "Mozilla/5.0 (X11; Linux x86_64) AppleWebKit/537.36 (KHTML, like Gecko) Chrome/103.0.0.0 Safari/537.36 OPR/89.0.4447.51" "www.linassoc.com"
23.81.59.99 - - [08/Dec/2022:10:30:37 -0800] "GET /contact_files/?C=N;O=D HTTP/1.1" 200 454 "http://www.linassoc.com/contact_files/" "Mozilla/5.0 (X11; Linux x86_64) AppleWebKit/537.36 (KHTML, like Gecko) Chrome/103.0.0.0 Safari/537.36 OPR/89.0.4447.51" "www.linassoc.com"
34.148.96.5 - - [08/Dec/2022:10:47:16 -0800] "GET /?C=N;O=D HTTP/1.1" 200 780 "-" "ZoominfoBot (zoominfobot at zoominfo dot com)" "www.linassoc.com"
34.148.96.5 - - [08/Dec/2022:10:49:34 -0800] "GET /_private/ HTTP/1.1" 403 170 "-" "ZoominfoBot (zoominfobot at zoominfo dot com)" "www.linassoc.com"
34.148.96.5 - - [08/Dec/2022:10:54:06 -0800] "GET /images/ HTTP/1.1" 200 973 "-" "ZoominfoBot (zoominfobot at zoominfo dot com)" "www.linassoc.com"
137.226.113.44 - - [08/Dec/2022:11:08:23 -0800] "GET / HTTP/1.1" 200 779 "-" "Mozilla/5.0 zgrab/0.x (compatible; Researchscan/http; +http://researchscan.comsys.rwth-aachen.de)" "www.linassoc.com"
216.244.66.245 - - [08/Dec/2022:11:16:03 -0800] "GET /robots.txt HTTP/1.1" 404 73 "-" "Mozilla/5.0 (compatible; DotBot/1.2; +https://opensiteexplorer.org/dotbot; help@moz.com)" "www.linassoc.com"
216.244.66.245 - - [08/Dec/2022:11:16:03 -0800] "GET /robots.txt HTTP/1.1" 404 73 "-" "Mozilla/5.0 (compatible; DotBot/1.2; +https://opensiteexplorer.org/dotbot; help@moz.com)" "linassoc.com"
34.148.96.5 - - [08/Dec/2022:11:23:14 -0800] "GET /_private/ HTTP/1.1" 403 170 "-" "ZoominfoBot (zoominfobot at zoominfo dot com)" "linassoc.com"
34.148.96.5 - - [08/Dec/2022:11:31:38 -0800] "GET /_fpclass/ HTTP/1.1" 200 313 "-" "ZoominfoBot (zoominfobot at zoominfo dot com)" "www.linassoc.com"
34.148.96.5 - - [08/Dec/2022:11:46:45 -0800] "GET /index062605_files/ HTTP/1.1" 200 322 "-" "ZoominfoBot (zoominfobot at zoominfo dot com)" "www.linassoc.com"
34.148.96.5 - - [08/Dec/2022:11:51:30 -0800] "GET /?C=S;O=A HTTP/1.1" 200 771 "-" "ZoominfoBot (zoominfobot at zoominfo dot com)" "www.linassoc.com"
114.119.150.226 - - [08/Dec/2022:11:54:07 -0800] "GET /robots.txt HTTP/1.1" 404 88 "-" "Mozilla/5.0 (compatible;PetalBot;+https://webmaster.petalsearch.com/site/petalbot)" "linassoc.com"
114.119.136.160 - - [08/Dec/2022:11:59:16 -0800] "GET /robots.txt HTTP/1.1" 404 88 "-" "Mozilla/5.0 (compatible;PetalBot;+https://webmaster.petalsearch.com/site/petalbot)" "linassoc.com"
34.148.96.5 - - [08/Dec/2022:11:59:19 -0800] "GET /?C=M;O=A HTTP/1.1" 200 776 "-" "ZoominfoBot (zoominfobot at zoominfo dot com)" "www.linassoc.com"
34.148.96.5 - - [08/Dec/2022:12:03:30 -0800] "GET /contact062605_files/ HTTP/1.1" 200 457 "-" "ZoominfoBot (zoominfobot at zoominfo dot com)" "linassoc.com"
216.244.66.245 - - [08/Dec/2022:12:04:14 -0800] "GET /robots.txt HTTP/1.1" 404 73 "-" "Mozilla/5.0 (compatible; DotBot/1.2; +https://opensiteexplorer.org/dotbot; help@moz.com)" "www.linassoc.com"
216.244.66.245 - - [08/Dec/2022:12:04:14 -0800] "GET /robots.txt HTTP/1.1" 404 73 "-" "Mozilla/5.0 (compatible; DotBot/1.2; +https://opensiteexplorer.org/dotbot; help@moz.com)" "linassoc.com"
34.148.96.5 - - [08/Dec/2022:12:14:17 -0800] "GET /_themes/ HTTP/1.1" 200 447 "-" "ZoominfoBot (zoominfobot at zoominfo dot com)" "linassoc.com"
35.175.212.114 - - [08/Dec/2022:12:23:00 -0800] "GET / HTTP/1.1" 200 779 "-" "Mozilla/5.0 (Macintosh; Intel Mac OS X 10_15_7) AppleWebKit/537.36 (KHTML, like Gecko) Chrome/96.0.4664.110 Safari/537.36" "linassoc.com"
118.184.177.66 - - [08/Dec/2022:12:34:14 -0800] "GET / HTTP/1.1" 200 779 "-" "Sogou web spider/4.0(+http://www.sogou.com/docs/help/webmasters.htm#07)" "www.linassoc.com"
216.244.66.245 - - [08/Dec/2022:12:53:04 -0800] "GET /robots.txt HTTP/1.1" 404 73 "-" "Mozilla/5.0 (compatible; DotBot/1.2; +https://opensiteexplorer.org/dotbot; help@moz.com)" "www.linassoc.com"
216.244.66.245 - - [08/Dec/2022:12:53:04 -0800] "GET /robots.txt HTTP/1.1" 404 73 "-" "Mozilla/5.0 (compatible; DotBot/1.2; +https://opensiteexplorer.org/dotbot; help@moz.com)" "linassoc.com"
51.222.253.3 - - [08/Dec/2022:13:34:43 -0800] "GET /_themes/images/ HTTP/1.1" 200 319 "-" "Mozilla/5.0 (compatible; AhrefsBot/7.0; +http://ahrefs.com/robot/)" "linassoc.com"
216.244.66.245 - - [08/Dec/2022:13:40:24 -0800] "GET /robots.txt HTTP/1.1" 404 73 "-" "Mozilla/5.0 (compatible; DotBot/1.2; +https://opensiteexplorer.org/dotbot; help@moz.com)" "linassoc.com"
216.244.66.245 - - [08/Dec/2022:13:40:24 -0800] "GET /robots.txt HTTP/1.1" 404 73 "-" "Mozilla/5.0 (compatible; DotBot/1.2; +https://opensiteexplorer.org/dotbot; help@moz.com)" "www.linassoc.com"
212.115.108.248 - - [08/Dec/2022:13:40:35 -0800] "GET /wp-admin/css/ HTTP/1.1" 404 88 "binance.com" "Mozilla/5.0 (Windows NT 10.0; Win64; x64) AppleWebKit/537.36 (KHTML, like Gecko) Chrome/90.0.4430.85 Safari/537.36" "linassoc.com"
212.115.108.248 - - [08/Dec/2022:13:40:46 -0800] "GET /sites/default/files/ HTTP/1.1" 404 88 "binance.com" "Mozilla/5.0 (Windows NT 10.0; Win64; x64) AppleWebKit/537.36 (KHTML, like Gecko) Chrome/90.0.4430.85 Safari/537.36" "linassoc.com"
212.115.108.248 - - [08/Dec/2022:13:40:51 -0800] "GET /admin/controller/extension/extension/ HTTP/1.1" 404 88 "binance.com" "Mozilla/5.0 (Windows NT 10.0; Win64; x64) AppleWebKit/537.36 (KHTML, like Gecko) Chrome/90.0.4430.85 Safari/537.36" "linassoc.com"
212.115.108.248 - - [08/Dec/2022:13:40:57 -0800] "GET /uploads/ HTTP/1.1" 404 88 "binance.com" "Mozilla/5.0 (Windows NT 10.0; Win64; x64) AppleWebKit/537.36 (KHTML, like Gecko) Chrome/90.0.4430.85 Safari/537.36" "linassoc.com"
212.115.108.248 - - [08/Dec/2022:13:41:03 -0800] "GET /images/ HTTP/1.1" 200 973 "binance.com" "Mozilla/5.0 (Windows NT 10.0; Win64; x64) AppleWebKit/537.36 (KHTML, like Gecko) Chrome/90.0.4430.85 Safari/537.36" "linassoc.com"
212.115.108.248 - - [08/Dec/2022:13:41:08 -0800] "GET /files/ HTTP/1.1" 404 88 "binance.com" "Mozilla/5.0 (Windows NT 10.0; Win64; x64) AppleWebKit/537.36 (KHTML, like Gecko) Chrome/90.0.4430.85 Safari/537.36" "linassoc.com"
34.139.206.94 - - [08/Dec/2022:13:56:48 -0800] "GET /robots.txt HTTP/1.1" 404 88 "-" "ZoominfoBot (zoominfobot at zoominfo dot com)" "linassoc.com"
34.139.206.94 - - [08/Dec/2022:13:56:48 -0800] "GET /images/ HTTP/1.1" 200 973 "-" "ZoominfoBot (zoominfobot at zoominfo dot com)" "linassoc.com"
34.139.206.94 - - [08/Dec/2022:13:58:10 -0800] "GET /_fpclass/ HTTP/1.1" 200 313 "-" "ZoominfoBot (zoominfobot at zoominfo dot com)" "linassoc.com"
34.139.206.94 - - [08/Dec/2022:14:01:34 -0800] "GET /?C=M;O=A HTTP/1.1" 200 776 "-" "ZoominfoBot (zoominfobot at zoominfo dot com)" "linassoc.com"
34.139.206.94 - - [08/Dec/2022:14:01:38 -0800] "GET /?C=N;O=D HTTP/1.1" 200 780 "-" "ZoominfoBot (zoominfobot at zoominfo dot com)" "linassoc.com"
34.139.206.94 - - [08/Dec/2022:14:03:11 -0800] "GET /robots.txt HTTP/1.1" 404 88 "-" "ZoominfoBot (zoominfobot at zoominfo dot com)" "www.linassoc.com"
34.139.206.94 - - [08/Dec/2022:14:03:11 -0800] "GET /_overlay/ HTTP/1.1" 200 525 "-" "ZoominfoBot (zoominfobot at zoominfo dot com)" "www.linassoc.com"
34.139.206.94 - - [08/Dec/2022:14:10:11 -0800] "GET /index062605_files/ HTTP/1.1" 200 322 "-" "ZoominfoBot (zoominfobot at zoominfo dot com)" "linassoc.com"
34.139.206.94 - - [08/Dec/2022:14:10:39 -0800] "GET /_overlay/ HTTP/1.1" 200 525 "-" "ZoominfoBot (zoominfobot at zoominfo dot com)" "linassoc.com"
34.139.206.94 - - [08/Dec/2022:14:14:58 -0800] "GET /?C=S;O=A HTTP/1.1" 200 771 "-" "ZoominfoBot (zoominfobot at zoominfo dot com)" "linassoc.com"
34.139.206.94 - - [08/Dec/2022:14:17:06 -0800] "GET /contact_files/ HTTP/1.1" 200 458 "-" "ZoominfoBot (zoominfobot at zoominfo dot com)" "linassoc.com"
104.196.120.172 - - [08/Dec/2022:14:29:24 -0800] "GET /robots.txt HTTP/1.1" 404 88 "-" "ZoominfoBot (zoominfobot at zoominfo dot com)" "linassoc.com"
104.196.120.172 - - [08/Dec/2022:14:29:24 -0800] "GET /images/ HTTP/1.1" 200 973 "-" "ZoominfoBot (zoominfobot at zoominfo dot com)" "linassoc.com"
216.244.66.245 - - [08/Dec/2022:14:29:56 -0800] "GET /robots.txt HTTP/1.1" 404 73 "-" "Mozilla/5.0 (compatible; DotBot/1.2; +https://opensiteexplorer.org/dotbot; help@moz.com)" "linassoc.com"
216.244.66.245 - - [08/Dec/2022:14:29:56 -0800] "GET /robots.txt HTTP/1.1" 404 73 "-" "Mozilla/5.0 (compatible; DotBot/1.2; +https://opensiteexplorer.org/dotbot; help@moz.com)" "www.linassoc.com"
104.196.120.172 - - [08/Dec/2022:14:30:43 -0800] "GET /_fpclass/ HTTP/1.1" 200 313 "-" "ZoominfoBot (zoominfobot at zoominfo dot com)" "linassoc.com"
104.196.120.172 - - [08/Dec/2022:14:34:10 -0800] "GET /?C=M;O=A HTTP/1.1" 200 776 "-" "ZoominfoBot (zoominfobot at zoominfo dot com)" "linassoc.com"
104.196.120.172 - - [08/Dec/2022:14:34:14 -0800] "GET /?C=N;O=D HTTP/1.1" 200 780 "-" "ZoominfoBot (zoominfobot at zoominfo dot com)" "linassoc.com"
104.196.120.172 - - [08/Dec/2022:14:35:48 -0800] "GET /robots.txt HTTP/1.1" 404 88 "-" "ZoominfoBot (zoominfobot at zoominfo dot com)" "www.linassoc.com"
104.196.120.172 - - [08/Dec/2022:14:35:48 -0800] "GET /_overlay/ HTTP/1.1" 200 525 "-" "ZoominfoBot (zoominfobot at zoominfo dot com)" "www.linassoc.com"
104.196.120.172 - - [08/Dec/2022:14:42:30 -0800] "GET /index062605_files/ HTTP/1.1" 200 322 "-" "ZoominfoBot (zoominfobot at zoominfo dot com)" "linassoc.com"
104.196.120.172 - - [08/Dec/2022:14:42:56 -0800] "GET /_overlay/ HTTP/1.1" 200 525 "-" "ZoominfoBot (zoominfobot at zoominfo dot com)" "linassoc.com"
104.196.120.172 - - [08/Dec/2022:14:47:02 -0800] "GET /?C=S;O=A HTTP/1.1" 200 771 "-" "ZoominfoBot (zoominfobot at zoominfo dot com)" "linassoc.com"
