216.244.66.245 - - [18/Sep/2022:17:03:29 -0700] "GET /robots.txt HTTP/1.1" 404 73 "-" "Mozilla/5.0 (compatible; DotBot/1.2; +https://opensiteexplorer.org/dotbot; help@moz.com)" "linassoc.com"
216.244.66.245 - - [18/Sep/2022:17:03:29 -0700] "GET /robots.txt HTTP/1.1" 404 73 "-" "Mozilla/5.0 (compatible; DotBot/1.2; +https://opensiteexplorer.org/dotbot; help@moz.com)" "www.linassoc.com"
58.250.125.90 - - [18/Sep/2022:17:14:51 -0700] "GET / HTTP/1.1" 200 779 "-" "Sogou web spider/4.0(+http://www.sogou.com/docs/help/webmasters.htm#07)" "www.linassoc.com"
158.69.171.153 - - [18/Sep/2022:17:30:04 -0700] "GET / HTTP/1.1" 200 3978 "-" "Mozilla/4.0 (compatible; MSIE 8.0; Windows NT 6.1; Trident/4.0)" "linassoc.com"
216.244.66.245 - - [18/Sep/2022:17:57:58 -0700] "GET /robots.txt HTTP/1.1" 404 73 "-" "Mozilla/5.0 (compatible; DotBot/1.2; +https://opensiteexplorer.org/dotbot; help@moz.com)" "www.linassoc.com"
51.15.183.168 - - [18/Sep/2022:18:23:36 -0700] "GET /FCKeditor/editor/filemanager/browser/default/connectors/php/connector.php?Command=GetFoldersAndFiles&Type=File&CurrentFolder=%2F HTTP/1.1" 404 73 "-" "Mozilla/5.0 (Windows NT 6.3; Win64; x64) AppleWebKit/537.36 (KHTML, like Gecko) Chrome/75.0.3770.100 Safari/537.36" "linassoc.com"
216.244.66.245 - - [18/Sep/2022:18:52:21 -0700] "GET /robots.txt HTTP/1.1" 404 73 "-" "Mozilla/5.0 (compatible; DotBot/1.2; +https://opensiteexplorer.org/dotbot; help@moz.com)" "linassoc.com"
216.244.66.245 - - [18/Sep/2022:18:52:21 -0700] "GET /robots.txt HTTP/1.1" 404 73 "-" "Mozilla/5.0 (compatible; DotBot/1.2; +https://opensiteexplorer.org/dotbot; help@moz.com)" "www.linassoc.com"
183.108.239.140 - - [18/Sep/2022:19:12:53 -0700] "GET /wp-login.php HTTP/1.1" 404 88 "http://linassoc.com/wp-login.php" "Mozilla/5.0 (Windows NT 10.0; Win64; x64) AppleWebKit/537.36 (KHTML, like Gecko) Chrome/86.0.4240.198 Safari/E24A14" "linassoc.com"
183.108.239.140 - - [18/Sep/2022:19:12:56 -0700] "GET /administrator/ HTTP/1.1" 404 88 "http://linassoc.com/administrator/" "Mozilla/5.0 (Windows NT 10.0; Win64; x64) AppleWebKit/537.36 (KHTML, like Gecko) Chrome/86.0.4240.198 Safari/E24A14" "linassoc.com"
118.184.177.65 - - [18/Sep/2022:19:57:12 -0700] "GET / HTTP/1.1" 200 779 "-" "Sogou web spider/4.0(+http://www.sogou.com/docs/help/webmasters.htm#07)" "linassoc.com"
95.217.109.26 - - [18/Sep/2022:20:20:37 -0700] "GET /robots.txt HTTP/1.1" 404 73 "-" "Mozilla/5.0 (compatible; MJ12bot/v1.4.8; http://mj12bot.com/)" "www.linassoc.com"
95.217.109.26 - - [18/Sep/2022:20:20:38 -0700] "GET /_overlay/?C=D;O=A HTTP/1.1" 200 525 "-" "Mozilla/5.0 (compatible; MJ12bot/v1.4.8; http://mj12bot.com/)" "www.linassoc.com"
95.217.109.26 - - [18/Sep/2022:20:20:40 -0700] "GET /_overlay/?C=M;O=A HTTP/1.1" 200 528 "-" "Mozilla/5.0 (compatible; MJ12bot/v1.4.8; http://mj12bot.com/)" "www.linassoc.com"
95.217.109.26 - - [18/Sep/2022:20:20:42 -0700] "GET /_overlay/?C=N;O=D HTTP/1.1" 200 525 "-" "Mozilla/5.0 (compatible; MJ12bot/v1.4.8; http://mj12bot.com/)" "www.linassoc.com"
95.217.109.26 - - [18/Sep/2022:20:20:44 -0700] "GET /_overlay/?C=S;O=A HTTP/1.1" 200 523 "-" "Mozilla/5.0 (compatible; MJ12bot/v1.4.8; http://mj12bot.com/)" "www.linassoc.com"
95.217.109.26 - - [18/Sep/2022:20:20:45 -0700] "GET /_overlay/images/ HTTP/1.1" 200 321 "-" "Mozilla/5.0 (compatible; MJ12bot/v1.4.8; http://mj12bot.com/)" "www.linassoc.com"
95.217.109.26 - - [18/Sep/2022:20:20:47 -0700] "GET /_overlay/images/?C=D;O=D HTTP/1.1" 200 319 "-" "Mozilla/5.0 (compatible; MJ12bot/v1.4.8; http://mj12bot.com/)" "www.linassoc.com"
95.217.109.26 - - [18/Sep/2022:20:20:49 -0700] "GET /_overlay/images/?C=M;O=D HTTP/1.1" 200 319 "-" "Mozilla/5.0 (compatible; MJ12bot/v1.4.8; http://mj12bot.com/)" "www.linassoc.com"
95.217.109.26 - - [18/Sep/2022:20:20:51 -0700] "GET /_overlay/images/?C=N;O=A HTTP/1.1" 200 321 "-" "Mozilla/5.0 (compatible; MJ12bot/v1.4.8; http://mj12bot.com/)" "www.linassoc.com"
95.217.109.26 - - [18/Sep/2022:20:20:52 -0700] "GET /_overlay/images/?C=S;O=D HTTP/1.1" 200 319 "-" "Mozilla/5.0 (compatible; MJ12bot/v1.4.8; http://mj12bot.com/)" "www.linassoc.com"
95.217.109.26 - - [18/Sep/2022:20:20:54 -0700] "GET /_themes/?C=D;O=A HTTP/1.1" 200 447 "-" "Mozilla/5.0 (compatible; MJ12bot/v1.4.8; http://mj12bot.com/)" "www.linassoc.com"
95.217.109.26 - - [18/Sep/2022:20:20:56 -0700] "GET /_themes/?C=M;O=A HTTP/1.1" 200 450 "-" "Mozilla/5.0 (compatible; MJ12bot/v1.4.8; http://mj12bot.com/)" "www.linassoc.com"
95.217.109.26 - - [18/Sep/2022:20:20:57 -0700] "GET /_themes/?C=N;O=D HTTP/1.1" 200 447 "-" "Mozilla/5.0 (compatible; MJ12bot/v1.4.8; http://mj12bot.com/)" "www.linassoc.com"
95.217.109.26 - - [18/Sep/2022:20:21:00 -0700] "GET /_themes/?C=S;O=A HTTP/1.1" 200 445 "-" "Mozilla/5.0 (compatible; MJ12bot/v1.4.8; http://mj12bot.com/)" "www.linassoc.com"
95.217.109.26 - - [18/Sep/2022:20:21:01 -0700] "GET /_themes/blank/ HTTP/1.1" 200 903 "-" "Mozilla/5.0 (compatible; MJ12bot/v1.4.8; http://mj12bot.com/)" "www.linassoc.com"
95.217.109.26 - - [18/Sep/2022:20:21:03 -0700] "GET /_themes/blank/?C=D;O=D HTTP/1.1" 200 899 "-" "Mozilla/5.0 (compatible; MJ12bot/v1.4.8; http://mj12bot.com/)" "www.linassoc.com"
95.217.109.26 - - [18/Sep/2022:20:21:05 -0700] "GET /_themes/blank/?C=M;O=D HTTP/1.1" 200 899 "-" "Mozilla/5.0 (compatible; MJ12bot/v1.4.8; http://mj12bot.com/)" "www.linassoc.com"
95.217.109.26 - - [18/Sep/2022:20:21:07 -0700] "GET /_themes/blank/?C=N;O=A HTTP/1.1" 200 903 "-" "Mozilla/5.0 (compatible; MJ12bot/v1.4.8; http://mj12bot.com/)" "www.linassoc.com"
95.217.109.26 - - [18/Sep/2022:20:21:10 -0700] "GET /_themes/blank/?C=S;O=D HTTP/1.1" 200 893 "-" "Mozilla/5.0 (compatible; MJ12bot/v1.4.8; http://mj12bot.com/)" "www.linassoc.com"
95.217.109.26 - - [18/Sep/2022:20:21:11 -0700] "GET /_themes/images/ HTTP/1.1" 200 319 "-" "Mozilla/5.0 (compatible; MJ12bot/v1.4.8; http://mj12bot.com/)" "www.linassoc.com"
95.217.109.26 - - [18/Sep/2022:20:21:13 -0700] "GET /_themes/images/?C=D;O=D HTTP/1.1" 200 317 "-" "Mozilla/5.0 (compatible; MJ12bot/v1.4.8; http://mj12bot.com/)" "www.linassoc.com"
95.217.109.26 - - [18/Sep/2022:20:21:15 -0700] "GET /_themes/images/?C=M;O=D HTTP/1.1" 200 317 "-" "Mozilla/5.0 (compatible; MJ12bot/v1.4.8; http://mj12bot.com/)" "www.linassoc.com"
95.217.109.26 - - [18/Sep/2022:20:21:17 -0700] "GET /_themes/images/?C=N;O=A HTTP/1.1" 200 319 "-" "Mozilla/5.0 (compatible; MJ12bot/v1.4.8; http://mj12bot.com/)" "www.linassoc.com"
95.217.109.26 - - [18/Sep/2022:20:21:19 -0700] "GET /_themes/water/ HTTP/1.1" 200 907 "-" "Mozilla/5.0 (compatible; MJ12bot/v1.4.8; http://mj12bot.com/)" "www.linassoc.com"
95.217.109.26 - - [18/Sep/2022:20:21:21 -0700] "GET /_themes/water/?C=D;O=D HTTP/1.1" 200 927 "-" "Mozilla/5.0 (compatible; MJ12bot/v1.4.8; http://mj12bot.com/)" "www.linassoc.com"
95.217.109.26 - - [18/Sep/2022:20:21:23 -0700] "GET /_themes/water/?C=N;O=A HTTP/1.1" 200 907 "-" "Mozilla/5.0 (compatible; MJ12bot/v1.4.8; http://mj12bot.com/)" "www.linassoc.com"
95.217.109.26 - - [18/Sep/2022:20:21:25 -0700] "GET /_themes/water/?C=S;O=D HTTP/1.1" 200 910 "-" "Mozilla/5.0 (compatible; MJ12bot/v1.4.8; http://mj12bot.com/)" "www.linassoc.com"
95.217.109.26 - - [18/Sep/2022:20:21:27 -0700] "GET /contact062605_files/?C=D;O=A HTTP/1.1" 200 457 "-" "Mozilla/5.0 (compatible; MJ12bot/v1.4.8; http://mj12bot.com/)" "www.linassoc.com"
95.217.109.26 - - [18/Sep/2022:20:21:29 -0700] "GET /contact062605_files/?C=M;O=A HTTP/1.1" 200 460 "-" "Mozilla/5.0 (compatible; MJ12bot/v1.4.8; http://mj12bot.com/)" "www.linassoc.com"
95.217.109.26 - - [18/Sep/2022:20:21:30 -0700] "GET /contact062605_files/?C=N;O=D HTTP/1.1" 200 455 "-" "Mozilla/5.0 (compatible; MJ12bot/v1.4.8; http://mj12bot.com/)" "www.linassoc.com"
95.217.109.26 - - [18/Sep/2022:20:21:33 -0700] "GET /contact062605_files/?C=S;O=A HTTP/1.1" 200 455 "-" "Mozilla/5.0 (compatible; MJ12bot/v1.4.8; http://mj12bot.com/)" "www.linassoc.com"
95.217.109.26 - - [18/Sep/2022:20:21:34 -0700] "GET /contact062605_files/filelist.xml HTTP/1.1" 200 145 "-" "Mozilla/5.0 (compatible; MJ12bot/v1.4.8; http://mj12bot.com/)" "www.linassoc.com"
95.217.109.26 - - [18/Sep/2022:20:21:36 -0700] "GET /contact062605_files/images/ HTTP/1.1" 200 332 "-" "Mozilla/5.0 (compatible; MJ12bot/v1.4.8; http://mj12bot.com/)" "www.linassoc.com"
95.217.109.26 - - [18/Sep/2022:20:21:38 -0700] "GET /contact062605_files/images/?C=D;O=D HTTP/1.1" 200 331 "-" "Mozilla/5.0 (compatible; MJ12bot/v1.4.8; http://mj12bot.com/)" "www.linassoc.com"
95.217.109.26 - - [18/Sep/2022:20:21:40 -0700] "GET /contact062605_files/images/?C=M;O=D HTTP/1.1" 200 331 "-" "Mozilla/5.0 (compatible; MJ12bot/v1.4.8; http://mj12bot.com/)" "www.linassoc.com"
95.217.109.26 - - [18/Sep/2022:20:21:42 -0700] "GET /contact062605_files/images/?C=N;O=A HTTP/1.1" 200 332 "-" "Mozilla/5.0 (compatible; MJ12bot/v1.4.8; http://mj12bot.com/)" "www.linassoc.com"
95.217.109.26 - - [18/Sep/2022:20:21:43 -0700] "GET /contact062605_files/images/?C=S;O=D HTTP/1.1" 200 331 "-" "Mozilla/5.0 (compatible; MJ12bot/v1.4.8; http://mj12bot.com/)" "www.linassoc.com"
95.217.109.26 - - [18/Sep/2022:20:21:45 -0700] "GET /contact_files/?C=D;O=A HTTP/1.1" 200 458 "-" "Mozilla/5.0 (compatible; MJ12bot/v1.4.8; http://mj12bot.com/)" "www.linassoc.com"
95.217.109.26 - - [18/Sep/2022:20:21:47 -0700] "GET /contact_files/?C=M;O=A HTTP/1.1" 200 459 "-" "Mozilla/5.0 (compatible; MJ12bot/v1.4.8; http://mj12bot.com/)" "www.linassoc.com"
95.217.109.26 - - [18/Sep/2022:20:21:49 -0700] "GET /contact_files/?C=N;O=D HTTP/1.1" 200 454 "-" "Mozilla/5.0 (compatible; MJ12bot/v1.4.8; http://mj12bot.com/)" "www.linassoc.com"
95.217.109.26 - - [18/Sep/2022:20:21:51 -0700] "GET /contact_files/?C=S;O=A HTTP/1.1" 200 455 "-" "Mozilla/5.0 (compatible; MJ12bot/v1.4.8; http://mj12bot.com/)" "www.linassoc.com"
95.217.109.26 - - [18/Sep/2022:20:21:52 -0700] "GET /contact_files/filelist.xml HTTP/1.1" 200 138 "-" "Mozilla/5.0 (compatible; MJ12bot/v1.4.8; http://mj12bot.com/)" "www.linassoc.com"
95.217.109.26 - - [18/Sep/2022:20:21:54 -0700] "GET /contact_files/images/ HTTP/1.1" 200 324 "-" "Mozilla/5.0 (compatible; MJ12bot/v1.4.8; http://mj12bot.com/)" "www.linassoc.com"
95.217.109.26 - - [18/Sep/2022:20:21:56 -0700] "GET /contact_files/images/?C=D;O=D HTTP/1.1" 200 322 "-" "Mozilla/5.0 (compatible; MJ12bot/v1.4.8; http://mj12bot.com/)" "www.linassoc.com"
95.217.109.26 - - [18/Sep/2022:20:21:58 -0700] "GET /contact_files/images/?C=M;O=D HTTP/1.1" 200 322 "-" "Mozilla/5.0 (compatible; MJ12bot/v1.4.8; http://mj12bot.com/)" "www.linassoc.com"
95.217.109.26 - - [18/Sep/2022:20:22:00 -0700] "GET /contact_files/images/?C=N;O=A HTTP/1.1" 200 324 "-" "Mozilla/5.0 (compatible; MJ12bot/v1.4.8; http://mj12bot.com/)" "www.linassoc.com"
95.217.109.26 - - [18/Sep/2022:20:22:02 -0700] "GET /contact_files/images/?C=S;O=D HTTP/1.1" 200 322 "-" "Mozilla/5.0 (compatible; MJ12bot/v1.4.8; http://mj12bot.com/)" "www.linassoc.com"
95.217.109.26 - - [18/Sep/2022:20:22:04 -0700] "GET /images/?C=D;O=A HTTP/1.1" 200 973 "-" "Mozilla/5.0 (compatible; MJ12bot/v1.4.8; http://mj12bot.com/)" "www.linassoc.com"
95.217.109.26 - - [18/Sep/2022:20:22:06 -0700] "GET /images/?C=M;O=A HTTP/1.1" 200 969 "-" "Mozilla/5.0 (compatible; MJ12bot/v1.4.8; http://mj12bot.com/)" "www.linassoc.com"
95.217.109.26 - - [18/Sep/2022:20:22:08 -0700] "GET /images/?C=N;O=D HTTP/1.1" 200 962 "-" "Mozilla/5.0 (compatible; MJ12bot/v1.4.8; http://mj12bot.com/)" "www.linassoc.com"
95.217.109.26 - - [18/Sep/2022:20:22:10 -0700] "GET /images/?C=S;O=A HTTP/1.1" 200 960 "-" "Mozilla/5.0 (compatible; MJ12bot/v1.4.8; http://mj12bot.com/)" "www.linassoc.com"
95.217.109.26 - - [18/Sep/2022:20:22:12 -0700] "GET /images/images/ HTTP/1.1" 200 315 "-" "Mozilla/5.0 (compatible; MJ12bot/v1.4.8; http://mj12bot.com/)" "www.linassoc.com"
95.217.109.26 - - [18/Sep/2022:20:22:13 -0700] "GET /images/images/?C=D;O=D HTTP/1.1" 200 313 "-" "Mozilla/5.0 (compatible; MJ12bot/v1.4.8; http://mj12bot.com/)" "www.linassoc.com"
95.217.109.26 - - [18/Sep/2022:20:22:15 -0700] "GET /images/images/?C=M;O=D HTTP/1.1" 200 313 "-" "Mozilla/5.0 (compatible; MJ12bot/v1.4.8; http://mj12bot.com/)" "www.linassoc.com"
95.217.109.26 - - [18/Sep/2022:20:22:17 -0700] "GET /images/images/?C=N;O=A HTTP/1.1" 200 315 "-" "Mozilla/5.0 (compatible; MJ12bot/v1.4.8; http://mj12bot.com/)" "www.linassoc.com"
95.217.109.26 - - [18/Sep/2022:20:22:19 -0700] "GET /images/images/?C=S;O=D HTTP/1.1" 200 313 "-" "Mozilla/5.0 (compatible; MJ12bot/v1.4.8; http://mj12bot.com/)" "www.linassoc.com"
95.217.109.26 - - [18/Sep/2022:20:22:21 -0700] "GET /index073005_files/?C=D;O=A HTTP/1.1" 200 466 "-" "Mozilla/5.0 (compatible; MJ12bot/v1.4.8; http://mj12bot.com/)" "www.linassoc.com"
95.217.109.26 - - [18/Sep/2022:20:22:22 -0700] "GET /index073005_files/?C=M;O=A HTTP/1.1" 200 470 "-" "Mozilla/5.0 (compatible; MJ12bot/v1.4.8; http://mj12bot.com/)" "www.linassoc.com"
95.217.109.26 - - [18/Sep/2022:20:22:24 -0700] "GET /index073005_files/?C=N;O=D HTTP/1.1" 200 464 "-" "Mozilla/5.0 (compatible; MJ12bot/v1.4.8; http://mj12bot.com/)" "www.linassoc.com"
95.217.109.26 - - [18/Sep/2022:20:22:26 -0700] "GET /index073005_files/?C=S;O=A HTTP/1.1" 200 466 "-" "Mozilla/5.0 (compatible; MJ12bot/v1.4.8; http://mj12bot.com/)" "www.linassoc.com"
123.125.109.105 - - [18/Sep/2022:20:22:27 -0700] "GET / HTTP/1.1" 200 779 "-" "Sogou web spider/4.0(+http://www.sogou.com/docs/help/webmasters.htm#07)" "www.linassoc.com"
95.217.109.26 - - [18/Sep/2022:20:22:28 -0700] "GET /index073005_files/filelist.xml HTTP/1.1" 200 147 "-" "Mozilla/5.0 (compatible; MJ12bot/v1.4.8; http://mj12bot.com/)" "www.linassoc.com"
95.217.109.26 - - [18/Sep/2022:20:22:30 -0700] "GET /index073005_files/images/ HTTP/1.1" 200 330 "-" "Mozilla/5.0 (compatible; MJ12bot/v1.4.8; http://mj12bot.com/)" "www.linassoc.com"
95.217.109.26 - - [18/Sep/2022:20:22:31 -0700] "GET /index073005_files/images/?C=D;O=D HTTP/1.1" 200 328 "-" "Mozilla/5.0 (compatible; MJ12bot/v1.4.8; http://mj12bot.com/)" "www.linassoc.com"
95.217.109.26 - - [18/Sep/2022:20:22:33 -0700] "GET /index073005_files/images/?C=M;O=D HTTP/1.1" 200 328 "-" "Mozilla/5.0 (compatible; MJ12bot/v1.4.8; http://mj12bot.com/)" "www.linassoc.com"
95.217.109.26 - - [18/Sep/2022:20:22:35 -0700] "GET /index073005_files/images/?C=N;O=A HTTP/1.1" 200 330 "-" "Mozilla/5.0 (compatible; MJ12bot/v1.4.8; http://mj12bot.com/)" "www.linassoc.com"
95.217.109.26 - - [18/Sep/2022:20:22:36 -0700] "GET /index073005_files/images/?C=S;O=D HTTP/1.1" 200 328 "-" "Mozilla/5.0 (compatible; MJ12bot/v1.4.8; http://mj12bot.com/)" "www.linassoc.com"
95.217.109.26 - - [18/Sep/2022:20:22:38 -0700] "GET /linassoc072205/?C=D;O=A HTTP/1.1" 200 381 "-" "Mozilla/5.0 (compatible; MJ12bot/v1.4.8; http://mj12bot.com/)" "www.linassoc.com"
95.217.109.26 - - [18/Sep/2022:20:22:40 -0700] "GET /linassoc072205/?C=M;O=A HTTP/1.1" 200 383 "-" "Mozilla/5.0 (compatible; MJ12bot/v1.4.8; http://mj12bot.com/)" "www.linassoc.com"
95.217.109.26 - - [18/Sep/2022:20:22:42 -0700] "GET /linassoc072205/?C=N;O=D HTTP/1.1" 200 380 "-" "Mozilla/5.0 (compatible; MJ12bot/v1.4.8; http://mj12bot.com/)" "www.linassoc.com"
95.217.109.26 - - [18/Sep/2022:20:22:43 -0700] "GET /linassoc072205/?C=S;O=A HTTP/1.1" 200 382 "-" "Mozilla/5.0 (compatible; MJ12bot/v1.4.8; http://mj12bot.com/)" "www.linassoc.com"
95.217.109.26 - - [18/Sep/2022:20:22:45 -0700] "GET /linassoc072205/profile062605_files/ HTTP/1.1" 200 439 "-" "Mozilla/5.0 (compatible; MJ12bot/v1.4.8; http://mj12bot.com/)" "www.linassoc.com"
95.217.109.26 - - [18/Sep/2022:20:22:47 -0700] "GET /linassoc072205/profile062605_files/?C=D;O=D HTTP/1.1" 200 438 "-" "Mozilla/5.0 (compatible; MJ12bot/v1.4.8; http://mj12bot.com/)" "www.linassoc.com"
95.217.109.26 - - [18/Sep/2022:20:22:49 -0700] "GET /linassoc072205/profile062605_files/?C=M;O=D HTTP/1.1" 200 438 "-" "Mozilla/5.0 (compatible; MJ12bot/v1.4.8; http://mj12bot.com/)" "www.linassoc.com"
95.217.109.26 - - [18/Sep/2022:20:22:51 -0700] "GET /linassoc072205/profile062605_files/?C=N;O=A HTTP/1.1" 200 439 "-" "Mozilla/5.0 (compatible; MJ12bot/v1.4.8; http://mj12bot.com/)" "www.linassoc.com"
95.217.109.26 - - [18/Sep/2022:20:22:53 -0700] "GET /linassoc072205/profile062605_files/?C=S;O=D HTTP/1.1" 200 438 "-" "Mozilla/5.0 (compatible; MJ12bot/v1.4.8; http://mj12bot.com/)" "www.linassoc.com"
95.217.109.26 - - [18/Sep/2022:20:22:55 -0700] "GET /linassoc072205/profile_files/ HTTP/1.1" 200 446 "-" "Mozilla/5.0 (compatible; MJ12bot/v1.4.8; http://mj12bot.com/)" "www.linassoc.com"
95.217.109.26 - - [18/Sep/2022:20:22:56 -0700] "GET /linassoc072205/profile_files/?C=D;O=D HTTP/1.1" 200 444 "-" "Mozilla/5.0 (compatible; MJ12bot/v1.4.8; http://mj12bot.com/)" "www.linassoc.com"
95.217.109.26 - - [18/Sep/2022:20:22:58 -0700] "GET /linassoc072205/profile_files/?C=M;O=D HTTP/1.1" 200 444 "-" "Mozilla/5.0 (compatible; MJ12bot/v1.4.8; http://mj12bot.com/)" "www.linassoc.com"
95.217.109.26 - - [18/Sep/2022:20:23:00 -0700] "GET /linassoc072205/profile_files/?C=N;O=A HTTP/1.1" 200 446 "-" "Mozilla/5.0 (compatible; MJ12bot/v1.4.8; http://mj12bot.com/)" "www.linassoc.com"
95.217.109.26 - - [18/Sep/2022:20:23:02 -0700] "GET /linassoc072205/profile_files/?C=S;O=D HTTP/1.1" 200 448 "-" "Mozilla/5.0 (compatible; MJ12bot/v1.4.8; http://mj12bot.com/)" "www.linassoc.com"
95.217.109.26 - - [18/Sep/2022:20:23:03 -0700] "GET /profile062605_files/?C=D;O=A HTTP/1.1" 200 457 "-" "Mozilla/5.0 (compatible; MJ12bot/v1.4.8; http://mj12bot.com/)" "www.linassoc.com"
95.217.109.26 - - [18/Sep/2022:20:23:05 -0700] "GET /profile062605_files/?C=M;O=A HTTP/1.1" 200 459 "-" "Mozilla/5.0 (compatible; MJ12bot/v1.4.8; http://mj12bot.com/)" "www.linassoc.com"
95.217.109.26 - - [18/Sep/2022:20:23:07 -0700] "GET /profile062605_files/?C=N;O=D HTTP/1.1" 200 455 "-" "Mozilla/5.0 (compatible; MJ12bot/v1.4.8; http://mj12bot.com/)" "www.linassoc.com"
95.217.109.26 - - [18/Sep/2022:20:23:08 -0700] "GET /profile062605_files/?C=S;O=A HTTP/1.1" 200 455 "-" "Mozilla/5.0 (compatible; MJ12bot/v1.4.8; http://mj12bot.com/)" "www.linassoc.com"
95.217.109.26 - - [18/Sep/2022:20:23:10 -0700] "GET /profile062605_files/filelist.xml HTTP/1.1" 200 138 "-" "Mozilla/5.0 (compatible; MJ12bot/v1.4.8; http://mj12bot.com/)" "www.linassoc.com"
95.217.109.26 - - [18/Sep/2022:20:23:12 -0700] "GET /profile062605_files/images/ HTTP/1.1" 200 332 "-" "Mozilla/5.0 (compatible; MJ12bot/v1.4.8; http://mj12bot.com/)" "www.linassoc.com"
95.217.109.26 - - [18/Sep/2022:20:23:14 -0700] "GET /profile062605_files/images/?C=M;O=D HTTP/1.1" 200 330 "-" "Mozilla/5.0 (compatible; MJ12bot/v1.4.8; http://mj12bot.com/)" "www.linassoc.com"
95.217.109.26 - - [18/Sep/2022:20:23:16 -0700] "GET /profile062605_files/images/?C=N;O=A HTTP/1.1" 200 332 "-" "Mozilla/5.0 (compatible; MJ12bot/v1.4.8; http://mj12bot.com/)" "www.linassoc.com"
95.217.109.26 - - [18/Sep/2022:20:23:18 -0700] "GET /profile062605_files/images/?C=S;O=D HTTP/1.1" 200 330 "-" "Mozilla/5.0 (compatible; MJ12bot/v1.4.8; http://mj12bot.com/)" "www.linassoc.com"
95.217.109.26 - - [18/Sep/2022:20:23:19 -0700] "GET /profile_files/?C=D;O=A HTTP/1.1" 200 457 "-" "Mozilla/5.0 (compatible; MJ12bot/v1.4.8; http://mj12bot.com/)" "www.linassoc.com"
95.217.109.26 - - [18/Sep/2022:20:23:21 -0700] "GET /profile_files/?C=M;O=A HTTP/1.1" 200 458 "-" "Mozilla/5.0 (compatible; MJ12bot/v1.4.8; http://mj12bot.com/)" "www.linassoc.com"
95.217.109.26 - - [18/Sep/2022:20:23:23 -0700] "GET /profile_files/?C=N;O=D HTTP/1.1" 200 453 "-" "Mozilla/5.0 (compatible; MJ12bot/v1.4.8; http://mj12bot.com/)" "www.linassoc.com"
95.217.109.26 - - [18/Sep/2022:20:23:25 -0700] "GET /profile_files/?C=S;O=A HTTP/1.1" 200 454 "-" "Mozilla/5.0 (compatible; MJ12bot/v1.4.8; http://mj12bot.com/)" "www.linassoc.com"
95.217.109.26 - - [18/Sep/2022:20:23:26 -0700] "GET /profile_files/filelist.xml HTTP/1.1" 200 138 "-" "Mozilla/5.0 (compatible; MJ12bot/v1.4.8; http://mj12bot.com/)" "www.linassoc.com"
95.217.109.26 - - [18/Sep/2022:20:23:28 -0700] "GET /profile_files/images/ HTTP/1.1" 200 323 "-" "Mozilla/5.0 (compatible; MJ12bot/v1.4.8; http://mj12bot.com/)" "www.linassoc.com"
95.217.109.26 - - [18/Sep/2022:20:23:30 -0700] "GET /profile_files/images/?C=M;O=D HTTP/1.1" 200 321 "-" "Mozilla/5.0 (compatible; MJ12bot/v1.4.8; http://mj12bot.com/)" "www.linassoc.com"
95.217.109.26 - - [18/Sep/2022:20:23:32 -0700] "GET /profile_files/images/?C=N;O=A HTTP/1.1" 200 323 "-" "Mozilla/5.0 (compatible; MJ12bot/v1.4.8; http://mj12bot.com/)" "www.linassoc.com"
95.217.109.26 - - [18/Sep/2022:20:23:34 -0700] "GET /profile_files/images/?C=S;O=D HTTP/1.1" 200 321 "-" "Mozilla/5.0 (compatible; MJ12bot/v1.4.8; http://mj12bot.com/)" "www.linassoc.com"
216.244.66.245 - - [18/Sep/2022:21:36:20 -0700] "GET /robots.txt HTTP/1.1" 404 73 "-" "Mozilla/5.0 (compatible; DotBot/1.2; +https://opensiteexplorer.org/dotbot; help@moz.com)" "linassoc.com"
216.244.66.245 - - [18/Sep/2022:21:36:20 -0700] "GET /robots.txt HTTP/1.1" 404 73 "-" "Mozilla/5.0 (compatible; DotBot/1.2; +https://opensiteexplorer.org/dotbot; help@moz.com)" "www.linassoc.com"
216.244.66.245 - - [18/Sep/2022:22:31:06 -0700] "GET /robots.txt HTTP/1.1" 404 73 "-" "Mozilla/5.0 (compatible; DotBot/1.2; +https://opensiteexplorer.org/dotbot; help@moz.com)" "www.linassoc.com"
216.244.66.245 - - [18/Sep/2022:22:31:06 -0700] "GET /robots.txt HTTP/1.1" 404 73 "-" "Mozilla/5.0 (compatible; DotBot/1.2; +https://opensiteexplorer.org/dotbot; help@moz.com)" "linassoc.com"
216.244.66.245 - - [18/Sep/2022:23:24:38 -0700] "GET /robots.txt HTTP/1.1" 404 73 "-" "Mozilla/5.0 (compatible; DotBot/1.2; +https://opensiteexplorer.org/dotbot; help@moz.com)" "www.linassoc.com"
216.244.66.245 - - [18/Sep/2022:23:24:38 -0700] "GET /robots.txt HTTP/1.1" 404 73 "-" "Mozilla/5.0 (compatible; DotBot/1.2; +https://opensiteexplorer.org/dotbot; help@moz.com)" "linassoc.com"
216.244.66.245 - - [19/Sep/2022:00:19:35 -0700] "GET /robots.txt HTTP/1.1" 404 73 "-" "Mozilla/5.0 (compatible; DotBot/1.2; +https://opensiteexplorer.org/dotbot; help@moz.com)" "www.linassoc.com"
216.244.66.245 - - [19/Sep/2022:00:19:35 -0700] "GET /robots.txt HTTP/1.1" 404 73 "-" "Mozilla/5.0 (compatible; DotBot/1.2; +https://opensiteexplorer.org/dotbot; help@moz.com)" "linassoc.com"
123.183.224.24 - - [19/Sep/2022:01:09:37 -0700] "GET / HTTP/1.1" 200 779 "-" "Sogou web spider/4.0(+http://www.sogou.com/docs/help/webmasters.htm#07)" "www.linassoc.com"
220.249.46.28 - - [19/Sep/2022:01:13:15 -0700] "GET / HTTP/1.1" 200 779 "http://www.sogou.com/web?query=site%3Awww.linassoc.com" "Mozilla/5.0 (Windows NT 6.1; Win64; x64) AppleWebKit/537.36 (KHTML, like Gecko) Chrome/74.0.3729.169 Safari/537.36" "www.linassoc.com"
216.244.66.245 - - [19/Sep/2022:01:13:53 -0700] "GET /robots.txt HTTP/1.1" 404 73 "-" "Mozilla/5.0 (compatible; DotBot/1.2; +https://opensiteexplorer.org/dotbot; help@moz.com)" "www.linassoc.com"
216.244.66.245 - - [19/Sep/2022:01:13:53 -0700] "GET /robots.txt HTTP/1.1" 404 73 "-" "Mozilla/5.0 (compatible; DotBot/1.2; +https://opensiteexplorer.org/dotbot; help@moz.com)" "linassoc.com"
34.74.168.122 - - [19/Sep/2022:01:37:02 -0700] "GET /robots.txt HTTP/1.1" 404 88 "-" "ZoominfoBot (zoominfobot at zoominfo dot com)" "linassoc.com"
34.74.168.122 - - [19/Sep/2022:01:37:03 -0700] "GET / HTTP/1.1" 200 779 "-" "ZoominfoBot (zoominfobot at zoominfo dot com)" "linassoc.com"
61.135.159.123 - - [19/Sep/2022:01:48:04 -0700] "GET / HTTP/1.1" 200 779 "-" "Sogou web spider/4.0(+http://www.sogou.com/docs/help/webmasters.htm#07)" "www.linassoc.com"
114.119.130.248 - - [19/Sep/2022:01:58:29 -0700] "GET /robots.txt HTTP/1.1" 404 88 "-" "Mozilla/5.0 (compatible;PetalBot;+https://webmaster.petalsearch.com/site/petalbot)" "linassoc.com"
123.125.109.105 - - [19/Sep/2022:02:00:42 -0700] "GET / HTTP/1.1" 200 779 "-" "Sogou web spider/4.0(+http://www.sogou.com/docs/help/webmasters.htm#07)" "linassoc.com"
216.244.66.245 - - [19/Sep/2022:02:06:04 -0700] "GET /robots.txt HTTP/1.1" 404 73 "-" "Mozilla/5.0 (compatible; DotBot/1.2; +https://opensiteexplorer.org/dotbot; help@moz.com)" "linassoc.com"
216.244.66.245 - - [19/Sep/2022:02:06:04 -0700] "GET /robots.txt HTTP/1.1" 404 73 "-" "Mozilla/5.0 (compatible; DotBot/1.2; +https://opensiteexplorer.org/dotbot; help@moz.com)" "www.linassoc.com"
154.51.131.142 - - [19/Sep/2022:02:47:27 -0700] "GET / HTTP/1.1" 200 779 "-" "Mozilla/5.0 (Windows NT 10.0; Win64; x64) AppleWebKit/537.36 (KHTML, like Gecko) Chrome/79.0.3945.130 Safari/537.36" "linassoc.com"
216.244.66.245 - - [19/Sep/2022:02:58:17 -0700] "GET /robots.txt HTTP/1.1" 404 73 "-" "Mozilla/5.0 (compatible; DotBot/1.2; +https://opensiteexplorer.org/dotbot; help@moz.com)" "www.linassoc.com"
216.244.66.245 - - [19/Sep/2022:02:58:17 -0700] "GET /robots.txt HTTP/1.1" 404 73 "-" "Mozilla/5.0 (compatible; DotBot/1.2; +https://opensiteexplorer.org/dotbot; help@moz.com)" "linassoc.com"
176.96.235.0 - - [19/Sep/2022:02:59:08 -0700] "GET /administrator/ HTTP/1.1" 404 88 "-" "Mozilla/5.0 (Windows NT 6.0; rv:34.0) Gecko/20100101 Firefox/34.0" "linassoc.com"
176.96.235.0 - - [19/Sep/2022:02:59:08 -0700] "GET /administrator/index.php HTTP/1.1" 404 88 "http://linassoc.com/administrator/" "Mozilla/5.0 (Windows NT 6.0; rv:34.0) Gecko/20100101 Firefox/34.0" "linassoc.com"
176.96.235.0 - - [19/Sep/2022:02:59:08 -0700] "GET /wp-login.php HTTP/1.1" 404 88 "-" "Mozilla/5.0 (Windows NT 6.0; rv:34.0) Gecko/20100101 Firefox/34.0" "linassoc.com"
176.96.235.0 - - [19/Sep/2022:02:59:09 -0700] "GET /wp-admin/ HTTP/1.1" 404 88 "http://linassoc.com/wp-login.php" "Mozilla/5.0 (Windows NT 6.0; rv:34.0) Gecko/20100101 Firefox/34.0" "linassoc.com"
176.96.235.0 - - [19/Sep/2022:02:59:09 -0700] "GET /admin.php HTTP/1.1" 404 88 "-" "Mozilla/5.0 (Windows NT 6.0; rv:34.0) Gecko/20100101 Firefox/34.0" "linassoc.com"
176.96.235.0 - - [19/Sep/2022:02:59:09 -0700] "GET /admin HTTP/1.1" 404 88 "-" "Mozilla/5.0 (Windows NT 6.0; rv:34.0) Gecko/20100101 Firefox/34.0" "linassoc.com"
176.96.235.0 - - [19/Sep/2022:02:59:10 -0700] "GET /admin HTTP/1.1" 404 88 "-" "Mozilla/5.0 (Windows NT 6.0; rv:34.0) Gecko/20100101 Firefox/34.0" "linassoc.com"
176.96.235.0 - - [19/Sep/2022:02:59:10 -0700] "GET /admin/ HTTP/1.1" 404 88 "-" "Mozilla/5.0 (Windows NT 6.0; rv:34.0) Gecko/20100101 Firefox/34.0" "linassoc.com"
178.175.135.7 - - [19/Sep/2022:02:59:13 -0700] "GET /administrator/ HTTP/1.1" 404 88 "-" "Mozilla/5.0 (Windows NT 6.0; rv:34.0) Gecko/20100101 Firefox/34.0" "linassoc.com"
178.175.135.7 - - [19/Sep/2022:02:59:14 -0700] "GET /administrator/index.php HTTP/1.1" 404 88 "http://linassoc.com/administrator/" "Mozilla/5.0 (Windows NT 6.0; rv:34.0) Gecko/20100101 Firefox/34.0" "linassoc.com"
185.220.103.4 - - [19/Sep/2022:02:59:19 -0700] "GET /wp-login.php HTTP/1.1" 404 88 "-" "Mozilla/5.0 (Windows NT 6.0; rv:34.0) Gecko/20100101 Firefox/34.0" "linassoc.com"
185.220.103.4 - - [19/Sep/2022:02:59:20 -0700] "GET /wp-admin/ HTTP/1.1" 404 88 "http://linassoc.com/wp-login.php" "Mozilla/5.0 (Windows NT 6.0; rv:34.0) Gecko/20100101 Firefox/34.0" "linassoc.com"
51.195.103.74 - - [19/Sep/2022:02:59:24 -0700] "GET /admin.php HTTP/1.1" 404 88 "-" "Mozilla/5.0 (Windows NT 6.0; rv:34.0) Gecko/20100101 Firefox/34.0" "linassoc.com"
185.220.100.253 - - [19/Sep/2022:02:59:25 -0700] "GET /admin HTTP/1.1" 404 88 "-" "Mozilla/5.0 (Windows NT 6.0; rv:34.0) Gecko/20100101 Firefox/34.0" "linassoc.com"
142.44.170.136 - - [19/Sep/2022:02:59:27 -0700] "GET /admin HTTP/1.1" 404 88 "-" "Mozilla/5.0 (Windows NT 6.0; rv:34.0) Gecko/20100101 Firefox/34.0" "linassoc.com"
141.98.9.47 - - [19/Sep/2022:02:59:30 -0700] "GET /admin/ HTTP/1.1" 404 88 "-" "Mozilla/5.0 (Windows NT 6.0; rv:34.0) Gecko/20100101 Firefox/34.0" "linassoc.com"
216.244.66.245 - - [19/Sep/2022:03:51:03 -0700] "GET /robots.txt HTTP/1.1" 404 73 "-" "Mozilla/5.0 (compatible; DotBot/1.2; +https://opensiteexplorer.org/dotbot; help@moz.com)" "linassoc.com"
216.244.66.245 - - [19/Sep/2022:03:51:03 -0700] "GET /robots.txt HTTP/1.1" 404 73 "-" "Mozilla/5.0 (compatible; DotBot/1.2; +https://opensiteexplorer.org/dotbot; help@moz.com)" "www.linassoc.com"
216.244.66.245 - - [19/Sep/2022:04:43:40 -0700] "GET /robots.txt HTTP/1.1" 404 73 "-" "Mozilla/5.0 (compatible; DotBot/1.2; +https://opensiteexplorer.org/dotbot; help@moz.com)" "www.linassoc.com"
216.244.66.245 - - [19/Sep/2022:04:43:40 -0700] "GET /robots.txt HTTP/1.1" 404 73 "-" "Mozilla/5.0 (compatible; DotBot/1.2; +https://opensiteexplorer.org/dotbot; help@moz.com)" "linassoc.com"
61.135.159.123 - - [19/Sep/2022:04:58:04 -0700] "GET / HTTP/1.1" 200 779 "-" "Sogou web spider/4.0(+http://www.sogou.com/docs/help/webmasters.htm#07)" "www.linassoc.com"
216.244.66.245 - - [19/Sep/2022:05:36:40 -0700] "GET /robots.txt HTTP/1.1" 404 73 "-" "Mozilla/5.0 (compatible; DotBot/1.2; +https://opensiteexplorer.org/dotbot; help@moz.com)" "linassoc.com"
216.244.66.245 - - [19/Sep/2022:05:36:40 -0700] "GET /robots.txt HTTP/1.1" 404 73 "-" "Mozilla/5.0 (compatible; DotBot/1.2; +https://opensiteexplorer.org/dotbot; help@moz.com)" "www.linassoc.com"
123.125.109.105 - - [19/Sep/2022:05:38:31 -0700] "GET / HTTP/1.1" 200 779 "-" "Sogou web spider/4.0(+http://www.sogou.com/docs/help/webmasters.htm#07)" "linassoc.com"
54.174.54.118 - - [19/Sep/2022:05:46:07 -0700] "HEAD / HTTP/1.1" 200 - "-" "HubSpot Connect 2.0 (http://dev.hubspot.com/) (namespace: domainValidationHttpClient) - BizOpsCompanies-Tq2-BizCoDomainValidationAudit" "linassoc.com"
40.77.167.101 - - [19/Sep/2022:06:00:04 -0700] "GET /robots.txt HTTP/1.1" 404 88 "-" "Mozilla/5.0 (compatible; bingbot/2.0; +http://www.bing.com/bingbot.htm)" "www.linassoc.com"
40.77.167.101 - - [19/Sep/2022:06:00:04 -0700] "GET /robots.txt HTTP/1.1" 404 88 "-" "Mozilla/5.0 (compatible; bingbot/2.0; +http://www.bing.com/bingbot.htm)" "www.linassoc.com"
157.55.39.18 - - [19/Sep/2022:06:00:15 -0700] "GET /profile_files/_private/ HTTP/1.1" 403 170 "-" "Mozilla/5.0 (compatible; bingbot/2.0; +http://www.bing.com/bingbot.htm)" "www.linassoc.com"
54.184.236.120 - - [19/Sep/2022:06:27:41 -0700] "GET / HTTP/1.1" 200 779 "-" "Mozilla/5.0 (X11; Linux x86_64) AppleWebKit/537.36 (KHTML, like Gecko) Chrome/83.0.4103.97 Safari/537.36" "linassoc.com"
35.88.76.192 - - [19/Sep/2022:06:27:45 -0700] "GET / HTTP/1.1" 200 779 "-" "Mozilla/5.0 (X11; Linux x86_64) AppleWebKit/537.36 (KHTML, like Gecko) Chrome/83.0.4103.97 Safari/537.36" "linassoc.com"
54.201.150.170 - - [19/Sep/2022:06:28:01 -0700] "GET /favicon.ico HTTP/1.1" 404 88 "-" "Mozilla/5.0 (X11; Linux x86_64) AppleWebKit/537.36 (KHTML, like Gecko) Chrome/83.0.4103.97 Safari/537.36" "linassoc.com"
54.201.150.170 - - [19/Sep/2022:06:28:04 -0700] "GET / HTTP/1.1" 200 779 "-" "Mozilla/5.0 (X11; Linux x86_64) AppleWebKit/537.36 (KHTML, like Gecko) Chrome/83.0.4103.97 Safari/537.36" "linassoc.com"
34.221.195.188 - - [19/Sep/2022:06:28:15 -0700] "GET /favicon.ico HTTP/1.1" 404 88 "-" "Mozilla/5.0 (X11; Linux x86_64) AppleWebKit/537.36 (KHTML, like Gecko) Chrome/83.0.4103.97 Safari/537.36" "linassoc.com"
34.221.195.188 - - [19/Sep/2022:06:28:15 -0700] "GET / HTTP/1.1" 200 779 "-" "Mozilla/5.0 (X11; Linux x86_64) AppleWebKit/537.36 (KHTML, like Gecko) Chrome/83.0.4103.97 Safari/537.36" "linassoc.com"
216.244.66.245 - - [19/Sep/2022:06:31:02 -0700] "GET /robots.txt HTTP/1.1" 404 73 "-" "Mozilla/5.0 (compatible; DotBot/1.2; +https://opensiteexplorer.org/dotbot; help@moz.com)" "www.linassoc.com"
216.244.66.245 - - [19/Sep/2022:06:31:02 -0700] "GET /robots.txt HTTP/1.1" 404 73 "-" "Mozilla/5.0 (compatible; DotBot/1.2; +https://opensiteexplorer.org/dotbot; help@moz.com)" "linassoc.com"
216.244.66.245 - - [19/Sep/2022:07:24:35 -0700] "GET /robots.txt HTTP/1.1" 404 73 "-" "Mozilla/5.0 (compatible; DotBot/1.2; +https://opensiteexplorer.org/dotbot; help@moz.com)" "linassoc.com"
5.255.253.181 - - [19/Sep/2022:07:32:30 -0700] "GET /robots.txt HTTP/1.1" 404 73 "-" "Mozilla/5.0 (compatible; YandexBot/3.0; +http://yandex.com/bots)" "www.linassoc.com"
95.108.213.22 - - [19/Sep/2022:07:32:34 -0700] "GET / HTTP/1.1" 200 779 "-" "Mozilla/5.0 (compatible; YandexBot/3.0; +http://yandex.com/bots)" "www.linassoc.com"
216.244.66.245 - - [19/Sep/2022:09:07:03 -0700] "GET /robots.txt HTTP/1.1" 404 73 "-" "Mozilla/5.0 (compatible; DotBot/1.2; +https://opensiteexplorer.org/dotbot; help@moz.com)" "linassoc.com"
216.244.66.245 - - [19/Sep/2022:09:07:03 -0700] "GET /robots.txt HTTP/1.1" 404 73 "-" "Mozilla/5.0 (compatible; DotBot/1.2; +https://opensiteexplorer.org/dotbot; help@moz.com)" "www.linassoc.com"
51.15.183.168 - - [19/Sep/2022:09:30:56 -0700] "GET /fckeditor/editor/filemanager/browser/default/connectors/php/connector.php?Command=GetFoldersAndFiles&Type=File&CurrentFolder=%2F HTTP/1.1" 404 73 "-" "Mozilla/5.0 (Windows NT 6.3; Win64; x64) AppleWebKit/537.36 (KHTML, like Gecko) Chrome/75.0.3770.100 Safari/537.36" "linassoc.com"
216.244.66.245 - - [19/Sep/2022:09:58:19 -0700] "GET /robots.txt HTTP/1.1" 404 73 "-" "Mozilla/5.0 (compatible; DotBot/1.2; +https://opensiteexplorer.org/dotbot; help@moz.com)" "linassoc.com"
216.244.66.245 - - [19/Sep/2022:09:58:19 -0700] "GET /robots.txt HTTP/1.1" 404 73 "-" "Mozilla/5.0 (compatible; DotBot/1.2; +https://opensiteexplorer.org/dotbot; help@moz.com)" "www.linassoc.com"
40.77.167.68 - - [19/Sep/2022:10:23:21 -0700] "GET /_themes/water/ HTTP/1.1" 200 907 "-" "Mozilla/5.0 (compatible; bingbot/2.0; +http://www.bing.com/bingbot.htm)" "www.linassoc.com"
216.244.66.245 - - [19/Sep/2022:10:49:00 -0700] "GET /robots.txt HTTP/1.1" 404 73 "-" "Mozilla/5.0 (compatible; DotBot/1.2; +https://opensiteexplorer.org/dotbot; help@moz.com)" "www.linassoc.com"
216.244.66.245 - - [19/Sep/2022:10:49:00 -0700] "GET /robots.txt HTTP/1.1" 404 73 "-" "Mozilla/5.0 (compatible; DotBot/1.2; +https://opensiteexplorer.org/dotbot; help@moz.com)" "linassoc.com"
34.139.189.70 - - [19/Sep/2022:11:15:03 -0700] "GET /robots.txt HTTP/1.1" 404 88 "-" "ZoominfoBot (zoominfobot at zoominfo dot com)" "linassoc.com"
34.139.189.70 - - [19/Sep/2022:11:15:04 -0700] "GET / HTTP/1.1" 200 779 "-" "ZoominfoBot (zoominfobot at zoominfo dot com)" "linassoc.com"
46.161.27.153 - - [19/Sep/2022:11:27:42 -0700] "GET /administrator/ HTTP/1.1" 404 88 "-" "Mozilla/5.0 (Windows NT 10.0; Win64; x64) AppleWebKit/537.36 (KHTML, like Gecko) Chrome/64.0.3282.140 Safari/537.36 Edge/18.17763" "linassoc.com"
216.244.66.245 - - [19/Sep/2022:12:31:21 -0700] "GET /robots.txt HTTP/1.1" 404 73 "-" "Mozilla/5.0 (compatible; DotBot/1.2; +https://opensiteexplorer.org/dotbot; help@moz.com)" "www.linassoc.com"
216.244.66.245 - - [19/Sep/2022:12:31:21 -0700] "GET /robots.txt HTTP/1.1" 404 73 "-" "Mozilla/5.0 (compatible; DotBot/1.2; +https://opensiteexplorer.org/dotbot; help@moz.com)" "linassoc.com"
51.15.91.122 - - [19/Sep/2022:12:50:35 -0700] "GET / HTTP/1.1" 200 779 "-" "Mozilla/5.0 (Windows NT 10.0; Win64; x64) AppleWebKit/537.36 (KHTML, like Gecko) Chrome/67.0.3396.87 Safari/537.36" "linassoc.com"
216.244.66.245 - - [19/Sep/2022:14:14:11 -0700] "GET /robots.txt HTTP/1.1" 404 73 "-" "Mozilla/5.0 (compatible; DotBot/1.2; +https://opensiteexplorer.org/dotbot; help@moz.com)" "www.linassoc.com"
216.244.66.245 - - [19/Sep/2022:15:57:24 -0700] "GET /robots.txt HTTP/1.1" 404 73 "-" "Mozilla/5.0 (compatible; DotBot/1.2; +https://opensiteexplorer.org/dotbot; help@moz.com)" "www.linassoc.com"
216.244.66.245 - - [19/Sep/2022:15:57:24 -0700] "GET /robots.txt HTTP/1.1" 404 73 "-" "Mozilla/5.0 (compatible; DotBot/1.2; +https://opensiteexplorer.org/dotbot; help@moz.com)" "linassoc.com"
51.15.183.168 - - [19/Sep/2022:16:05:32 -0700] "GET /admin/fckeditor/editor/filemanager/browser/default/connectors/php/connector.php?Command=GetFoldersAndFiles&Type=File&CurrentFolder=%2F HTTP/1.1" 404 73 "-" "Mozilla/5.0 (Windows NT 6.3; Win64; x64) AppleWebKit/537.36 (KHTML, like Gecko) Chrome/75.0.3770.100 Safari/537.36" "linassoc.com"
157.90.177.213 - - [19/Sep/2022:16:46:25 -0700] "GET /robots.txt HTTP/1.1" 404 88 "-" "Mozilla/5.0 (compatible; BLEXBot/1.0; +http://webmeup-crawler.com/)" "linassoc.com"
157.90.177.213 - - [19/Sep/2022:16:46:28 -0700] "GET /sitemap HTTP/1.1" 404 88 "-" "Mozilla/5.0 (compatible; BLEXBot/1.0; +http://webmeup-crawler.com/)" "linassoc.com"
157.90.177.213 - - [19/Sep/2022:16:46:30 -0700] "GET /sitemap.txt HTTP/1.1" 404 88 "-" "Mozilla/5.0 (compatible; BLEXBot/1.0; +http://webmeup-crawler.com/)" "linassoc.com"
216.244.66.245 - - [19/Sep/2022:16:47:44 -0700] "GET /robots.txt HTTP/1.1" 404 73 "-" "Mozilla/5.0 (compatible; DotBot/1.2; +https://opensiteexplorer.org/dotbot; help@moz.com)" "www.linassoc.com"
216.244.66.245 - - [19/Sep/2022:16:47:44 -0700] "GET /robots.txt HTTP/1.1" 404 73 "-" "Mozilla/5.0 (compatible; DotBot/1.2; +https://opensiteexplorer.org/dotbot; help@moz.com)" "linassoc.com"
49.7.20.120 - - [19/Sep/2022:17:10:36 -0700] "GET / HTTP/1.1" 200 779 "-" "Sogou web spider/4.0(+http://www.sogou.com/docs/help/webmasters.htm#07)" "www.linassoc.com"
216.244.66.245 - - [19/Sep/2022:17:40:21 -0700] "GET /robots.txt HTTP/1.1" 404 73 "-" "Mozilla/5.0 (compatible; DotBot/1.2; +https://opensiteexplorer.org/dotbot; help@moz.com)" "linassoc.com"
216.244.66.245 - - [19/Sep/2022:17:40:21 -0700] "GET /robots.txt HTTP/1.1" 404 73 "-" "Mozilla/5.0 (compatible; DotBot/1.2; +https://opensiteexplorer.org/dotbot; help@moz.com)" "www.linassoc.com"
216.244.66.245 - - [19/Sep/2022:18:33:01 -0700] "GET /robots.txt HTTP/1.1" 404 73 "-" "Mozilla/5.0 (compatible; DotBot/1.2; +https://opensiteexplorer.org/dotbot; help@moz.com)" "www.linassoc.com"
216.244.66.245 - - [19/Sep/2022:18:33:01 -0700] "GET /robots.txt HTTP/1.1" 404 73 "-" "Mozilla/5.0 (compatible; DotBot/1.2; +https://opensiteexplorer.org/dotbot; help@moz.com)" "linassoc.com"
38.242.155.167 - - [19/Sep/2022:19:23:49 -0700] "GET /robots.txt HTTP/1.1" 404 73 "-" "Mozilla/5.0 (compatible; MJ12bot/v1.4.8; http://mj12bot.com/)" "www.linassoc.com"
38.242.155.167 - - [19/Sep/2022:19:24:05 -0700] "GET /_derived/?C=D;O=A HTTP/1.1" 200 314 "-" "Mozilla/5.0 (compatible; MJ12bot/v1.4.8; http://mj12bot.com/)" "www.linassoc.com"
38.242.155.167 - - [19/Sep/2022:19:24:17 -0700] "GET /_derived/?C=M;O=A HTTP/1.1" 200 315 "-" "Mozilla/5.0 (compatible; MJ12bot/v1.4.8; http://mj12bot.com/)" "www.linassoc.com"
216.244.66.245 - - [19/Sep/2022:19:24:29 -0700] "GET /robots.txt HTTP/1.1" 404 73 "-" "Mozilla/5.0 (compatible; DotBot/1.2; +https://opensiteexplorer.org/dotbot; help@moz.com)" "linassoc.com"
216.244.66.245 - - [19/Sep/2022:19:24:29 -0700] "GET /robots.txt HTTP/1.1" 404 73 "-" "Mozilla/5.0 (compatible; DotBot/1.2; +https://opensiteexplorer.org/dotbot; help@moz.com)" "www.linassoc.com"
38.242.155.167 - - [19/Sep/2022:19:24:30 -0700] "GET /_derived/?C=N;O=D HTTP/1.1" 200 313 "-" "Mozilla/5.0 (compatible; MJ12bot/v1.4.8; http://mj12bot.com/)" "www.linassoc.com"
38.242.155.167 - - [19/Sep/2022:19:24:37 -0700] "GET /_derived/?C=S;O=A HTTP/1.1" 200 315 "-" "Mozilla/5.0 (compatible; MJ12bot/v1.4.8; http://mj12bot.com/)" "www.linassoc.com"
38.242.155.167 - - [19/Sep/2022:19:24:49 -0700] "GET /_fpclass/?C=D;O=A HTTP/1.1" 200 313 "-" "Mozilla/5.0 (compatible; MJ12bot/v1.4.8; http://mj12bot.com/)" "www.linassoc.com"
38.242.155.167 - - [19/Sep/2022:19:24:59 -0700] "GET /_fpclass/?C=M;O=A HTTP/1.1" 200 314 "-" "Mozilla/5.0 (compatible; MJ12bot/v1.4.8; http://mj12bot.com/)" "www.linassoc.com"
38.242.155.167 - - [19/Sep/2022:19:25:09 -0700] "GET /_fpclass/?C=N;O=D HTTP/1.1" 200 311 "-" "Mozilla/5.0 (compatible; MJ12bot/v1.4.8; http://mj12bot.com/)" "www.linassoc.com"
38.242.155.167 - - [19/Sep/2022:19:25:19 -0700] "GET /_fpclass/?C=S;O=A HTTP/1.1" 200 314 "-" "Mozilla/5.0 (compatible; MJ12bot/v1.4.8; http://mj12bot.com/)" "www.linassoc.com"
38.242.155.167 - - [19/Sep/2022:19:25:24 -0700] "GET /index062605_files/?C=D;O=A HTTP/1.1" 200 322 "-" "Mozilla/5.0 (compatible; MJ12bot/v1.4.8; http://mj12bot.com/)" "www.linassoc.com"
38.242.155.167 - - [19/Sep/2022:19:25:33 -0700] "GET /index062605_files/?C=M;O=A HTTP/1.1" 200 321 "-" "Mozilla/5.0 (compatible; MJ12bot/v1.4.8; http://mj12bot.com/)" "www.linassoc.com"
38.242.155.167 - - [19/Sep/2022:19:25:40 -0700] "GET /index062605_files/?C=N;O=D HTTP/1.1" 200 320 "-" "Mozilla/5.0 (compatible; MJ12bot/v1.4.8; http://mj12bot.com/)" "www.linassoc.com"
38.242.155.167 - - [19/Sep/2022:19:25:46 -0700] "GET /index062605_files/?C=S;O=A HTTP/1.1" 200 321 "-" "Mozilla/5.0 (compatible; MJ12bot/v1.4.8; http://mj12bot.com/)" "www.linassoc.com"
38.242.155.167 - - [19/Sep/2022:19:25:51 -0700] "GET /index2_files/?C=D;O=A HTTP/1.1" 200 315 "-" "Mozilla/5.0 (compatible; MJ12bot/v1.4.8; http://mj12bot.com/)" "www.linassoc.com"
38.242.155.167 - - [19/Sep/2022:19:26:01 -0700] "GET /index2_files/?C=M;O=A HTTP/1.1" 200 314 "-" "Mozilla/5.0 (compatible; MJ12bot/v1.4.8; http://mj12bot.com/)" "www.linassoc.com"
38.242.155.167 - - [19/Sep/2022:19:26:14 -0700] "GET /index2_files/?C=N;O=D HTTP/1.1" 200 313 "-" "Mozilla/5.0 (compatible; MJ12bot/v1.4.8; http://mj12bot.com/)" "www.linassoc.com"
38.242.155.167 - - [19/Sep/2022:19:26:24 -0700] "GET /index2_files/?C=S;O=A HTTP/1.1" 200 314 "-" "Mozilla/5.0 (compatible; MJ12bot/v1.4.8; http://mj12bot.com/)" "www.linassoc.com"
38.242.155.167 - - [19/Sep/2022:19:26:36 -0700] "GET /index_files/?C=D;O=A HTTP/1.1" 200 314 "-" "Mozilla/5.0 (compatible; MJ12bot/v1.4.8; http://mj12bot.com/)" "www.linassoc.com"
38.242.155.167 - - [19/Sep/2022:19:26:46 -0700] "GET /index_files/?C=M;O=A HTTP/1.1" 200 314 "-" "Mozilla/5.0 (compatible; MJ12bot/v1.4.8; http://mj12bot.com/)" "www.linassoc.com"
38.242.155.167 - - [19/Sep/2022:19:26:58 -0700] "GET /index_files/?C=N;O=D HTTP/1.1" 200 313 "-" "Mozilla/5.0 (compatible; MJ12bot/v1.4.8; http://mj12bot.com/)" "www.linassoc.com"
38.242.155.167 - - [19/Sep/2022:19:27:11 -0700] "GET /index_files/?C=S;O=A HTTP/1.1" 200 315 "-" "Mozilla/5.0 (compatible; MJ12bot/v1.4.8; http://mj12bot.com/)" "www.linassoc.com"
38.242.155.167 - - [19/Sep/2022:19:27:24 -0700] "GET /media/?C=D;O=A HTTP/1.1" 200 369 "-" "Mozilla/5.0 (compatible; MJ12bot/v1.4.8; http://mj12bot.com/)" "www.linassoc.com"
38.242.155.167 - - [19/Sep/2022:19:27:33 -0700] "GET /media/?C=M;O=A HTTP/1.1" 200 369 "-" "Mozilla/5.0 (compatible; MJ12bot/v1.4.8; http://mj12bot.com/)" "www.linassoc.com"
38.242.155.167 - - [19/Sep/2022:19:27:43 -0700] "GET /media/?C=N;O=D HTTP/1.1" 200 366 "-" "Mozilla/5.0 (compatible; MJ12bot/v1.4.8; http://mj12bot.com/)" "www.linassoc.com"
38.242.155.167 - - [19/Sep/2022:19:27:55 -0700] "GET /media/?C=S;O=A HTTP/1.1" 200 369 "-" "Mozilla/5.0 (compatible; MJ12bot/v1.4.8; http://mj12bot.com/)" "www.linassoc.com"
38.242.155.167 - - [19/Sep/2022:19:28:06 -0700] "GET /navigation_bars/?C=D;O=A HTTP/1.1" 200 370 "-" "Mozilla/5.0 (compatible; MJ12bot/v1.4.8; http://mj12bot.com/)" "www.linassoc.com"
38.242.155.167 - - [19/Sep/2022:19:28:16 -0700] "GET /navigation_bars/?C=M;O=A HTTP/1.1" 200 370 "-" "Mozilla/5.0 (compatible; MJ12bot/v1.4.8; http://mj12bot.com/)" "www.linassoc.com"
38.242.155.167 - - [19/Sep/2022:19:28:25 -0700] "GET /navigation_bars/?C=N;O=D HTTP/1.1" 200 368 "-" "Mozilla/5.0 (compatible; MJ12bot/v1.4.8; http://mj12bot.com/)" "www.linassoc.com"
38.242.155.167 - - [19/Sep/2022:19:28:36 -0700] "GET /navigation_bars/?C=S;O=A HTTP/1.1" 200 370 "-" "Mozilla/5.0 (compatible; MJ12bot/v1.4.8; http://mj12bot.com/)" "www.linassoc.com"
123.125.109.105 - - [19/Sep/2022:19:36:33 -0700] "GET / HTTP/1.1" 200 779 "-" "Sogou web spider/4.0(+http://www.sogou.com/docs/help/webmasters.htm#07)" "linassoc.com"
61.135.159.123 - - [19/Sep/2022:20:02:37 -0700] "GET / HTTP/1.1" 200 779 "-" "Sogou web spider/4.0(+http://www.sogou.com/docs/help/webmasters.htm#07)" "www.linassoc.com"
216.244.66.245 - - [19/Sep/2022:20:15:59 -0700] "GET /robots.txt HTTP/1.1" 404 73 "-" "Mozilla/5.0 (compatible; DotBot/1.2; +https://opensiteexplorer.org/dotbot; help@moz.com)" "www.linassoc.com"
216.244.66.245 - - [19/Sep/2022:20:15:59 -0700] "GET /robots.txt HTTP/1.1" 404 73 "-" "Mozilla/5.0 (compatible; DotBot/1.2; +https://opensiteexplorer.org/dotbot; help@moz.com)" "linassoc.com"
216.244.66.245 - - [19/Sep/2022:21:56:32 -0700] "GET /robots.txt HTTP/1.1" 404 73 "-" "Mozilla/5.0 (compatible; DotBot/1.2; +https://opensiteexplorer.org/dotbot; help@moz.com)" "www.linassoc.com"
216.244.66.245 - - [19/Sep/2022:21:56:32 -0700] "GET /robots.txt HTTP/1.1" 404 73 "-" "Mozilla/5.0 (compatible; DotBot/1.2; +https://opensiteexplorer.org/dotbot; help@moz.com)" "linassoc.com"
154.54.249.194 - - [19/Sep/2022:22:12:05 -0700] "GET /robots.txt HTTP/1.1" 404 88 "-" "Mozilla/5.0 (compatible; Barkrowler/0.9; +https://babbar.tech/crawler)" "www.linassoc.com"
216.244.66.245 - - [19/Sep/2022:22:46:46 -0700] "GET /robots.txt HTTP/1.1" 404 73 "-" "Mozilla/5.0 (compatible; DotBot/1.2; +https://opensiteexplorer.org/dotbot; help@moz.com)" "linassoc.com"
216.244.66.245 - - [19/Sep/2022:22:46:46 -0700] "GET /robots.txt HTTP/1.1" 404 73 "-" "Mozilla/5.0 (compatible; DotBot/1.2; +https://opensiteexplorer.org/dotbot; help@moz.com)" "www.linassoc.com"
118.184.177.122 - - [19/Sep/2022:23:03:48 -0700] "GET /robots.txt HTTP/1.1" 404 88 "-" "Sogou web spider/4.0(+http://www.sogou.com/docs/help/webmasters.htm#07)" "www.linassoc.com"
154.54.249.194 - - [19/Sep/2022:23:32:24 -0700] "GET /contact_files/?C=N;O=A HTTP/1.1" 200 458 "-" "Mozilla/5.0 (compatible; Barkrowler/0.9; +https://babbar.tech/crawler)" "www.linassoc.com"
216.244.66.245 - - [19/Sep/2022:23:37:47 -0700] "GET /robots.txt HTTP/1.1" 404 73 "-" "Mozilla/5.0 (compatible; DotBot/1.2; +https://opensiteexplorer.org/dotbot; help@moz.com)" "linassoc.com"
194.38.20.161 - - [20/Sep/2022:00:17:59 -0700] "GET /wp-content/themes/konzept/includes/uploadify/upload.php HTTP/1.1" 404 73 "-" "ALittle Client" "linassoc.com"
216.244.66.245 - - [20/Sep/2022:00:28:04 -0700] "GET /robots.txt HTTP/1.1" 404 73 "-" "Mozilla/5.0 (compatible; DotBot/1.2; +https://opensiteexplorer.org/dotbot; help@moz.com)" "www.linassoc.com"
154.54.249.194 - - [20/Sep/2022:00:51:47 -0700] "GET /contact062605_files/?C=S;O=A HTTP/1.1" 200 455 "-" "Mozilla/5.0 (compatible; Barkrowler/0.9; +https://babbar.tech/crawler)" "www.linassoc.com"
118.184.177.65 - - [20/Sep/2022:01:10:08 -0700] "GET / HTTP/1.1" 200 779 "-" "Sogou web spider/4.0(+http://www.sogou.com/docs/help/webmasters.htm#07)" "www.linassoc.com"
216.244.66.245 - - [20/Sep/2022:01:17:54 -0700] "GET /robots.txt HTTP/1.1" 404 73 "-" "Mozilla/5.0 (compatible; DotBot/1.2; +https://opensiteexplorer.org/dotbot; help@moz.com)" "www.linassoc.com"
216.244.66.245 - - [20/Sep/2022:01:17:54 -0700] "GET /robots.txt HTTP/1.1" 404 73 "-" "Mozilla/5.0 (compatible; DotBot/1.2; +https://opensiteexplorer.org/dotbot; help@moz.com)" "linassoc.com"
216.244.66.245 - - [20/Sep/2022:02:08:23 -0700] "GET /robots.txt HTTP/1.1" 404 73 "-" "Mozilla/5.0 (compatible; DotBot/1.2; +https://opensiteexplorer.org/dotbot; help@moz.com)" "linassoc.com"
216.244.66.245 - - [20/Sep/2022:02:08:23 -0700] "GET /robots.txt HTTP/1.1" 404 73 "-" "Mozilla/5.0 (compatible; DotBot/1.2; +https://opensiteexplorer.org/dotbot; help@moz.com)" "www.linassoc.com"
154.54.249.194 - - [20/Sep/2022:02:15:26 -0700] "GET /contact062605_files/?C=D;O=A HTTP/1.1" 200 457 "-" "Mozilla/5.0 (compatible; Barkrowler/0.9; +https://babbar.tech/crawler)" "www.linassoc.com"
216.244.66.245 - - [20/Sep/2022:02:58:41 -0700] "GET /robots.txt HTTP/1.1" 404 73 "-" "Mozilla/5.0 (compatible; DotBot/1.2; +https://opensiteexplorer.org/dotbot; help@moz.com)" "linassoc.com"
216.244.66.245 - - [20/Sep/2022:02:58:41 -0700] "GET /robots.txt HTTP/1.1" 404 73 "-" "Mozilla/5.0 (compatible; DotBot/1.2; +https://opensiteexplorer.org/dotbot; help@moz.com)" "www.linassoc.com"
66.249.66.61 - - [20/Sep/2022:03:24:27 -0700] "GET /robots.txt HTTP/1.1" 404 88 "-" "Mozilla/5.0 (compatible; Googlebot/2.1; +http://www.google.com/bot.html)" "linassoc.com"
66.249.66.32 - - [20/Sep/2022:03:24:28 -0700] "GET /favicon.ico HTTP/1.1" 404 88 "-" "Googlebot-Image/1.0" "linassoc.com"
51.222.253.4 - - [20/Sep/2022:03:39:15 -0700] "GET /robots.txt HTTP/1.1" 404 88 "-" "Mozilla/5.0 (compatible; AhrefsBot/7.0; +http://ahrefs.com/robot/)" "www.linassoc.com"
51.222.253.18 - - [20/Sep/2022:03:39:16 -0700] "GET / HTTP/1.1" 200 779 "-" "Mozilla/5.0 (compatible; AhrefsBot/7.0; +http://ahrefs.com/robot/)" "www.linassoc.com"
154.54.249.194 - - [20/Sep/2022:03:40:59 -0700] "GET /contact062605_files/?C=N;O=D HTTP/1.1" 200 455 "-" "Mozilla/5.0 (compatible; Barkrowler/0.9; +https://babbar.tech/crawler)" "www.linassoc.com"
35.185.27.93 - - [20/Sep/2022:03:49:21 -0700] "GET /robots.txt HTTP/1.1" 404 88 "-" "ZoominfoBot (zoominfobot at zoominfo dot com)" "linassoc.com"
35.185.27.93 - - [20/Sep/2022:03:49:21 -0700] "GET / HTTP/1.1" 200 779 "-" "ZoominfoBot (zoominfobot at zoominfo dot com)" "linassoc.com"
216.244.66.245 - - [20/Sep/2022:03:49:40 -0700] "GET /robots.txt HTTP/1.1" 404 73 "-" "Mozilla/5.0 (compatible; DotBot/1.2; +https://opensiteexplorer.org/dotbot; help@moz.com)" "linassoc.com"
216.244.66.245 - - [20/Sep/2022:03:49:40 -0700] "GET /robots.txt HTTP/1.1" 404 73 "-" "Mozilla/5.0 (compatible; DotBot/1.2; +https://opensiteexplorer.org/dotbot; help@moz.com)" "www.linassoc.com"
216.244.66.245 - - [20/Sep/2022:04:40:48 -0700] "GET /robots.txt HTTP/1.1" 404 73 "-" "Mozilla/5.0 (compatible; DotBot/1.2; +https://opensiteexplorer.org/dotbot; help@moz.com)" "linassoc.com"
216.244.66.245 - - [20/Sep/2022:04:40:48 -0700] "GET /robots.txt HTTP/1.1" 404 73 "-" "Mozilla/5.0 (compatible; DotBot/1.2; +https://opensiteexplorer.org/dotbot; help@moz.com)" "www.linassoc.com"
61.135.159.123 - - [20/Sep/2022:04:47:39 -0700] "GET / HTTP/1.1" 200 779 "-" "Sogou web spider/4.0(+http://www.sogou.com/docs/help/webmasters.htm#07)" "linassoc.com"
154.54.249.194 - - [20/Sep/2022:05:04:14 -0700] "GET /_derived/?C=D;O=A HTTP/1.1" 200 314 "-" "Mozilla/5.0 (compatible; Barkrowler/0.9; +https://babbar.tech/crawler)" "www.linassoc.com"
114.119.128.127 - - [20/Sep/2022:05:16:54 -0700] "GET /robots.txt HTTP/1.1" 404 88 "-" "Mozilla/5.0 (compatible;PetalBot;+https://webmaster.petalsearch.com/site/petalbot)" "linassoc.com"
